{"id":1431,"date":"2019-06-28T13:27:16","date_gmt":"2019-06-28T11:27:16","guid":{"rendered":"https:\/\/instytutpolski.pl\/pekin\/?page_id=1431"},"modified":"2020-05-29T13:04:03","modified_gmt":"2020-05-29T11:04:03","slug":"kultura-w-polsce","status":"publish","type":"page","link":"https:\/\/instytutpolski.pl\/beijing\/pl\/poznaj-polske\/kultura-w-polsce\/","title":{"rendered":"Kultura w Polsce"},"content":{"rendered":"<p style=\"text-align: justify\">W trakcie ponad 1000-letniej historii Polski, kolejne pokolenia wykszta\u0142ci\u0142y i piel\u0119gnowa\u0142y z\u0142o\u017con\u0105 tradycj\u0119 kulturow\u0105, kt\u00f3ra stanowi istot\u0119 naszej to\u017csamo\u015bci narodowej. W tradycji tej nie brakuje wp\u0142yw\u00f3w okolicznych lud\u00f3w s\u0142owia\u0144skich czy germa\u0144skich, ale tak\u017ce szeroko poj\u0119tych inspiracji \u015br\u00f3dziemnomorskich, zachodnioeuropejskich czy nawet blisko- i dalekowschodnich. Od pocz\u0105tk\u00f3w istnienia pa\u0144stwa polskiego, tj. od przyj\u0119cia chrztu przez Polsk\u0119 w 966 roku, szczeg\u00f3ln\u0105 rol\u0119 w polskiej tradycji kulturowej odgrywa religia rzymskokatolicka. Olbrzymi wp\u0142yw na mozaik\u0119 polskiej kultury mia\u0142y r\u00f3wnie\u017c grupy etniczne zamieszkuj\u0105ce nasz kraj \u2013 \u017bydzi, Tatarzy czy Kaszubi.<\/p>\n<p style=\"text-align: justify\">Polacy jak ka\u017cda inna nacja na ziemi uwielbiaj\u0105 \u015bwi\u0119towa\u0107 \u2013 a okazji ku temu nie brakuje. W Polsce obchodzi si\u0119 zar\u00f3wno \u015bwi\u0119ta religijne, jak Bo\u017ce Narodzenie (25 grudnia), kt\u00f3re Polacy obchodz\u0105 nie mniej hucznie ni\u017c w Chinach obchodzi si\u0119 Chi\u0144ski Nowy Rok, Wielkanoc (\u015bwi\u0119to ruchome) czy Bo\u017ce Cia\u0142o (\u015bwi\u0119to ruchome), jak i uroczysto\u015bci pa\u0144stwowe, m.in. obchodzone 11 listopada \u015awi\u0119to Niepodleg\u0142o\u015bci, \u015awi\u0119to Pracy (1 maja) czy rocznic\u0119 uchwalenia Konstytucji 3 maja \u2013 pierwszego tego typu dokumentu w ca\u0142ej Europie. Nie mo\u017cemy zapomina\u0107 tak\u017ce o Andrzejkowych wr\u00f3\u017cbach z gor\u0105cego wosku i topieniu Marzanny pierwszego dnia wiosny.<\/p>\n<p style=\"text-align: justify\">Dzi\u0119ki zdobywcom literackiego Nobla, m.in. Wis\u0142awie Szymborskiej, Czes\u0142awowi Mi\u0142oszowi i Oldze Tokarczuk, Polska zyska\u0142a reputacj\u0119 kraju poet\u00f3w i pisarzy. Polakiem by\u0142 tak\u017ce s\u0142ynny na \u015bwiecie pisarz Joseph Conrad. Szczeg\u00f3lne zainteresowanie jakim Chi\u0144czycy darz\u0105 polsk\u0105 literatur\u0119 zawdzi\u0119czamy postaci Lu Xuna, kt\u00f3ry w jednym ze swoich najwa\u017cniejszych dzie\u0142 &#8211; <em>O sile poezji demonicznej<\/em>, po raz pierwszy przedstawi\u0142 chi\u0144skim czytelnikom polskich pisarzy romantyzmu: Adama Mickiewicza, Juliusza S\u0142owackiego i Zygmunta Krasi\u0144skiego, samemu zajmuj\u0105c si\u0119 t\u0142umaczeniem literatury polskiej na j\u0119zyk chi\u0144ski. Dzisiaj, dzi\u0119ki zaanga\u017cowaniu kolejnych pokole\u0144 t\u0142umaczy, chi\u0144scy czytelnicy mog\u0105 zapozna\u0107 si\u0119 z ca\u0142\u0105 gam\u0105 literatury polskiej, od reporta\u017cy Kapu\u015bci\u0144skiego, przez fantastyczny \u015bwiat <em>Wied\u017amina<\/em>, Andrzeja Sapkowskiego, a\u017c po futurystyczne wizje Stanis\u0142awa Lema.<\/p>\n<p style=\"text-align: justify\">To w Polsce urodzi\u0142 si\u0119 jeden z najwi\u0119kszych kompozytor\u00f3w i pianist\u00f3w Fryderyk Chopin. Jego muzyce po\u015bwi\u0119cony jest jeden z najwa\u017cniejszych na \u015bwiecie konkurs\u00f3w muzycznych \u2013 Mi\u0119dzynarodowy Konkurs Pianistyczny im. Fryderyka Chopina, odbywaj\u0105cy si\u0119 w Warszawie co pi\u0119\u0107 lat, ju\u017c od 1927 roku. Polakiem by\u0142 tak\u017ce Krzysztof Penderecki, wybitny kompozytor, czterokrotny zdobywca Nagrody Grammy, ale tak\u017ce kompozytorzy tacy jak Henryk Wieniawski, Stanis\u0142aw Moniuszko, W\u0142adys\u0142aw Szpilman czy Karol Szymanowski. Polscy muzycy wyst\u0119puj\u0105 w najwi\u0119kszych salach koncertowych na ca\u0142ym \u015bwiecie \u2013 w tym tak\u017ce w Chinach, gdzie nie brakuje wyst\u0119p\u00f3w polskich muzyk\u00f3w klasycznych czy jazzowych, kt\u00f3rzy corocznie odwiedzaj\u0105 Chiny w ramach projektu Jazz Po Polsku.<\/p>\n<p style=\"text-align: justify\">Niekt\u00f3rzy twierdz\u0105, \u017ce \u201ekino kocha Polsk\u0119\u201d i jest w tym stwierdzeniu wi\u0119cej ni\u017c ziarnko prawdy \u2013 tzw. polska szko\u0142a kinematografii kszta\u0142ci\u0142a kolejne pokolenia wielkich filmowc\u00f3w, w tym re\u017cyser\u00f3w, scenarzyst\u00f3w i realizator\u00f3w obrazu. Wystarczy przywo\u0142a\u0107 takie postaci jak Andrzej Wajda, zdobywca presti\u017cowych nagr\u00f3d filmowych, w tym Oscara za ca\u0142okszta\u0142t tw\u00f3rczo\u015bci, oraz Krzysztof Kie\u015blowski, ceniony na arenie mi\u0119dzynarodowej za <em>Dekalog\u00a0<\/em>(1989), <em>Podw\u00f3jne \u017bycie Weroniki\u00a0<\/em>(1991) czy swoje najs\u0142ynniejsze dzie\u0142o <em>Trzy kolory\u00a0<\/em>(1993-1994). Janusz Kami\u0144ski, S\u0142awomir Idziak czy Piotr Soboci\u0144ski \u00a0to tylko niekt\u00f3rzy z przedstawicieli szczeg\u00f3lnie uznanej na \u015bwiecie polskiej szko\u0142y realizacji obrazu. Krzysztof Piesiewicz, scenarzysta film\u00f3w Kie\u015blowskiego, nominowany do Oskara w kategorii \u201enajlepszy scenariusz oryginalny\u201d, niejednokrotnie go\u015bci\u0142 w Chinach, prowadz\u0105c warsztaty scenopisarskie i spotykaj\u0105c si\u0119 z chi\u0144sk\u0105 publiczno\u015bci\u0105 film\u00f3w Kie\u015blowskiego. Chi\u0144czykom nie obce s\u0105 tak\u017ce najnowsze polskie produkcje filmowe, m.in. realizowany we wsp\u00f3\u0142pracy z Wielk\u0105 Brytani\u0105 <em>Loving Vincent\u00a0<\/em>w re\u017cyserii Doroty Kobieli i Hugh Welchmana, czy <em>Zimna Wojna\u00a0<\/em>w re\u017cyserii Paw\u0142a Pawlikowskiego. Obydwie te produkcje otrzyma\u0142y szereg nagr\u00f3d i wyr\u00f3\u017cnie\u0144, w tym nominacje do Oskara.<\/p>\n<p style=\"text-align: justify\">Mi\u0142o\u015bnicy teatru na ca\u0142ym \u015bwiecie znaj\u0105 Polsk\u0119 z metody Grotowskiego i \u201eteatru \u015bmierci\u201d Kantora. Produkcje wsp\u00f3\u0142czesnych wielkich polskich re\u017cyser\u00f3w teatralnych takich jak m.in. Grzegorz Jarzyna, Krzysztof Warlikowski, Jan Klata czy Krystian Lupa by\u0142y wielokrotnie wystawiane na deskach chi\u0144skich teatr\u00f3w. Krystian Lupa oraz Grzegorz Jarzyna podj\u0119li si\u0119 nawet realizacji sztuk z miejscowymi aktorami. Lupa wyre\u017cyserowa\u0142 sztuk\u0119 <em>Mo Fei\u00a0<\/em>napisan\u0105 na podstawie opowiadania Shi Tieshenga pod tym samym tytu\u0142em. Natomiast Jarzyna, na podstawie opowiadania Lu Xuna stworzy\u0142 spektakl <em>Dwa Miecze<\/em>. Obie produkcje spotka\u0142y si\u0119 z gor\u0105cym przyj\u0119ciem widz\u00f3w i krytyk\u00f3w zdobywaj\u0105c wiele nagr\u00f3d.<\/p>\n<p style=\"text-align: justify\">W\u015br\u00f3d m\u0142odych ludzi Polska s\u0142ynie tak\u017ce, a by\u0107 mo\u017ce przede wszystkim, za spraw\u0105 polskich gier wideo, kt\u00f3re ciesz\u0105 si\u0119 olbrzymi\u0105 popularno\u015bci\u0105 nie tylko w Chinach ale i na ca\u0142ym \u015bwiecie. Miliony graczy przemierza\u0142o wied\u017ami\u0144skie uniwersum wsp\u00f3lnie z Geraltem z Rivii w serii gier studia CD Projekt RED, chowa\u0142o si\u0119 przed mro\u017anymi wichrami w miastach <em>Frostpunka<\/em>czy ucieka\u0142o przed zombie nawiedzaj\u0105cymi miasto Harran w grze <em>Dying Light\u00a0<\/em>od Techlandu. W grudniu 2019 roku, chi\u0144scy mi\u0142o\u015bnicy gier mieli tak\u017ce niepowtarzaln\u0105 okazj\u0119 by uczestniczy\u0107 na \u017cywo w najwi\u0119kszym projekcie Instytutu Polskiego w Pekinie \u2013 koncercie muzyki z polskich gier wideo: Polish Games \u2013 Creative Poland: The Concert.<\/p>\n<p style=\"text-align: justify\">Zach\u0119camy ka\u017cdego by bli\u017cej pozna\u0107 polsk\u0105 kultur\u0119 i bogactwo jej wielopokoleniowej tradycji \u2013 tak w Polsce jak i w Chinach, gdzie okazji do spotkania z polsk\u0105 kultur\u0105 na pewno nie zabraknie.<\/p>\n","protected":false},"excerpt":{"rendered":"<p>W trakcie ponad 1000-letniej historii Polski, kolejne pokolenia wykszta\u0142ci\u0142y i piel\u0119gnowa\u0142y z\u0142o\u017con\u0105 tradycj\u0119 kulturow\u0105, kt\u00f3ra stanowi istot\u0119 naszej to\u017csamo\u015bci narodowej. W tradycji tej nie brakuje wp\u0142yw\u00f3w okolicznych lud\u00f3w s\u0142owia\u0144skich czy germa\u0144skich, ale tak\u017ce szeroko poj\u0119tych inspiracji \u015br\u00f3dziemnomorskich, zachodnioeuropejskich czy nawet blisko- i dalekowschodnich. Od pocz\u0105tk\u00f3w istnienia pa\u0144stwa polskiego, tj. od przyj\u0119cia chrztu przez Polsk\u0119 w [&hellip;]<\/p>\n","protected":false},"author":1,"featured_media":1432,"parent":1389,"menu_order":0,"comment_status":"closed","ping_status":"closed","template":"","meta":{"inline_featured_image":false,"_monsterinsights_skip_tracking":false,"_monsterinsights_sitenote_active":false,"_monsterinsights_sitenote_note":"","_monsterinsights_sitenote_category":0,"footnotes":""},"class_list":["post-1431","page","type-page","status-publish","has-post-thumbnail","hentry"],"yoast_head":"<!-- This site is optimized with the Yoast SEO plugin v24.6 - https:\/\/yoast.com\/wordpress\/plugins\/seo\/ -->\n<title>Kultura w Polsce - Instytut Polski w Pekinie<\/title>\n<meta name=\"robots\" content=\"index, follow, max-snippet:-1, max-image-preview:large, max-video-preview:-1\" \/>\n<link rel=\"canonical\" href=\"https:\/\/instytutpolski.pl\/beijing\/pl\/poznaj-polske\/kultura-w-polsce\/\" \/>\n<meta property=\"og:locale\" content=\"pl_PL\" \/>\n<meta property=\"og:type\" content=\"article\" \/>\n<meta property=\"og:title\" content=\"Kultura w Polsce - Instytut Polski w Pekinie\" \/>\n<meta property=\"og:description\" content=\"W trakcie ponad 1000-letniej historii Polski, kolejne pokolenia wykszta\u0142ci\u0142y i piel\u0119gnowa\u0142y z\u0142o\u017con\u0105 tradycj\u0119 kulturow\u0105, kt\u00f3ra stanowi istot\u0119 naszej to\u017csamo\u015bci narodowej. W tradycji tej nie brakuje wp\u0142yw\u00f3w okolicznych lud\u00f3w s\u0142owia\u0144skich czy germa\u0144skich, ale tak\u017ce szeroko poj\u0119tych inspiracji \u015br\u00f3dziemnomorskich, zachodnioeuropejskich czy nawet blisko- i dalekowschodnich. Od pocz\u0105tk\u00f3w istnienia pa\u0144stwa polskiego, tj. od przyj\u0119cia chrztu przez Polsk\u0119 w [&hellip;]\" \/>\n<meta property=\"og:url\" content=\"https:\/\/instytutpolski.pl\/beijing\/pl\/poznaj-polske\/kultura-w-polsce\/\" \/>\n<meta property=\"og:site_name\" content=\"Instytut Polski w Pekinie\" \/>\n<meta property=\"article:modified_time\" content=\"2020-05-29T11:04:03+00:00\" \/>\n<meta property=\"og:image\" content=\"https:\/\/instytutpolski.pl\/beijing\/wp-content\/uploads\/sites\/12\/2019\/06\/kultura-w-polsce.jpg\" \/>\n\t<meta property=\"og:image:width\" content=\"1920\" \/>\n\t<meta property=\"og:image:height\" content=\"700\" \/>\n\t<meta property=\"og:image:type\" content=\"image\/jpeg\" \/>\n<meta name=\"twitter:card\" content=\"summary_large_image\" \/>\n<meta name=\"twitter:label1\" content=\"Szacowany czas czytania\" \/>\n\t<meta name=\"twitter:data1\" content=\"5 minut\" \/>\n<script type=\"application\/ld+json\" class=\"yoast-schema-graph\">{\"@context\":\"https:\/\/schema.org\",\"@graph\":[{\"@type\":\"WebPage\",\"@id\":\"https:\/\/instytutpolski.pl\/beijing\/pl\/poznaj-polske\/kultura-w-polsce\/\",\"url\":\"https:\/\/instytutpolski.pl\/beijing\/pl\/poznaj-polske\/kultura-w-polsce\/\",\"name\":\"Kultura w Polsce - Instytut Polski w Pekinie\",\"isPartOf\":{\"@id\":\"https:\/\/instytutpolski.pl\/beijing\/#website\"},\"primaryImageOfPage\":{\"@id\":\"https:\/\/instytutpolski.pl\/beijing\/pl\/poznaj-polske\/kultura-w-polsce\/#primaryimage\"},\"image\":{\"@id\":\"https:\/\/instytutpolski.pl\/beijing\/pl\/poznaj-polske\/kultura-w-polsce\/#primaryimage\"},\"thumbnailUrl\":\"https:\/\/instytutpolski.pl\/beijing\/wp-content\/uploads\/sites\/12\/2019\/06\/kultura-w-polsce.jpg\",\"datePublished\":\"2019-06-28T11:27:16+00:00\",\"dateModified\":\"2020-05-29T11:04:03+00:00\",\"breadcrumb\":{\"@id\":\"https:\/\/instytutpolski.pl\/beijing\/pl\/poznaj-polske\/kultura-w-polsce\/#breadcrumb\"},\"inLanguage\":\"pl-PL\",\"potentialAction\":[{\"@type\":\"ReadAction\",\"target\":[\"https:\/\/instytutpolski.pl\/beijing\/pl\/poznaj-polske\/kultura-w-polsce\/\"]}]},{\"@type\":\"ImageObject\",\"inLanguage\":\"pl-PL\",\"@id\":\"https:\/\/instytutpolski.pl\/beijing\/pl\/poznaj-polske\/kultura-w-polsce\/#primaryimage\",\"url\":\"https:\/\/instytutpolski.pl\/beijing\/wp-content\/uploads\/sites\/12\/2019\/06\/kultura-w-polsce.jpg\",\"contentUrl\":\"https:\/\/instytutpolski.pl\/beijing\/wp-content\/uploads\/sites\/12\/2019\/06\/kultura-w-polsce.jpg\",\"width\":1920,\"height\":700},{\"@type\":\"BreadcrumbList\",\"@id\":\"https:\/\/instytutpolski.pl\/beijing\/pl\/poznaj-polske\/kultura-w-polsce\/#breadcrumb\",\"itemListElement\":[{\"@type\":\"ListItem\",\"position\":1,\"name\":\"Home\",\"item\":\"https:\/\/instytutpolski.pl\/beijing\/\"},{\"@type\":\"ListItem\",\"position\":2,\"name\":\"Poznaj Polsk\u0119\",\"item\":\"https:\/\/instytutpolski.pl\/beijing\/pl\/poznaj-polske\/\"},{\"@type\":\"ListItem\",\"position\":3,\"name\":\"Kultura w Polsce\"}]},{\"@type\":\"WebSite\",\"@id\":\"https:\/\/instytutpolski.pl\/beijing\/#website\",\"url\":\"https:\/\/instytutpolski.pl\/beijing\/\",\"name\":\"Instytut Polski w Pekinie\",\"description\":\"Instytuty Polskie\",\"potentialAction\":[{\"@type\":\"SearchAction\",\"target\":{\"@type\":\"EntryPoint\",\"urlTemplate\":\"https:\/\/instytutpolski.pl\/beijing\/?s={search_term_string}\"},\"query-input\":{\"@type\":\"PropertyValueSpecification\",\"valueRequired\":true,\"valueName\":\"search_term_string\"}}],\"inLanguage\":\"pl-PL\"}]}<\/script>\n<!-- \/ Yoast SEO plugin. -->","yoast_head_json":{"title":"Kultura w Polsce - Instytut Polski w Pekinie","robots":{"index":"index","follow":"follow","max-snippet":"max-snippet:-1","max-image-preview":"max-image-preview:large","max-video-preview":"max-video-preview:-1"},"canonical":"https:\/\/instytutpolski.pl\/beijing\/pl\/poznaj-polske\/kultura-w-polsce\/","og_locale":"pl_PL","og_type":"article","og_title":"Kultura w Polsce - Instytut Polski w Pekinie","og_description":"W trakcie ponad 1000-letniej historii Polski, kolejne pokolenia wykszta\u0142ci\u0142y i piel\u0119gnowa\u0142y z\u0142o\u017con\u0105 tradycj\u0119 kulturow\u0105, kt\u00f3ra stanowi istot\u0119 naszej to\u017csamo\u015bci narodowej. W tradycji tej nie brakuje wp\u0142yw\u00f3w okolicznych lud\u00f3w s\u0142owia\u0144skich czy germa\u0144skich, ale tak\u017ce szeroko poj\u0119tych inspiracji \u015br\u00f3dziemnomorskich, zachodnioeuropejskich czy nawet blisko- i dalekowschodnich. Od pocz\u0105tk\u00f3w istnienia pa\u0144stwa polskiego, tj. od przyj\u0119cia chrztu przez Polsk\u0119 w [&hellip;]","og_url":"https:\/\/instytutpolski.pl\/beijing\/pl\/poznaj-polske\/kultura-w-polsce\/","og_site_name":"Instytut Polski w Pekinie","article_modified_time":"2020-05-29T11:04:03+00:00","og_image":[{"width":1920,"height":700,"url":"https:\/\/instytutpolski.pl\/beijing\/wp-content\/uploads\/sites\/12\/2019\/06\/kultura-w-polsce.jpg","type":"image\/jpeg"}],"twitter_card":"summary_large_image","twitter_misc":{"Szacowany czas czytania":"5 minut"},"schema":{"@context":"https:\/\/schema.org","@graph":[{"@type":"WebPage","@id":"https:\/\/instytutpolski.pl\/beijing\/pl\/poznaj-polske\/kultura-w-polsce\/","url":"https:\/\/instytutpolski.pl\/beijing\/pl\/poznaj-polske\/kultura-w-polsce\/","name":"Kultura w Polsce - Instytut Polski w Pekinie","isPartOf":{"@id":"https:\/\/instytutpolski.pl\/beijing\/#website"},"primaryImageOfPage":{"@id":"https:\/\/instytutpolski.pl\/beijing\/pl\/poznaj-polske\/kultura-w-polsce\/#primaryimage"},"image":{"@id":"https:\/\/instytutpolski.pl\/beijing\/pl\/poznaj-polske\/kultura-w-polsce\/#primaryimage"},"thumbnailUrl":"https:\/\/instytutpolski.pl\/beijing\/wp-content\/uploads\/sites\/12\/2019\/06\/kultura-w-polsce.jpg","datePublished":"2019-06-28T11:27:16+00:00","dateModified":"2020-05-29T11:04:03+00:00","breadcrumb":{"@id":"https:\/\/instytutpolski.pl\/beijing\/pl\/poznaj-polske\/kultura-w-polsce\/#breadcrumb"},"inLanguage":"pl-PL","potentialAction":[{"@type":"ReadAction","target":["https:\/\/instytutpolski.pl\/beijing\/pl\/poznaj-polske\/kultura-w-polsce\/"]}]},{"@type":"ImageObject","inLanguage":"pl-PL","@id":"https:\/\/instytutpolski.pl\/beijing\/pl\/poznaj-polske\/kultura-w-polsce\/#primaryimage","url":"https:\/\/instytutpolski.pl\/beijing\/wp-content\/uploads\/sites\/12\/2019\/06\/kultura-w-polsce.jpg","contentUrl":"https:\/\/instytutpolski.pl\/beijing\/wp-content\/uploads\/sites\/12\/2019\/06\/kultura-w-polsce.jpg","width":1920,"height":700},{"@type":"BreadcrumbList","@id":"https:\/\/instytutpolski.pl\/beijing\/pl\/poznaj-polske\/kultura-w-polsce\/#breadcrumb","itemListElement":[{"@type":"ListItem","position":1,"name":"Home","item":"https:\/\/instytutpolski.pl\/beijing\/"},{"@type":"ListItem","position":2,"name":"Poznaj Polsk\u0119","item":"https:\/\/instytutpolski.pl\/beijing\/pl\/poznaj-polske\/"},{"@type":"ListItem","position":3,"name":"Kultura w Polsce"}]},{"@type":"WebSite","@id":"https:\/\/instytutpolski.pl\/beijing\/#website","url":"https:\/\/instytutpolski.pl\/beijing\/","name":"Instytut Polski w Pekinie","description":"Instytuty Polskie","potentialAction":[{"@type":"SearchAction","target":{"@type":"EntryPoint","urlTemplate":"https:\/\/instytutpolski.pl\/beijing\/?s={search_term_string}"},"query-input":{"@type":"PropertyValueSpecification","valueRequired":true,"valueName":"search_term_string"}}],"inLanguage":"pl-PL"}]}},"_links":{"self":[{"href":"https:\/\/instytutpolski.pl\/beijing\/wp-json\/wp\/v2\/pages\/1431","targetHints":{"allow":["GET"]}}],"collection":[{"href":"https:\/\/instytutpolski.pl\/beijing\/wp-json\/wp\/v2\/pages"}],"about":[{"href":"https:\/\/instytutpolski.pl\/beijing\/wp-json\/wp\/v2\/types\/page"}],"author":[{"embeddable":true,"href":"https:\/\/instytutpolski.pl\/beijing\/wp-json\/wp\/v2\/users\/1"}],"replies":[{"embeddable":true,"href":"https:\/\/instytutpolski.pl\/beijing\/wp-json\/wp\/v2\/comments?post=1431"}],"version-history":[{"count":6,"href":"https:\/\/instytutpolski.pl\/beijing\/wp-json\/wp\/v2\/pages\/1431\/revisions"}],"predecessor-version":[{"id":3117,"href":"https:\/\/instytutpolski.pl\/beijing\/wp-json\/wp\/v2\/pages\/1431\/revisions\/3117"}],"up":[{"embeddable":true,"href":"https:\/\/instytutpolski.pl\/beijing\/wp-json\/wp\/v2\/pages\/1389"}],"wp:featuredmedia":[{"embeddable":true,"href":"https:\/\/instytutpolski.pl\/beijing\/wp-json\/wp\/v2\/media\/1432"}],"wp:attachment":[{"href":"https:\/\/instytutpolski.pl\/beijing\/wp-json\/wp\/v2\/media?parent=1431"}],"curies":[{"name":"wp","href":"https:\/\/api.w.org\/{rel}","templated":true}]}}