{"id":1576,"date":"2019-06-28T14:01:18","date_gmt":"2019-06-28T12:01:18","guid":{"rendered":"https:\/\/instytutpolski.pl\/pekin\/?page_id=1576"},"modified":"2026-03-10T04:26:18","modified_gmt":"2026-03-10T03:26:18","slug":"praktyki","status":"publish","type":"page","link":"https:\/\/instytutpolski.pl\/beijing\/pl\/o-instytucie-polskim\/praktyki\/","title":{"rendered":"Praktyki, sta\u017c i wolontariat"},"content":{"rendered":"\n<p>Zapraszamy do wzi\u0119cia udzia\u0142u w bezp\u0142atnych praktykach studenckich, absolwenckich, sta\u017cu lub wolontariacie.<\/p>\n\n\n\n<p><strong>Co zyskasz do\u0142\u0105czaj\u0105c do naszego zespo\u0142u<\/strong><strong>?<\/strong><strong><\/strong><\/p>\n\n\n\n<p>Praktyki, wolontariat lub sta\u017c w naszym Instytucie daj\u0105 szans\u0119 na zdobycie do\u015bwiadczenia w obszarze mi\u0119dzynarodowej wsp\u00f3\u0142pracy, promocji kultury polskiej oraz zarz\u0105dzania projektami na rynku chi\u0144skim.<\/p>\n\n\n\n<p><strong>Poprzez powierzone zadania: <\/strong><strong><\/strong><\/p>\n\n\n\n<p>\u00a0\u00a0\u00a0\u00a0\u00a0\u00a0\u00a0\u00a0\u00a0\u00a0\u00a0 \u2022\u00a0\u00a0\u00a0\u00a0\u00a0\u00a0\u00a0\u00a0\u00a0 <strong>poznasz chi\u0144ski sektor kultury<\/strong> \u2013 zrozumiesz zainteresowania i preferencje chi\u0144skich odbiorc\u00f3w, b\u0119dziesz uczestniczy\u0107 w rozpoznaniu trend\u00f3w i dzia\u0142a\u0144 na rynku chi\u0144skim<\/p>\n\n\n\n<p>\u00a0\u00a0\u00a0\u00a0\u00a0\u00a0\u00a0\u00a0\u00a0\u00a0\u00a0 \u2022\u00a0\u00a0\u00a0\u00a0\u00a0\u00a0\u00a0\u00a0\u00a0 <strong>nauczysz si\u0119 budowa\u0107 mi\u0119dzynarodowe relacje<\/strong> \u2013 poprzez aktywny udzia\u0142 w nawi\u0105zywaniu i utrzymywaniu wsp\u00f3\u0142pracy z partnerami z Polski i zagranicy<\/p>\n\n\n\n<p>\u00a0\u00a0\u00a0\u00a0\u00a0\u00a0\u00a0\u00a0\u00a0\u00a0\u00a0 \u2022\u00a0\u00a0\u00a0\u00a0\u00a0\u00a0\u00a0\u00a0\u00a0 <strong>b\u0119dziesz z nami uczestniczy\u0107 w organizacji wydarze\u0144 kulturalnych<\/strong> \u2013\u00a0 w tym wystaw, konferencji i innych projekt\u00f3w promuj\u0105cych Polsk\u0119 w Chinach<\/p>\n\n\n\n<p>\u00a0\u00a0\u00a0\u00a0\u00a0\u00a0\u00a0\u00a0\u00a0\u00a0\u00a0 \u2022\u00a0\u00a0\u00a0\u00a0\u00a0\u00a0\u00a0\u00a0\u00a0 <strong>rozwiniesz swoje umiej\u0119tno\u015bci komunikacyjne <\/strong>\u2013 praca w mi\u0119dzynarodowym zespole sprzyja budowaniu zdolno\u015bci komunikacji w j\u0119zyku angielskim i chi\u0144skim; dodatkowo wsp\u00f3\u0142tworzenie materia\u0142\u00f3w promuj\u0105cych projekty da ci rozpoznanie w zakresie chi\u0144skich medi\u00f3w spo\u0142eczno\u015bciowych<\/p>\n\n\n\n<p>&nbsp;&nbsp;&nbsp;&nbsp;&nbsp;&nbsp;&nbsp;&nbsp;&nbsp;&nbsp;&nbsp; \u2022&nbsp;&nbsp;&nbsp;&nbsp;&nbsp;&nbsp;&nbsp;&nbsp;&nbsp; <strong>zdob\u0119dziesz do\u015bwiadczenie w zakresie t\u0142umacze\u0144 i pracy z dokumentami<\/strong> \u2013 zyskasz praktyczne umiej\u0119tno\u015bci w t\u0142umaczeniu tekst\u00f3w i dokument\u00f3w z\/na j\u0119zyk chi\u0144ski.<\/p>\n\n\n\n<p><strong>Zakwaterowanie<\/strong><\/p>\n\n\n\n<p>W trakcie praktyk \u2013 w miar\u0119 dost\u0119pno\u015bci \u2013 istnieje mo\u017cliwo\u015b\u0107 skorzystania z bezp\u0142atnego zakwaterowania na terenie Ambasady RP w Pekinie.<\/p>\n\n\n\n<p><strong>Zapraszamy osob\u0119<\/strong><strong>, kt\u00f3ra:<\/strong><strong><\/strong><\/p>\n\n\n\n<p>\u00a0\u00a0\u00a0\u00a0\u00a0\u00a0\u00a0\u00a0\u00a0\u00a0\u00a0 \u2022\u00a0\u00a0\u00a0\u00a0\u00a0\u00a0\u00a0\u00a0\u00a0 ma bardzo dobr\u0105 znajomo\u015b\u0107 j\u0119zyka angielskiego (C1) oraz komunikatywn\u0105 znajomo\u015b\u0107 j\u0119zyka chi\u0144skiego (HSK 5)<\/p>\n\n\n\n<p>\u00a0\u00a0\u00a0\u00a0\u00a0\u00a0\u00a0\u00a0\u00a0\u00a0\u00a0 \u2022\u00a0\u00a0\u00a0\u00a0\u00a0\u00a0\u00a0\u00a0\u00a0 uwa\u017ca si\u0119 za osob\u0119 otwart\u0105 na nowe wyzwania i gotow\u0105 do pracy w dynamicznym, mi\u0119dzynarodowym zespole<\/p>\n\n\n\n<p>\u00a0\u00a0\u00a0\u00a0\u00a0\u00a0\u00a0\u00a0\u00a0\u00a0\u00a0 \u2022\u00a0\u00a0\u00a0\u00a0\u00a0\u00a0\u00a0\u00a0\u00a0 jest systematyczna, dok\u0142adna oraz samodzielna w realizacji powierzonych zada\u0144<\/p>\n\n\n\n<p>\u00a0\u00a0\u00a0\u00a0\u00a0\u00a0\u00a0\u00a0\u00a0\u00a0\u00a0 \u2022\u00a0\u00a0\u00a0\u00a0\u00a0\u00a0\u00a0\u00a0\u00a0 posiada praktyczn\u0105 znajomo\u015b\u0107 pakietu Office (Word, Excel) i ch\u0119tnie uczy si\u0119 nowych narz\u0119dzi.<\/p>\n\n\n\n<p><strong>Jak si\u0119 zg\u0142osi\u0107<\/strong><strong>?<\/strong><strong><\/strong><\/p>\n\n\n\n<p>Rekrutacja odbywa si\u0119 przez ca\u0142y rok, a procedura zg\u0142oszeniowa jest prosta.<\/p>\n\n\n\n<p><strong>Zg\u0142oszenie powinno zawiera\u0107 nast\u0119puj\u0105ce dokumenty:<\/strong><strong><\/strong><\/p>\n\n\n\n<p>&nbsp;&nbsp;&nbsp;&nbsp;&nbsp;&nbsp;&nbsp;&nbsp;&nbsp;&nbsp;&nbsp; 1.&nbsp;&nbsp;&nbsp;&nbsp;&nbsp;&nbsp;&nbsp;&nbsp; formularz zg\u0142oszenia<\/p>\n\n\n\n<p>&nbsp;&nbsp;&nbsp;&nbsp;&nbsp;&nbsp;&nbsp;&nbsp;&nbsp;&nbsp;&nbsp; 2.&nbsp;&nbsp;&nbsp;&nbsp;&nbsp;&nbsp;&nbsp;&nbsp; o\u015bwiadczenie o niekaralno\u015bci<\/p>\n\n\n\n<p>&nbsp;&nbsp;&nbsp;&nbsp;&nbsp;&nbsp;&nbsp;&nbsp;&nbsp;&nbsp;&nbsp; 3.&nbsp;&nbsp;&nbsp;&nbsp;&nbsp;&nbsp;&nbsp;&nbsp; o\u015bwiadczenie o zapoznaniu si\u0119 z regulaminem praktyk<\/p>\n\n\n\n<p>&nbsp;&nbsp;&nbsp;&nbsp;&nbsp;&nbsp;&nbsp;&nbsp;&nbsp;&nbsp;&nbsp; 4.&nbsp;&nbsp;&nbsp;&nbsp;&nbsp;&nbsp;&nbsp;&nbsp; o\u015bwiadczenie o wyra\u017ceniu zgody na przetwarzanie danych osobowych<\/p>\n\n\n\n<p>&nbsp;&nbsp;&nbsp;&nbsp;&nbsp;&nbsp;&nbsp;&nbsp;&nbsp;&nbsp;&nbsp; 5.&nbsp;&nbsp;&nbsp;&nbsp;&nbsp;&nbsp;&nbsp;&nbsp; skan paszportu (strona ze zdj\u0119ciem)<\/p>\n\n\n\n<p>\u00a0\u00a0\u00a0\u00a0\u00a0\u00a0\u00a0\u00a0\u00a0\u00a0\u00a0 6.\u00a0\u00a0\u00a0\u00a0\u00a0\u00a0\u00a0\u00a0 \u017cyciorys\/CV.<\/p>\n\n\n\n<p>Informacje, zasady oraz formularze dot. odbywania praktyk dost\u0119pne s\u0105 tak\u017ce na stronie internetowej <a href=\"https:\/\/www.gov.pl\/web\/dyplomacja\/praktyki-wolontariat-i-staz.\">Ministerstwa Spraw Zagranicznych<\/a>.<\/p>\n\n\n\n<p>Decyzj\u0119 o zakwalifikowaniu kandydat\u00f3w podejmuje Kierownik Plac\u00f3wki Zagranicznej.<\/p>\n\n\n\n<p><strong>Wszystkie dokumenty nale\u017cy przes\u0142a\u0107 na adres:<\/strong> <a href=\"mailto:pekin.ip.sekretariat@msz.gov.pl\">pekin.ip.sekretariat@msz.gov.pl<\/a>.<\/p>\n\n\n\n<p>Do\u0142\u0105cz do zespo\u0142u Instytutu, rozwijaj swoje umiej\u0119tno\u015bci i tw\u00f3rz z nami wyj\u0105tkowe przedsi\u0119wzi\u0119cia kulturalne w sercu Chin!<strong><\/strong><\/p>\n","protected":false},"excerpt":{"rendered":"<p>Zapraszamy do wzi\u0119cia udzia\u0142u w bezp\u0142atnych praktykach studenckich, absolwenckich, sta\u017cu lub wolontariacie. Co zyskasz do\u0142\u0105czaj\u0105c do naszego zespo\u0142u? Praktyki, wolontariat lub sta\u017c w naszym Instytucie daj\u0105 szans\u0119 na zdobycie do\u015bwiadczenia w obszarze mi\u0119dzynarodowej wsp\u00f3\u0142pracy, promocji kultury polskiej oraz zarz\u0105dzania projektami na rynku chi\u0144skim. Poprzez powierzone zadania: \u00a0\u00a0\u00a0\u00a0\u00a0\u00a0\u00a0\u00a0\u00a0\u00a0\u00a0 \u2022\u00a0\u00a0\u00a0\u00a0\u00a0\u00a0\u00a0\u00a0\u00a0 poznasz chi\u0144ski sektor kultury \u2013 zrozumiesz zainteresowania [&hellip;]<\/p>\n","protected":false},"author":1,"featured_media":3184,"parent":1548,"menu_order":0,"comment_status":"closed","ping_status":"closed","template":"","meta":{"inline_featured_image":false,"_monsterinsights_skip_tracking":false,"_monsterinsights_sitenote_active":false,"_monsterinsights_sitenote_note":"","_monsterinsights_sitenote_category":0,"footnotes":""},"class_list":["post-1576","page","type-page","status-publish","has-post-thumbnail","hentry"],"yoast_head":"<!-- This site is optimized with the Yoast SEO plugin v24.6 - https:\/\/yoast.com\/wordpress\/plugins\/seo\/ -->\n<title>Praktyki, sta\u017c i wolontariat - Instytut Polski w Pekinie<\/title>\n<meta name=\"robots\" content=\"index, follow, max-snippet:-1, max-image-preview:large, max-video-preview:-1\" \/>\n<link rel=\"canonical\" href=\"https:\/\/instytutpolski.pl\/beijing\/pl\/o-instytucie-polskim\/praktyki\/\" \/>\n<meta property=\"og:locale\" content=\"pl_PL\" \/>\n<meta property=\"og:type\" content=\"article\" \/>\n<meta property=\"og:title\" content=\"Praktyki, sta\u017c i wolontariat - Instytut Polski w Pekinie\" \/>\n<meta property=\"og:description\" content=\"Zapraszamy do wzi\u0119cia udzia\u0142u w bezp\u0142atnych praktykach studenckich, absolwenckich, sta\u017cu lub wolontariacie. Co zyskasz do\u0142\u0105czaj\u0105c do naszego zespo\u0142u? Praktyki, wolontariat lub sta\u017c w naszym Instytucie daj\u0105 szans\u0119 na zdobycie do\u015bwiadczenia w obszarze mi\u0119dzynarodowej wsp\u00f3\u0142pracy, promocji kultury polskiej oraz zarz\u0105dzania projektami na rynku chi\u0144skim. Poprzez powierzone zadania: \u00a0\u00a0\u00a0\u00a0\u00a0\u00a0\u00a0\u00a0\u00a0\u00a0\u00a0 \u2022\u00a0\u00a0\u00a0\u00a0\u00a0\u00a0\u00a0\u00a0\u00a0 poznasz chi\u0144ski sektor kultury \u2013 zrozumiesz zainteresowania [&hellip;]\" \/>\n<meta property=\"og:url\" content=\"https:\/\/instytutpolski.pl\/beijing\/pl\/o-instytucie-polskim\/praktyki\/\" \/>\n<meta property=\"og:site_name\" content=\"Instytut Polski w Pekinie\" \/>\n<meta property=\"article:modified_time\" content=\"2026-03-10T03:26:18+00:00\" \/>\n<meta property=\"og:image\" content=\"https:\/\/instytutpolski.pl\/beijing\/wp-content\/uploads\/sites\/12\/2020\/06\/white-1.jpg\" \/>\n\t<meta property=\"og:image:width\" content=\"1920\" \/>\n\t<meta property=\"og:image:height\" content=\"500\" \/>\n\t<meta property=\"og:image:type\" content=\"image\/jpeg\" \/>\n<meta name=\"twitter:card\" content=\"summary_large_image\" \/>\n<meta name=\"twitter:label1\" content=\"Szacowany czas czytania\" \/>\n\t<meta name=\"twitter:data1\" content=\"3 minuty\" \/>\n<script type=\"application\/ld+json\" class=\"yoast-schema-graph\">{\"@context\":\"https:\/\/schema.org\",\"@graph\":[{\"@type\":\"WebPage\",\"@id\":\"https:\/\/instytutpolski.pl\/beijing\/pl\/o-instytucie-polskim\/praktyki\/\",\"url\":\"https:\/\/instytutpolski.pl\/beijing\/pl\/o-instytucie-polskim\/praktyki\/\",\"name\":\"Praktyki, sta\u017c i wolontariat - Instytut Polski w Pekinie\",\"isPartOf\":{\"@id\":\"https:\/\/instytutpolski.pl\/beijing\/#website\"},\"primaryImageOfPage\":{\"@id\":\"https:\/\/instytutpolski.pl\/beijing\/pl\/o-instytucie-polskim\/praktyki\/#primaryimage\"},\"image\":{\"@id\":\"https:\/\/instytutpolski.pl\/beijing\/pl\/o-instytucie-polskim\/praktyki\/#primaryimage\"},\"thumbnailUrl\":\"https:\/\/instytutpolski.pl\/beijing\/wp-content\/uploads\/sites\/12\/2020\/06\/white-1.jpg\",\"datePublished\":\"2019-06-28T12:01:18+00:00\",\"dateModified\":\"2026-03-10T03:26:18+00:00\",\"breadcrumb\":{\"@id\":\"https:\/\/instytutpolski.pl\/beijing\/pl\/o-instytucie-polskim\/praktyki\/#breadcrumb\"},\"inLanguage\":\"pl-PL\",\"potentialAction\":[{\"@type\":\"ReadAction\",\"target\":[\"https:\/\/instytutpolski.pl\/beijing\/pl\/o-instytucie-polskim\/praktyki\/\"]}]},{\"@type\":\"ImageObject\",\"inLanguage\":\"pl-PL\",\"@id\":\"https:\/\/instytutpolski.pl\/beijing\/pl\/o-instytucie-polskim\/praktyki\/#primaryimage\",\"url\":\"https:\/\/instytutpolski.pl\/beijing\/wp-content\/uploads\/sites\/12\/2020\/06\/white-1.jpg\",\"contentUrl\":\"https:\/\/instytutpolski.pl\/beijing\/wp-content\/uploads\/sites\/12\/2020\/06\/white-1.jpg\",\"width\":1920,\"height\":500},{\"@type\":\"BreadcrumbList\",\"@id\":\"https:\/\/instytutpolski.pl\/beijing\/pl\/o-instytucie-polskim\/praktyki\/#breadcrumb\",\"itemListElement\":[{\"@type\":\"ListItem\",\"position\":1,\"name\":\"Home\",\"item\":\"https:\/\/instytutpolski.pl\/beijing\/\"},{\"@type\":\"ListItem\",\"position\":2,\"name\":\"O Instytucie Polskim\",\"item\":\"https:\/\/instytutpolski.pl\/beijing\/pl\/o-instytucie-polskim\/\"},{\"@type\":\"ListItem\",\"position\":3,\"name\":\"Praktyki, sta\u017c i wolontariat\"}]},{\"@type\":\"WebSite\",\"@id\":\"https:\/\/instytutpolski.pl\/beijing\/#website\",\"url\":\"https:\/\/instytutpolski.pl\/beijing\/\",\"name\":\"Instytut Polski w Pekinie\",\"description\":\"Instytuty Polskie\",\"potentialAction\":[{\"@type\":\"SearchAction\",\"target\":{\"@type\":\"EntryPoint\",\"urlTemplate\":\"https:\/\/instytutpolski.pl\/beijing\/?s={search_term_string}\"},\"query-input\":{\"@type\":\"PropertyValueSpecification\",\"valueRequired\":true,\"valueName\":\"search_term_string\"}}],\"inLanguage\":\"pl-PL\"}]}<\/script>\n<!-- \/ Yoast SEO plugin. -->","yoast_head_json":{"title":"Praktyki, sta\u017c i wolontariat - Instytut Polski w Pekinie","robots":{"index":"index","follow":"follow","max-snippet":"max-snippet:-1","max-image-preview":"max-image-preview:large","max-video-preview":"max-video-preview:-1"},"canonical":"https:\/\/instytutpolski.pl\/beijing\/pl\/o-instytucie-polskim\/praktyki\/","og_locale":"pl_PL","og_type":"article","og_title":"Praktyki, sta\u017c i wolontariat - Instytut Polski w Pekinie","og_description":"Zapraszamy do wzi\u0119cia udzia\u0142u w bezp\u0142atnych praktykach studenckich, absolwenckich, sta\u017cu lub wolontariacie. Co zyskasz do\u0142\u0105czaj\u0105c do naszego zespo\u0142u? Praktyki, wolontariat lub sta\u017c w naszym Instytucie daj\u0105 szans\u0119 na zdobycie do\u015bwiadczenia w obszarze mi\u0119dzynarodowej wsp\u00f3\u0142pracy, promocji kultury polskiej oraz zarz\u0105dzania projektami na rynku chi\u0144skim. Poprzez powierzone zadania: \u00a0\u00a0\u00a0\u00a0\u00a0\u00a0\u00a0\u00a0\u00a0\u00a0\u00a0 \u2022\u00a0\u00a0\u00a0\u00a0\u00a0\u00a0\u00a0\u00a0\u00a0 poznasz chi\u0144ski sektor kultury \u2013 zrozumiesz zainteresowania [&hellip;]","og_url":"https:\/\/instytutpolski.pl\/beijing\/pl\/o-instytucie-polskim\/praktyki\/","og_site_name":"Instytut Polski w Pekinie","article_modified_time":"2026-03-10T03:26:18+00:00","og_image":[{"width":1920,"height":500,"url":"https:\/\/instytutpolski.pl\/beijing\/wp-content\/uploads\/sites\/12\/2020\/06\/white-1.jpg","type":"image\/jpeg"}],"twitter_card":"summary_large_image","twitter_misc":{"Szacowany czas czytania":"3 minuty"},"schema":{"@context":"https:\/\/schema.org","@graph":[{"@type":"WebPage","@id":"https:\/\/instytutpolski.pl\/beijing\/pl\/o-instytucie-polskim\/praktyki\/","url":"https:\/\/instytutpolski.pl\/beijing\/pl\/o-instytucie-polskim\/praktyki\/","name":"Praktyki, sta\u017c i wolontariat - Instytut Polski w Pekinie","isPartOf":{"@id":"https:\/\/instytutpolski.pl\/beijing\/#website"},"primaryImageOfPage":{"@id":"https:\/\/instytutpolski.pl\/beijing\/pl\/o-instytucie-polskim\/praktyki\/#primaryimage"},"image":{"@id":"https:\/\/instytutpolski.pl\/beijing\/pl\/o-instytucie-polskim\/praktyki\/#primaryimage"},"thumbnailUrl":"https:\/\/instytutpolski.pl\/beijing\/wp-content\/uploads\/sites\/12\/2020\/06\/white-1.jpg","datePublished":"2019-06-28T12:01:18+00:00","dateModified":"2026-03-10T03:26:18+00:00","breadcrumb":{"@id":"https:\/\/instytutpolski.pl\/beijing\/pl\/o-instytucie-polskim\/praktyki\/#breadcrumb"},"inLanguage":"pl-PL","potentialAction":[{"@type":"ReadAction","target":["https:\/\/instytutpolski.pl\/beijing\/pl\/o-instytucie-polskim\/praktyki\/"]}]},{"@type":"ImageObject","inLanguage":"pl-PL","@id":"https:\/\/instytutpolski.pl\/beijing\/pl\/o-instytucie-polskim\/praktyki\/#primaryimage","url":"https:\/\/instytutpolski.pl\/beijing\/wp-content\/uploads\/sites\/12\/2020\/06\/white-1.jpg","contentUrl":"https:\/\/instytutpolski.pl\/beijing\/wp-content\/uploads\/sites\/12\/2020\/06\/white-1.jpg","width":1920,"height":500},{"@type":"BreadcrumbList","@id":"https:\/\/instytutpolski.pl\/beijing\/pl\/o-instytucie-polskim\/praktyki\/#breadcrumb","itemListElement":[{"@type":"ListItem","position":1,"name":"Home","item":"https:\/\/instytutpolski.pl\/beijing\/"},{"@type":"ListItem","position":2,"name":"O Instytucie Polskim","item":"https:\/\/instytutpolski.pl\/beijing\/pl\/o-instytucie-polskim\/"},{"@type":"ListItem","position":3,"name":"Praktyki, sta\u017c i wolontariat"}]},{"@type":"WebSite","@id":"https:\/\/instytutpolski.pl\/beijing\/#website","url":"https:\/\/instytutpolski.pl\/beijing\/","name":"Instytut Polski w Pekinie","description":"Instytuty Polskie","potentialAction":[{"@type":"SearchAction","target":{"@type":"EntryPoint","urlTemplate":"https:\/\/instytutpolski.pl\/beijing\/?s={search_term_string}"},"query-input":{"@type":"PropertyValueSpecification","valueRequired":true,"valueName":"search_term_string"}}],"inLanguage":"pl-PL"}]}},"_links":{"self":[{"href":"https:\/\/instytutpolski.pl\/beijing\/wp-json\/wp\/v2\/pages\/1576","targetHints":{"allow":["GET"]}}],"collection":[{"href":"https:\/\/instytutpolski.pl\/beijing\/wp-json\/wp\/v2\/pages"}],"about":[{"href":"https:\/\/instytutpolski.pl\/beijing\/wp-json\/wp\/v2\/types\/page"}],"author":[{"embeddable":true,"href":"https:\/\/instytutpolski.pl\/beijing\/wp-json\/wp\/v2\/users\/1"}],"replies":[{"embeddable":true,"href":"https:\/\/instytutpolski.pl\/beijing\/wp-json\/wp\/v2\/comments?post=1576"}],"version-history":[{"count":5,"href":"https:\/\/instytutpolski.pl\/beijing\/wp-json\/wp\/v2\/pages\/1576\/revisions"}],"predecessor-version":[{"id":7667,"href":"https:\/\/instytutpolski.pl\/beijing\/wp-json\/wp\/v2\/pages\/1576\/revisions\/7667"}],"up":[{"embeddable":true,"href":"https:\/\/instytutpolski.pl\/beijing\/wp-json\/wp\/v2\/pages\/1548"}],"wp:featuredmedia":[{"embeddable":true,"href":"https:\/\/instytutpolski.pl\/beijing\/wp-json\/wp\/v2\/media\/3184"}],"wp:attachment":[{"href":"https:\/\/instytutpolski.pl\/beijing\/wp-json\/wp\/v2\/media?parent=1576"}],"curies":[{"name":"wp","href":"https:\/\/api.w.org\/{rel}","templated":true}]}}