{"version":"1.0","provider_name":"Instytut Polski w Berlinie","provider_url":"https:\/\/instytutpolski.pl\/berlin","author_name":"Rainer Mende","author_url":"https:\/\/instytutpolski.pl\/berlin\/author\/mender\/","title":"Grande valse brillante - Instytut Polski w Berlinie","type":"rich","width":600,"height":338,"html":"<blockquote class=\"wp-embedded-content\" data-secret=\"yD0ZVRvgr0\"><a href=\"https:\/\/instytutpolski.pl\/berlin\/2022\/09\/05\/grande-valse-brillante\/\">Grande valse brillante<\/a><\/blockquote><iframe sandbox=\"allow-scripts\" security=\"restricted\" src=\"https:\/\/instytutpolski.pl\/berlin\/2022\/09\/05\/grande-valse-brillante\/embed\/#?secret=yD0ZVRvgr0\" width=\"600\" height=\"338\" title=\"&#8222;Grande valse brillante&#8221; &#8212; Instytut Polski w Berlinie\" data-secret=\"yD0ZVRvgr0\" frameborder=\"0\" marginwidth=\"0\" marginheight=\"0\" scrolling=\"no\" class=\"wp-embedded-content\"><\/iframe><script type=\"text\/javascript\">\n\/* <![CDATA[ *\/\n\/*! This file is auto-generated *\/\n!function(d,l){\"use strict\";l.querySelector&&d.addEventListener&&\"undefined\"!=typeof URL&&(d.wp=d.wp||{},d.wp.receiveEmbedMessage||(d.wp.receiveEmbedMessage=function(e){var t=e.data;if((t||t.secret||t.message||t.value)&&!\/[^a-zA-Z0-9]\/.test(t.secret)){for(var s,r,n,a=l.querySelectorAll('iframe[data-secret=\"'+t.secret+'\"]'),o=l.querySelectorAll('blockquote[data-secret=\"'+t.secret+'\"]'),c=new RegExp(\"^https?:$\",\"i\"),i=0;i<o.length;i++)o[i].style.display=\"none\";for(i=0;i<a.length;i++)s=a[i],e.source===s.contentWindow&&(s.removeAttribute(\"style\"),\"height\"===t.message?(1e3<(r=parseInt(t.value,10))?r=1e3:~~r<200&&(r=200),s.height=r):\"link\"===t.message&&(r=new URL(s.getAttribute(\"src\")),n=new URL(t.value),c.test(n.protocol))&&n.host===r.host&&l.activeElement===s&&(d.top.location.href=t.value))}},d.addEventListener(\"message\",d.wp.receiveEmbedMessage,!1),l.addEventListener(\"DOMContentLoaded\",function(){for(var e,t,s=l.querySelectorAll(\"iframe.wp-embedded-content\"),r=0;r<s.length;r++)(t=(e=s[r]).getAttribute(\"data-secret\"))||(t=Math.random().toString(36).substring(2,12),e.src+=\"#?secret=\"+t,e.setAttribute(\"data-secret\",t)),e.contentWindow.postMessage({message:\"ready\",secret:t},\"*\")},!1)))}(window,document);\n\/* ]]> *\/\n<\/script>\n","thumbnail_url":"https:\/\/instytutpolski.pl\/berlin\/wp-content\/uploads\/sites\/3\/2022\/09\/Brel-Dem-Gruppe-1.-Kopie.jpg","thumbnail_width":960,"thumbnail_height":460,"description":"mit Kerstin Blodig, Uwe Neumann (Gesang), Ian Melrose (Gitarre), Martin Lillich (Bass) &amp; Jan Hermerschmidt (Klarinette) Manchmal kommt es \u2013 nicht nur in der Musik \u2013 vor, dass pl\u00f6tzlich ganz unvermittelt eine ganz besondere Pers\u00f6nlichkeit auftaucht und die Welt um sich herum im Handumdrehen begeistert. Das war sowohl bei der Krakauer S\u00e4ngerin Ewa Demarczyk der [&hellip;]"}

mit Kerstin Blodig, Uwe Neumann (Gesang), Ian Melrose (Gitarre), Martin Lillich (Bass) &amp; Jan Hermerschmidt (Klarinette) Manchmal kommt es – nicht nur in der Musik – vor, dass plötzlich ganz unvermittelt eine ganz besondere Persönlichkeit auftaucht und die Welt um sich herum im Handumdrehen begeistert. Das war sowohl bei der Krakauer Sängerin Ewa Demarczyk der [&hellip;]
