{"version":"1.0","provider_name":"Instytut Polski w Berlinie","provider_url":"https:\/\/instytutpolski.pl\/berlin","author_name":"Rainer Mende","author_url":"https:\/\/instytutpolski.pl\/berlin\/author\/mender\/","title":"INTERFILM 38 - Instytut Polski w Berlinie","type":"rich","width":600,"height":338,"html":"<blockquote class=\"wp-embedded-content\" data-secret=\"725bRF5fFT\"><a href=\"https:\/\/instytutpolski.pl\/berlin\/2022\/11\/03\/interfilm-38\/\">INTERFILM 38<\/a><\/blockquote><iframe sandbox=\"allow-scripts\" security=\"restricted\" src=\"https:\/\/instytutpolski.pl\/berlin\/2022\/11\/03\/interfilm-38\/embed\/#?secret=725bRF5fFT\" width=\"600\" height=\"338\" title=\"&#8222;INTERFILM 38&#8221; &#8212; Instytut Polski w Berlinie\" data-secret=\"725bRF5fFT\" frameborder=\"0\" marginwidth=\"0\" marginheight=\"0\" scrolling=\"no\" class=\"wp-embedded-content\"><\/iframe><script type=\"text\/javascript\">\n\/* <![CDATA[ *\/\n\/*! This file is auto-generated *\/\n!function(d,l){\"use strict\";l.querySelector&&d.addEventListener&&\"undefined\"!=typeof URL&&(d.wp=d.wp||{},d.wp.receiveEmbedMessage||(d.wp.receiveEmbedMessage=function(e){var t=e.data;if((t||t.secret||t.message||t.value)&&!\/[^a-zA-Z0-9]\/.test(t.secret)){for(var s,r,n,a=l.querySelectorAll('iframe[data-secret=\"'+t.secret+'\"]'),o=l.querySelectorAll('blockquote[data-secret=\"'+t.secret+'\"]'),c=new RegExp(\"^https?:$\",\"i\"),i=0;i<o.length;i++)o[i].style.display=\"none\";for(i=0;i<a.length;i++)s=a[i],e.source===s.contentWindow&&(s.removeAttribute(\"style\"),\"height\"===t.message?(1e3<(r=parseInt(t.value,10))?r=1e3:~~r<200&&(r=200),s.height=r):\"link\"===t.message&&(r=new URL(s.getAttribute(\"src\")),n=new URL(t.value),c.test(n.protocol))&&n.host===r.host&&l.activeElement===s&&(d.top.location.href=t.value))}},d.addEventListener(\"message\",d.wp.receiveEmbedMessage,!1),l.addEventListener(\"DOMContentLoaded\",function(){for(var e,t,s=l.querySelectorAll(\"iframe.wp-embedded-content\"),r=0;r<s.length;r++)(t=(e=s[r]).getAttribute(\"data-secret\"))||(t=Math.random().toString(36).substring(2,12),e.src+=\"#?secret=\"+t,e.setAttribute(\"data-secret\",t)),e.contentWindow.postMessage({message:\"ready\",secret:t},\"*\")},!1)))}(window,document);\n\/* ]]> *\/\n<\/script>\n","thumbnail_url":"https:\/\/instytutpolski.pl\/berlin\/wp-content\/uploads\/sites\/3\/2022\/11\/2022-11-15-FILM-Interfilm-Festivallogo_cut.jpg","thumbnail_width":1500,"thumbnail_height":708,"description":"In sechs Wettbewerben, zwei Schwerpunkten und diversen Spezialprogrammen reflektieren Filmkreative all das, was ihnen auf den N\u00e4geln brennt: Fragen der globalen Gerechtigkeit und des kolonialen Erbes, Klimawandel und die sich ver\u00e4ndernde Umwelt, Repr\u00e4sentation, pers\u00f6nliche Entfaltung und politische Teilhabe \u2013 und ganz nebenbei auch die Lust am Leben, an der Liebe und allem, was uns zu [&hellip;]"}

In sechs Wettbewerben, zwei Schwerpunkten und diversen Spezialprogrammen reflektieren Filmkreative all das, was ihnen auf den Nägeln brennt: Fragen der globalen Gerechtigkeit und des kolonialen Erbes, Klimawandel und die sich verändernde Umwelt, Repräsentation, persönliche Entfaltung und politische Teilhabe – und ganz nebenbei auch die Lust am Leben, an der Liebe und allem, was uns zu [&hellip;]
