{"version":"1.0","provider_name":"Instytut Polski w Berlinie","provider_url":"https:\/\/instytutpolski.pl\/berlin","author_name":"mw","author_url":"https:\/\/instytutpolski.pl\/berlin\/author\/witkowskam\/","title":"Vernissage der Ausstellung \u201eZwei Kriege \u2013 ein Leid\u201c - Instytut Polski w Berlinie","type":"rich","width":600,"height":338,"html":"<blockquote class=\"wp-embedded-content\" data-secret=\"7YImcMbaSQ\"><a href=\"https:\/\/instytutpolski.pl\/berlin\/2023\/09\/27\/vernissage-der-ausstellung-zwei-kriege-ein-leid\/\">Vernissage der Ausstellung \u201eZwei Kriege \u2013 ein Leid\u201c<\/a><\/blockquote><iframe sandbox=\"allow-scripts\" security=\"restricted\" src=\"https:\/\/instytutpolski.pl\/berlin\/2023\/09\/27\/vernissage-der-ausstellung-zwei-kriege-ein-leid\/embed\/#?secret=7YImcMbaSQ\" width=\"600\" height=\"338\" title=\"&#8222;Vernissage der Ausstellung \u201eZwei Kriege \u2013 ein Leid\u201c&#8221; &#8212; Instytut Polski w Berlinie\" data-secret=\"7YImcMbaSQ\" frameborder=\"0\" marginwidth=\"0\" marginheight=\"0\" scrolling=\"no\" class=\"wp-embedded-content\"><\/iframe><script type=\"text\/javascript\">\n\/* <![CDATA[ *\/\n\/*! This file is auto-generated *\/\n!function(d,l){\"use strict\";l.querySelector&&d.addEventListener&&\"undefined\"!=typeof URL&&(d.wp=d.wp||{},d.wp.receiveEmbedMessage||(d.wp.receiveEmbedMessage=function(e){var t=e.data;if((t||t.secret||t.message||t.value)&&!\/[^a-zA-Z0-9]\/.test(t.secret)){for(var s,r,n,a=l.querySelectorAll('iframe[data-secret=\"'+t.secret+'\"]'),o=l.querySelectorAll('blockquote[data-secret=\"'+t.secret+'\"]'),c=new RegExp(\"^https?:$\",\"i\"),i=0;i<o.length;i++)o[i].style.display=\"none\";for(i=0;i<a.length;i++)s=a[i],e.source===s.contentWindow&&(s.removeAttribute(\"style\"),\"height\"===t.message?(1e3<(r=parseInt(t.value,10))?r=1e3:~~r<200&&(r=200),s.height=r):\"link\"===t.message&&(r=new URL(s.getAttribute(\"src\")),n=new URL(t.value),c.test(n.protocol))&&n.host===r.host&&l.activeElement===s&&(d.top.location.href=t.value))}},d.addEventListener(\"message\",d.wp.receiveEmbedMessage,!1),l.addEventListener(\"DOMContentLoaded\",function(){for(var e,t,s=l.querySelectorAll(\"iframe.wp-embedded-content\"),r=0;r<s.length;r++)(t=(e=s[r]).getAttribute(\"data-secret\"))||(t=Math.random().toString(36).substring(2,12),e.src+=\"#?secret=\"+t,e.setAttribute(\"data-secret\",t)),e.contentWindow.postMessage({message:\"ready\",secret:t},\"*\")},!1)))}(window,document);\n\/* ]]> *\/\n<\/script>\n","thumbnail_url":"https:\/\/instytutpolski.pl\/berlin\/wp-content\/uploads\/sites\/3\/2023\/09\/FB-1200-x-628.jpg","thumbnail_width":1200,"thumbnail_height":628,"description":"15:50-16:00 \u2013 Er\u00f6ffnung der Vernissage16:00-16:20 \u2013 Ansprachen16:20-16:40 \u2013 Gef\u00fchrter Rundgang durch die Ausstellung \u201eIch putze Zimmer und erledige noch andere Arbeiten. Jerzy kam gesund aus dem Krankenhaus, jetzt ist er wieder krank mit einer Lungenentz\u00fcndung und Wasser im K\u00f6rper. Ich mache mir gro\u00dfe Sorgen, dass sich sein Zustand verschlechtert\u201c, hei\u00dft es in einem Brief, den [&hellip;]"}

15:50-16:00 – Eröffnung der Vernissage16:00-16:20 – Ansprachen16:20-16:40 – Geführter Rundgang durch die Ausstellung „Ich putze Zimmer und erledige noch andere Arbeiten. Jerzy kam gesund aus dem Krankenhaus, jetzt ist er wieder krank mit einer Lungenentzündung und Wasser im Körper. Ich mache mir große Sorgen, dass sich sein Zustand verschlechtert“, heißt es in einem Brief, den [&hellip;]
