{"version":"1.0","provider_name":"Instytut Polski w Berlinie","provider_url":"https:\/\/instytutpolski.pl\/berlin","author_name":"mw","author_url":"https:\/\/instytutpolski.pl\/berlin\/author\/witkowskam\/","title":"Buchpremiere \"Die wei\u00dfen N\u00e4chte\" von Urszula Honek - Instytut Polski w Berlinie","type":"rich","width":600,"height":338,"html":"<blockquote class=\"wp-embedded-content\" data-secret=\"pGX0tu4uU8\"><a href=\"https:\/\/instytutpolski.pl\/berlin\/2025\/01\/22\/buchpremiere-die-weisen-nachte-von-urszula-honek\/\">Buchpremiere &#8222;Die wei\u00dfen N\u00e4chte&#8221; von Urszula Honek<\/a><\/blockquote><iframe sandbox=\"allow-scripts\" security=\"restricted\" src=\"https:\/\/instytutpolski.pl\/berlin\/2025\/01\/22\/buchpremiere-die-weisen-nachte-von-urszula-honek\/embed\/#?secret=pGX0tu4uU8\" width=\"600\" height=\"338\" title=\"&#8222;Buchpremiere &#8222;Die wei\u00dfen N\u00e4chte&#8221; von Urszula Honek&#8221; &#8212; Instytut Polski w Berlinie\" data-secret=\"pGX0tu4uU8\" frameborder=\"0\" marginwidth=\"0\" marginheight=\"0\" scrolling=\"no\" class=\"wp-embedded-content\"><\/iframe><script type=\"text\/javascript\">\n\/* <![CDATA[ *\/\n\/*! This file is auto-generated *\/\n!function(d,l){\"use strict\";l.querySelector&&d.addEventListener&&\"undefined\"!=typeof URL&&(d.wp=d.wp||{},d.wp.receiveEmbedMessage||(d.wp.receiveEmbedMessage=function(e){var t=e.data;if((t||t.secret||t.message||t.value)&&!\/[^a-zA-Z0-9]\/.test(t.secret)){for(var s,r,n,a=l.querySelectorAll('iframe[data-secret=\"'+t.secret+'\"]'),o=l.querySelectorAll('blockquote[data-secret=\"'+t.secret+'\"]'),c=new RegExp(\"^https?:$\",\"i\"),i=0;i<o.length;i++)o[i].style.display=\"none\";for(i=0;i<a.length;i++)s=a[i],e.source===s.contentWindow&&(s.removeAttribute(\"style\"),\"height\"===t.message?(1e3<(r=parseInt(t.value,10))?r=1e3:~~r<200&&(r=200),s.height=r):\"link\"===t.message&&(r=new URL(s.getAttribute(\"src\")),n=new URL(t.value),c.test(n.protocol))&&n.host===r.host&&l.activeElement===s&&(d.top.location.href=t.value))}},d.addEventListener(\"message\",d.wp.receiveEmbedMessage,!1),l.addEventListener(\"DOMContentLoaded\",function(){for(var e,t,s=l.querySelectorAll(\"iframe.wp-embedded-content\"),r=0;r<s.length;r++)(t=(e=s[r]).getAttribute(\"data-secret\"))||(t=Math.random().toString(36).substring(2,12),e.src+=\"#?secret=\"+t,e.setAttribute(\"data-secret\",t)),e.contentWindow.postMessage({message:\"ready\",secret:t},\"*\")},!1)))}(window,document);\n\/* ]]> *\/\n<\/script>\n","thumbnail_url":"https:\/\/instytutpolski.pl\/berlin\/wp-content\/uploads\/sites\/3\/2025\/01\/die-weissen-naechte_9783518432167_cover-2-scaled.jpg","thumbnail_width":1567,"thumbnail_height":2560,"description":"&#8222;Die wei\u00dfen N\u00e4chte&#8221; von Urszula Honek Roman in 13 Geschichten Aus dem Polnischen von Renate Schmidgall Ein schl\u00e4friges Dorf am Fu\u00df der Beskiden, ins Licht der Sommermonate getaucht. Freunde, die sich aus der Schule kennen, gehen auf Arbeitssuche, zwei schon mit dem Tod im Herzen. Ein kleines M\u00e4dchen steht seiner Gro\u00dfmutter beim Sterben bei, ohne [&hellip;]"}

Buchpremiere "Die weißen Nächte" von Urszula Honek - Instytut Polski w Berlinie

<blockquote class="wp-embedded-content" data-secret="pGX0tu4uU8"><a href="https://instytutpolski.pl/berlin/2025/01/22/buchpremiere-die-weisen-nachte-von-urszula-honek/">Buchpremiere &#8222;Die weißen Nächte&#8221; von Urszula Honek</a></blockquote><iframe sandbox="allow-scripts" security="restricted" src="https://instytutpolski.pl/berlin/2025/01/22/buchpremiere-die-weisen-nachte-von-urszula-honek/embed/#?secret=pGX0tu4uU8" width="600" height="338" title="&#8222;Buchpremiere &#8222;Die weißen Nächte&#8221; von Urszula Honek&#8221; &#8212; Instytut Polski w Berlinie" data-secret="pGX0tu4uU8" frameborder="0" marginwidth="0" marginheight="0" scrolling="no" class="wp-embedded-content"></iframe><script type="text/javascript">
/* <![CDATA[ */
/*! This file is auto-generated */
!function(d,l){"use strict";l.querySelector&&d.addEventListener&&"undefined"!=typeof URL&&(d.wp=d.wp||{},d.wp.receiveEmbedMessage||(d.wp.receiveEmbedMessage=function(e){var t=e.data;if((t||t.secret||t.message||t.value)&&!/[^a-zA-Z0-9]/.test(t.secret)){for(var s,r,n,a=l.querySelectorAll('iframe[data-secret="'+t.secret+'"]'),o=l.querySelectorAll('blockquote[data-secret="'+t.secret+'"]'),c=new RegExp("^https?:$","i"),i=0;i<o.length;i++)o[i].style.display="none";for(i=0;i<a.length;i++)s=a[i],e.source===s.contentWindow&&(s.removeAttribute("style"),"height"===t.message?(1e3<(r=parseInt(t.value,10))?r=1e3:~~r<200&&(r=200),s.height=r):"link"===t.message&&(r=new URL(s.getAttribute("src")),n=new URL(t.value),c.test(n.protocol))&&n.host===r.host&&l.activeElement===s&&(d.top.location.href=t.value))}},d.addEventListener("message",d.wp.receiveEmbedMessage,!1),l.addEventListener("DOMContentLoaded",function(){for(var e,t,s=l.querySelectorAll("iframe.wp-embedded-content"),r=0;r<s.length;r++)(t=(e=s[r]).getAttribute("data-secret"))||(t=Math.random().toString(36).substring(2,12),e.src+="#?secret="+t,e.setAttribute("data-secret",t)),e.contentWindow.postMessage({message:"ready",secret:t},"*")},!1)))}(window,document);
/* ]]> */
</script>

&#8222;Die weißen Nächte&#8221; von Urszula Honek Roman in 13 Geschichten Aus dem Polnischen von Renate Schmidgall Ein schläfriges Dorf am Fuß der Beskiden, ins Licht der Sommermonate getaucht. Freunde, die sich aus der Schule kennen, gehen auf Arbeitssuche, zwei schon mit dem Tod im Herzen. Ein kleines Mädchen steht seiner Großmutter beim Sterben bei, ohne [&hellip;]
