{"version":"1.0","provider_name":"Instytut Polski w Berlinie","provider_url":"https:\/\/instytutpolski.pl\/berlin","author_name":"Rainer Mende","author_url":"https:\/\/instytutpolski.pl\/berlin\/author\/mender\/","title":"Filip - Instytut Polski w Berlinie","type":"rich","width":600,"height":338,"html":"<blockquote class=\"wp-embedded-content\" data-secret=\"6fEY3NjoHl\"><a href=\"https:\/\/instytutpolski.pl\/berlin\/filme\/film\/filip\/\">Filip<\/a><\/blockquote><iframe sandbox=\"allow-scripts\" security=\"restricted\" src=\"https:\/\/instytutpolski.pl\/berlin\/filme\/film\/filip\/embed\/#?secret=6fEY3NjoHl\" width=\"600\" height=\"338\" title=\"&#8222;Filip&#8221; &#8212; Instytut Polski w Berlinie\" data-secret=\"6fEY3NjoHl\" frameborder=\"0\" marginwidth=\"0\" marginheight=\"0\" scrolling=\"no\" class=\"wp-embedded-content\"><\/iframe><script type=\"text\/javascript\">\n\/* <![CDATA[ *\/\n\/*! This file is auto-generated *\/\n!function(d,l){\"use strict\";l.querySelector&&d.addEventListener&&\"undefined\"!=typeof URL&&(d.wp=d.wp||{},d.wp.receiveEmbedMessage||(d.wp.receiveEmbedMessage=function(e){var t=e.data;if((t||t.secret||t.message||t.value)&&!\/[^a-zA-Z0-9]\/.test(t.secret)){for(var s,r,n,a=l.querySelectorAll('iframe[data-secret=\"'+t.secret+'\"]'),o=l.querySelectorAll('blockquote[data-secret=\"'+t.secret+'\"]'),c=new RegExp(\"^https?:$\",\"i\"),i=0;i<o.length;i++)o[i].style.display=\"none\";for(i=0;i<a.length;i++)s=a[i],e.source===s.contentWindow&&(s.removeAttribute(\"style\"),\"height\"===t.message?(1e3<(r=parseInt(t.value,10))?r=1e3:~~r<200&&(r=200),s.height=r):\"link\"===t.message&&(r=new URL(s.getAttribute(\"src\")),n=new URL(t.value),c.test(n.protocol))&&n.host===r.host&&l.activeElement===s&&(d.top.location.href=t.value))}},d.addEventListener(\"message\",d.wp.receiveEmbedMessage,!1),l.addEventListener(\"DOMContentLoaded\",function(){for(var e,t,s=l.querySelectorAll(\"iframe.wp-embedded-content\"),r=0;r<s.length;r++)(t=(e=s[r]).getAttribute(\"data-secret\"))||(t=Math.random().toString(36).substring(2,12),e.src+=\"#?secret=\"+t,e.setAttribute(\"data-secret\",t)),e.contentWindow.postMessage({message:\"ready\",secret:t},\"*\")},!1)))}(window,document);\n\/* ]]> *\/\n<\/script>\n","thumbnail_url":"https:\/\/instytutpolski.pl\/berlin\/wp-content\/uploads\/sites\/3\/2023\/08\/Filip-\u00a9-Cinestar-www.cinestar.de_.filmfilip_cut.jpg","thumbnail_width":992,"thumbnail_height":576,"description":"Filip PL 2022R: Micha\u0142 Kwieci\u0144ski125 min, OmeUB: Micha\u0142 Kwieci\u0144ski &amp; Micha\u0142 MatejkiewiczK: Micha\u0142 Soboci\u0144skiS: Nikodem ChabiorM: Robot KochD: Eryk Kulm, Victor Meutelet, Caroline Hartig, Zo\u00eb Straub, Sandra Drzymalska u.\u00a0a. Der junge Schauspieler Filip hat im Warschauer Getto die H\u00f6lle erlebt. Die Nazis haben einen gro\u00dfen Teil seiner j\u00fcdischen Familie und seines Freundeskreises ausgel\u00f6scht. Er selbst [&hellip;]"}

Filip PL 2022R: Michał Kwieciński125 min, OmeUB: Michał Kwieciński &amp; Michał MatejkiewiczK: Michał SobocińskiS: Nikodem ChabiorM: Robot KochD: Eryk Kulm, Victor Meutelet, Caroline Hartig, Zoë Straub, Sandra Drzymalska u. a. Der junge Schauspieler Filip hat im Warschauer Getto die Hölle erlebt. Die Nazis haben einen großen Teil seiner jüdischen Familie und seines Freundeskreises ausgelöscht. Er selbst [&hellip;]
