{"version":"1.0","provider_name":"Instytut Polski w Berlinie","provider_url":"https:\/\/instytutpolski.pl\/berlin","author_name":"Rainer Mende","author_url":"https:\/\/instytutpolski.pl\/berlin\/author\/mender\/","title":"Kana\u0142 - Instytut Polski w Berlinie","type":"rich","width":600,"height":338,"html":"<blockquote class=\"wp-embedded-content\" data-secret=\"y9rmh1iwuH\"><a href=\"https:\/\/instytutpolski.pl\/berlin\/filme\/film\/kanal\/\">Kana\u0142<\/a><\/blockquote><iframe sandbox=\"allow-scripts\" security=\"restricted\" src=\"https:\/\/instytutpolski.pl\/berlin\/filme\/film\/kanal\/embed\/#?secret=y9rmh1iwuH\" width=\"600\" height=\"338\" title=\"&#8222;Kana\u0142&#8221; &#8212; Instytut Polski w Berlinie\" data-secret=\"y9rmh1iwuH\" frameborder=\"0\" marginwidth=\"0\" marginheight=\"0\" scrolling=\"no\" class=\"wp-embedded-content\"><\/iframe><script type=\"text\/javascript\">\n\/* <![CDATA[ *\/\n\/*! This file is auto-generated *\/\n!function(d,l){\"use strict\";l.querySelector&&d.addEventListener&&\"undefined\"!=typeof URL&&(d.wp=d.wp||{},d.wp.receiveEmbedMessage||(d.wp.receiveEmbedMessage=function(e){var t=e.data;if((t||t.secret||t.message||t.value)&&!\/[^a-zA-Z0-9]\/.test(t.secret)){for(var s,r,n,a=l.querySelectorAll('iframe[data-secret=\"'+t.secret+'\"]'),o=l.querySelectorAll('blockquote[data-secret=\"'+t.secret+'\"]'),c=new RegExp(\"^https?:$\",\"i\"),i=0;i<o.length;i++)o[i].style.display=\"none\";for(i=0;i<a.length;i++)s=a[i],e.source===s.contentWindow&&(s.removeAttribute(\"style\"),\"height\"===t.message?(1e3<(r=parseInt(t.value,10))?r=1e3:~~r<200&&(r=200),s.height=r):\"link\"===t.message&&(r=new URL(s.getAttribute(\"src\")),n=new URL(t.value),c.test(n.protocol))&&n.host===r.host&&l.activeElement===s&&(d.top.location.href=t.value))}},d.addEventListener(\"message\",d.wp.receiveEmbedMessage,!1),l.addEventListener(\"DOMContentLoaded\",function(){for(var e,t,s=l.querySelectorAll(\"iframe.wp-embedded-content\"),r=0;r<s.length;r++)(t=(e=s[r]).getAttribute(\"data-secret\"))||(t=Math.random().toString(36).substring(2,12),e.src+=\"#?secret=\"+t,e.setAttribute(\"data-secret\",t)),e.contentWindow.postMessage({message:\"ready\",secret:t},\"*\")},!1)))}(window,document);\n\/* ]]> *\/\n<\/script>\n","thumbnail_url":"https:\/\/instytutpolski.pl\/berlin\/wp-content\/uploads\/sites\/3\/2024\/07\/kanal-1-F-403-49.jpg","thumbnail_width":2176,"thumbnail_height":1557,"description":"Kana\u0142 \/ Der Kanal PL 1956R: Andrzej Wajda91 min, OmdUB: Jerzy Stefan Stawi\u0144skiK: Jerzy LipmanS: Halina NawrockaM: Jan KrenzD: Teresa I\u017cewska, Tadeusz Janczar, Wie\u0144czys\u0142aw Gli\u0144ski, Tadeusz Gwiazdowski, Stanis\u0142aw Mikulski u.\u00a0a. Ende August 1944 steht der Warschauer Aufstand kurz vor seiner Niederschlagung. Eine Gruppe von Aufst\u00e4ndischen wird von deutschen Soldaten eingekesselt und fl\u00fcchtet ins unterirdische Kanalsystem, [&hellip;]"}

Kanał - Instytut Polski w Berlinie

<blockquote class="wp-embedded-content" data-secret="y9rmh1iwuH"><a href="https://instytutpolski.pl/berlin/filme/film/kanal/">Kanał</a></blockquote><iframe sandbox="allow-scripts" security="restricted" src="https://instytutpolski.pl/berlin/filme/film/kanal/embed/#?secret=y9rmh1iwuH" width="600" height="338" title="&#8222;Kanał&#8221; &#8212; Instytut Polski w Berlinie" data-secret="y9rmh1iwuH" frameborder="0" marginwidth="0" marginheight="0" scrolling="no" class="wp-embedded-content"></iframe><script type="text/javascript">
/* <![CDATA[ */
/*! This file is auto-generated */
!function(d,l){"use strict";l.querySelector&&d.addEventListener&&"undefined"!=typeof URL&&(d.wp=d.wp||{},d.wp.receiveEmbedMessage||(d.wp.receiveEmbedMessage=function(e){var t=e.data;if((t||t.secret||t.message||t.value)&&!/[^a-zA-Z0-9]/.test(t.secret)){for(var s,r,n,a=l.querySelectorAll('iframe[data-secret="'+t.secret+'"]'),o=l.querySelectorAll('blockquote[data-secret="'+t.secret+'"]'),c=new RegExp("^https?:$","i"),i=0;i<o.length;i++)o[i].style.display="none";for(i=0;i<a.length;i++)s=a[i],e.source===s.contentWindow&&(s.removeAttribute("style"),"height"===t.message?(1e3<(r=parseInt(t.value,10))?r=1e3:~~r<200&&(r=200),s.height=r):"link"===t.message&&(r=new URL(s.getAttribute("src")),n=new URL(t.value),c.test(n.protocol))&&n.host===r.host&&l.activeElement===s&&(d.top.location.href=t.value))}},d.addEventListener("message",d.wp.receiveEmbedMessage,!1),l.addEventListener("DOMContentLoaded",function(){for(var e,t,s=l.querySelectorAll("iframe.wp-embedded-content"),r=0;r<s.length;r++)(t=(e=s[r]).getAttribute("data-secret"))||(t=Math.random().toString(36).substring(2,12),e.src+="#?secret="+t,e.setAttribute("data-secret",t)),e.contentWindow.postMessage({message:"ready",secret:t},"*")},!1)))}(window,document);
/* ]]> */
</script>

Kanał / Der Kanal PL 1956R: Andrzej Wajda91 min, OmdUB: Jerzy Stefan StawińskiK: Jerzy LipmanS: Halina NawrockaM: Jan KrenzD: Teresa Iżewska, Tadeusz Janczar, Wieńczysław Gliński, Tadeusz Gwiazdowski, Stanisław Mikulski u. a. Ende August 1944 steht der Warschauer Aufstand kurz vor seiner Niederschlagung. Eine Gruppe von Aufständischen wird von deutschen Soldaten eingekesselt und flüchtet ins unterirdische Kanalsystem, [&hellip;]
