{"version":"1.0","provider_name":"Instytut Polski w Berlinie","provider_url":"https:\/\/instytutpolski.pl\/berlin","author_name":"mw","author_url":"https:\/\/instytutpolski.pl\/berlin\/author\/witkowskam\/","title":"Ojciec i syn - Instytut Polski w Berlinie","type":"rich","width":600,"height":338,"html":"<blockquote class=\"wp-embedded-content\" data-secret=\"AtIdSpBoxe\"><a href=\"https:\/\/instytutpolski.pl\/berlin\/filme\/film\/ojciec-i-syn\/\">Ojciec i syn<\/a><\/blockquote><iframe sandbox=\"allow-scripts\" security=\"restricted\" src=\"https:\/\/instytutpolski.pl\/berlin\/filme\/film\/ojciec-i-syn\/embed\/#?secret=AtIdSpBoxe\" width=\"600\" height=\"338\" title=\"&#8222;Ojciec i syn&#8221; &#8212; Instytut Polski w Berlinie\" data-secret=\"AtIdSpBoxe\" frameborder=\"0\" marginwidth=\"0\" marginheight=\"0\" scrolling=\"no\" class=\"wp-embedded-content\"><\/iframe><script type=\"text\/javascript\">\n\/* <![CDATA[ *\/\n\/*! This file is auto-generated *\/\n!function(d,l){\"use strict\";l.querySelector&&d.addEventListener&&\"undefined\"!=typeof URL&&(d.wp=d.wp||{},d.wp.receiveEmbedMessage||(d.wp.receiveEmbedMessage=function(e){var t=e.data;if((t||t.secret||t.message||t.value)&&!\/[^a-zA-Z0-9]\/.test(t.secret)){for(var s,r,n,a=l.querySelectorAll('iframe[data-secret=\"'+t.secret+'\"]'),o=l.querySelectorAll('blockquote[data-secret=\"'+t.secret+'\"]'),c=new RegExp(\"^https?:$\",\"i\"),i=0;i<o.length;i++)o[i].style.display=\"none\";for(i=0;i<a.length;i++)s=a[i],e.source===s.contentWindow&&(s.removeAttribute(\"style\"),\"height\"===t.message?(1e3<(r=parseInt(t.value,10))?r=1e3:~~r<200&&(r=200),s.height=r):\"link\"===t.message&&(r=new URL(s.getAttribute(\"src\")),n=new URL(t.value),c.test(n.protocol))&&n.host===r.host&&l.activeElement===s&&(d.top.location.href=t.value))}},d.addEventListener(\"message\",d.wp.receiveEmbedMessage,!1),l.addEventListener(\"DOMContentLoaded\",function(){for(var e,t,s=l.querySelectorAll(\"iframe.wp-embedded-content\"),r=0;r<s.length;r++)(t=(e=s[r]).getAttribute(\"data-secret\"))||(t=Math.random().toString(36).substring(2,12),e.src+=\"#?secret=\"+t,e.setAttribute(\"data-secret\",t)),e.contentWindow.postMessage({message:\"ready\",secret:t},\"*\")},!1)))}(window,document);\n\/* ]]> *\/\n<\/script>\n","thumbnail_url":"https:\/\/instytutpolski.pl\/berlin\/wp-content\/uploads\/sites\/3\/2022\/06\/18-pt2-\u00a9-Lozinski-Production-scaled.jpg","thumbnail_width":1792,"thumbnail_height":2560,"description":"R: Pawe\u0142 \u0141ozi\u0144ski58 min, OmdUB\/K: Pawe\u0142 \u0141ozi\u0144ski, Marcel \u0141ozi\u0144skiS: Przemys\u0142aw Chru\u015bcielewski, Dorota Ward\u0119szkiewicz \u00a0 Von Anfang an ist klar, dass dieser Familienausflug kein gew\u00f6hnlicher Urlaubstrip zweier gew\u00f6hnlicher M\u00e4nner ist. Die Egos zweier genialer Filmk\u00fcnstler \u2013 des Vaters Marcel \u0141ozi\u0144ski und des Sohns Pawe\u0142 \u0141ozi\u0144ski \u2013 prallen auf engstem Raum zusammen, wenn sie im Kleinbus eingesperrt [&hellip;]"}

R: Paweł Łoziński58 min, OmdUB/K: Paweł Łoziński, Marcel ŁozińskiS: Przemysław Chruścielewski, Dorota Wardęszkiewicz   Von Anfang an ist klar, dass dieser Familienausflug kein gewöhnlicher Urlaubstrip zweier gewöhnlicher Männer ist. Die Egos zweier genialer Filmkünstler – des Vaters Marcel Łoziński und des Sohns Paweł Łoziński – prallen auf engstem Raum zusammen, wenn sie im Kleinbus eingesperrt [&hellip;]
