{"version":"1.0","provider_name":"Instytut Polski w Berlinie","provider_url":"https:\/\/instytutpolski.pl\/berlin","author_name":"Rainer Mende","author_url":"https:\/\/instytutpolski.pl\/berlin\/author\/mender\/","title":"Pianista - Instytut Polski w Berlinie","type":"rich","width":600,"height":338,"html":"<blockquote class=\"wp-embedded-content\" data-secret=\"sJlkb22Tzi\"><a href=\"https:\/\/instytutpolski.pl\/berlin\/filme\/film\/pianista\/\">Pianista<\/a><\/blockquote><iframe sandbox=\"allow-scripts\" security=\"restricted\" src=\"https:\/\/instytutpolski.pl\/berlin\/filme\/film\/pianista\/embed\/#?secret=sJlkb22Tzi\" width=\"600\" height=\"338\" title=\"&#8222;Pianista&#8221; &#8212; Instytut Polski w Berlinie\" data-secret=\"sJlkb22Tzi\" frameborder=\"0\" marginwidth=\"0\" marginheight=\"0\" scrolling=\"no\" class=\"wp-embedded-content\"><\/iframe><script type=\"text\/javascript\">\n\/* <![CDATA[ *\/\n\/*! This file is auto-generated *\/\n!function(d,l){\"use strict\";l.querySelector&&d.addEventListener&&\"undefined\"!=typeof URL&&(d.wp=d.wp||{},d.wp.receiveEmbedMessage||(d.wp.receiveEmbedMessage=function(e){var t=e.data;if((t||t.secret||t.message||t.value)&&!\/[^a-zA-Z0-9]\/.test(t.secret)){for(var s,r,n,a=l.querySelectorAll('iframe[data-secret=\"'+t.secret+'\"]'),o=l.querySelectorAll('blockquote[data-secret=\"'+t.secret+'\"]'),c=new RegExp(\"^https?:$\",\"i\"),i=0;i<o.length;i++)o[i].style.display=\"none\";for(i=0;i<a.length;i++)s=a[i],e.source===s.contentWindow&&(s.removeAttribute(\"style\"),\"height\"===t.message?(1e3<(r=parseInt(t.value,10))?r=1e3:~~r<200&&(r=200),s.height=r):\"link\"===t.message&&(r=new URL(s.getAttribute(\"src\")),n=new URL(t.value),c.test(n.protocol))&&n.host===r.host&&l.activeElement===s&&(d.top.location.href=t.value))}},d.addEventListener(\"message\",d.wp.receiveEmbedMessage,!1),l.addEventListener(\"DOMContentLoaded\",function(){for(var e,t,s=l.querySelectorAll(\"iframe.wp-embedded-content\"),r=0;r<s.length;r++)(t=(e=s[r]).getAttribute(\"data-secret\"))||(t=Math.random().toString(36).substring(2,12),e.src+=\"#?secret=\"+t,e.setAttribute(\"data-secret\",t)),e.contentWindow.postMessage({message:\"ready\",secret:t},\"*\")},!1)))}(window,document);\n\/* ]]> *\/\n<\/script>\n","thumbnail_url":"https:\/\/instytutpolski.pl\/berlin\/wp-content\/uploads\/sites\/3\/2024\/07\/DerPianist_2_Studiocanal.jpg","thumbnail_width":1200,"thumbnail_height":675,"description":"Pianista \/ The Pianist \/ Der Pianist PL\/GB\/D\/FRA 2002R: Roman Pola\u0144ski142 min, OmdUB: Ronald HarwoodK: Pawe\u0142 EdelmanS: Herve De LuzeM: Wojciech KilarD: Adrien Brody, Thomas Kretschmann, Micha\u0142 \u017bebrowski, Zbigniew Zamachowski, Maja Ostaszewska u.\u00a0a. Als im September 1939 die deutschen Bombenangriffe auf Warschau beginnen, spielt der j\u00fcdische Pianist W\u0142adys\u0142aw Szpilman gerade ein St\u00fcck von Chopin f\u00fcr [&hellip;]"}

Pianista / The Pianist / Der Pianist PL/GB/D/FRA 2002R: Roman Polański142 min, OmdUB: Ronald HarwoodK: Paweł EdelmanS: Herve De LuzeM: Wojciech KilarD: Adrien Brody, Thomas Kretschmann, Michał Żebrowski, Zbigniew Zamachowski, Maja Ostaszewska u. a. Als im September 1939 die deutschen Bombenangriffe auf Warschau beginnen, spielt der jüdische Pianist Władysław Szpilman gerade ein Stück von Chopin für [&hellip;]
