{"version":"1.0","provider_name":"Instytut Polski w Berlinie","provider_url":"https:\/\/instytutpolski.pl\/berlin","author_name":"Rainer Mende","author_url":"https:\/\/instytutpolski.pl\/berlin\/author\/mender\/","title":"Festivaler\u00f6ffnung: Tata - Instytut Polski w Berlinie","type":"rich","width":600,"height":338,"html":"<blockquote class=\"wp-embedded-content\" data-secret=\"tXLySzjYUU\"><a href=\"https:\/\/instytutpolski.pl\/berlin\/filme\/film\/tata\/\">Festivaler\u00f6ffnung: Tata<\/a><\/blockquote><iframe sandbox=\"allow-scripts\" security=\"restricted\" src=\"https:\/\/instytutpolski.pl\/berlin\/filme\/film\/tata\/embed\/#?secret=tXLySzjYUU\" width=\"600\" height=\"338\" title=\"&#8222;Festivaler\u00f6ffnung: Tata&#8221; &#8212; Instytut Polski w Berlinie\" data-secret=\"tXLySzjYUU\" frameborder=\"0\" marginwidth=\"0\" marginheight=\"0\" scrolling=\"no\" class=\"wp-embedded-content\"><\/iframe><script type=\"text\/javascript\">\n\/* <![CDATA[ *\/\n\/*! This file is auto-generated *\/\n!function(d,l){\"use strict\";l.querySelector&&d.addEventListener&&\"undefined\"!=typeof URL&&(d.wp=d.wp||{},d.wp.receiveEmbedMessage||(d.wp.receiveEmbedMessage=function(e){var t=e.data;if((t||t.secret||t.message||t.value)&&!\/[^a-zA-Z0-9]\/.test(t.secret)){for(var s,r,n,a=l.querySelectorAll('iframe[data-secret=\"'+t.secret+'\"]'),o=l.querySelectorAll('blockquote[data-secret=\"'+t.secret+'\"]'),c=new RegExp(\"^https?:$\",\"i\"),i=0;i<o.length;i++)o[i].style.display=\"none\";for(i=0;i<a.length;i++)s=a[i],e.source===s.contentWindow&&(s.removeAttribute(\"style\"),\"height\"===t.message?(1e3<(r=parseInt(t.value,10))?r=1e3:~~r<200&&(r=200),s.height=r):\"link\"===t.message&&(r=new URL(s.getAttribute(\"src\")),n=new URL(t.value),c.test(n.protocol))&&n.host===r.host&&l.activeElement===s&&(d.top.location.href=t.value))}},d.addEventListener(\"message\",d.wp.receiveEmbedMessage,!1),l.addEventListener(\"DOMContentLoaded\",function(){for(var e,t,s=l.querySelectorAll(\"iframe.wp-embedded-content\"),r=0;r<s.length;r++)(t=(e=s[r]).getAttribute(\"data-secret\"))||(t=Math.random().toString(36).substring(2,12),e.src+=\"#?secret=\"+t,e.setAttribute(\"data-secret\",t)),e.contentWindow.postMessage({message:\"ready\",secret:t},\"*\")},!1)))}(window,document);\n\/* ]]> *\/\n<\/script>\n","thumbnail_url":"https:\/\/instytutpolski.pl\/berlin\/wp-content\/uploads\/sites\/3\/2023\/07\/tata.jpg","thumbnail_width":1390,"thumbnail_height":990,"description":"Tata \/ Papa (Er\u00f6ffnungsfilm) PL\/UKR 2022R: Anna Maliszewska115 min, OmdUB: Anna Maliszewska &amp; Przemys\u0142aw Chru\u015bcielewskiK: Kajetan PlisS: Przemys\u0142aw Chru\u015bcielewskiM: Jerzy Rogiewicz &amp; Bart\u0142omiej Tyci\u0144skiD: Eryk Lubos, Polina Gromova, Klaudia Kurak, Sonia Roszczuk u.\u00a0a. Viel zu selten sieht der trockene Alkoholiker Micha\u0142 seine Tochter Mi\u015bka, wenn er wieder mit seinem Truck quer durch Europa tuckert. Zum [&hellip;]"}

Festivaleröffnung: Tata - Instytut Polski w Berlinie

<blockquote class="wp-embedded-content" data-secret="tXLySzjYUU"><a href="https://instytutpolski.pl/berlin/filme/film/tata/">Festivaleröffnung: Tata</a></blockquote><iframe sandbox="allow-scripts" security="restricted" src="https://instytutpolski.pl/berlin/filme/film/tata/embed/#?secret=tXLySzjYUU" width="600" height="338" title="&#8222;Festivaleröffnung: Tata&#8221; &#8212; Instytut Polski w Berlinie" data-secret="tXLySzjYUU" frameborder="0" marginwidth="0" marginheight="0" scrolling="no" class="wp-embedded-content"></iframe><script type="text/javascript">
/* <![CDATA[ */
/*! This file is auto-generated */
!function(d,l){"use strict";l.querySelector&&d.addEventListener&&"undefined"!=typeof URL&&(d.wp=d.wp||{},d.wp.receiveEmbedMessage||(d.wp.receiveEmbedMessage=function(e){var t=e.data;if((t||t.secret||t.message||t.value)&&!/[^a-zA-Z0-9]/.test(t.secret)){for(var s,r,n,a=l.querySelectorAll('iframe[data-secret="'+t.secret+'"]'),o=l.querySelectorAll('blockquote[data-secret="'+t.secret+'"]'),c=new RegExp("^https?:$","i"),i=0;i<o.length;i++)o[i].style.display="none";for(i=0;i<a.length;i++)s=a[i],e.source===s.contentWindow&&(s.removeAttribute("style"),"height"===t.message?(1e3<(r=parseInt(t.value,10))?r=1e3:~~r<200&&(r=200),s.height=r):"link"===t.message&&(r=new URL(s.getAttribute("src")),n=new URL(t.value),c.test(n.protocol))&&n.host===r.host&&l.activeElement===s&&(d.top.location.href=t.value))}},d.addEventListener("message",d.wp.receiveEmbedMessage,!1),l.addEventListener("DOMContentLoaded",function(){for(var e,t,s=l.querySelectorAll("iframe.wp-embedded-content"),r=0;r<s.length;r++)(t=(e=s[r]).getAttribute("data-secret"))||(t=Math.random().toString(36).substring(2,12),e.src+="#?secret="+t,e.setAttribute("data-secret",t)),e.contentWindow.postMessage({message:"ready",secret:t},"*")},!1)))}(window,document);
/* ]]> */
</script>

Tata / Papa (Eröffnungsfilm) PL/UKR 2022R: Anna Maliszewska115 min, OmdUB: Anna Maliszewska &amp; Przemysław ChruścielewskiK: Kajetan PlisS: Przemysław ChruścielewskiM: Jerzy Rogiewicz &amp; Bartłomiej TycińskiD: Eryk Lubos, Polina Gromova, Klaudia Kurak, Sonia Roszczuk u. a. Viel zu selten sieht der trockene Alkoholiker Michał seine Tochter Miśka, wenn er wieder mit seinem Truck quer durch Europa tuckert. Zum [&hellip;]
