{"id":5315,"date":"2023-07-31T01:09:07","date_gmt":"2023-07-30T23:09:07","guid":{"rendered":"https:\/\/instytutpolski.pl\/berlin\/?post_type=film&#038;p=5315"},"modified":"2023-08-07T10:39:19","modified_gmt":"2023-08-07T08:39:19","slug":"chleb-i-sol","status":"publish","type":"film","link":"https:\/\/instytutpolski.pl\/berlin\/filme\/film\/chleb-i-sol\/","title":{"rendered":"Chleb i s\u00f3l"},"content":{"rendered":"\n<p><b>Chleb i s\u00f3l \/ Brot und Salz<br \/><br \/><\/b><span style=\"font-weight: 400\">PL 2022<br \/><\/span><span style=\"font-weight: 400\">R\/B: Damian Kocur<br \/><\/span><span style=\"font-weight: 400\">99 min, OmdU<br \/><\/span><span style=\"font-weight: 400\">K: Tomasz Wo\u017aniczka<br \/><\/span><span style=\"font-weight: 400\">S: Alan Zejer<br \/><\/span><span style=\"font-weight: 400\">D: Tymoteusz Bies, Jacek Bies u.\u00a0a.<br \/><br \/><\/span><span style=\"font-weight: 400\">Der Student Tymoteusz hat mit seinem Klavierspiel schon Preise gewonnen und es ins Fernsehen geschafft. \u00dcber den Sommer kehrt er in seine trostlose Heimatstadt zur\u00fcck, wo seit seinem Weggang die Welt stehen geblieben zu sein scheint. Die alten Kumpels aus dem Block h\u00e4ngen immer noch in der Gegend herum, kiffen, trinken Dosenbier, labern viel, tr\u00e4umen von Abenteuern in der gro\u00dfen weiten Welt und kommen aus ihrem Viereck aus Badesee, Skatepark, Spielplatz und D\u00f6nerimbiss doch nicht heraus.<br \/><br \/><\/span><span style=\"font-weight: 400\">Auch Tymoteusz\u2018 Bruder Jacek geh\u00f6rt zur Clique \u2013 ebenfalls ein begabter Pianist, der aber seit einer missgl\u00fcckten Bewerbung das Klavier verstimmt einstauben l\u00e4sst. Statt sich Hoffnungen und Tr\u00e4umen hinzugeben, versinkt er resigniert im provinziellen Sumpf aus Langeweile, Perspektivlosigkeit, Homophobie und plumpem Rassismus. Denn die Wut \u00fcber das so fr\u00fch gescheiterte Leben der Jugendlichen muss sich irgendwo entladen \u2013 warum nicht bei diesen fremden Typen, die so verd\u00e4chtig verschlossenen einen D\u00f6ner nach dem anderen zubereiten?<br \/><br \/><\/span><span style=\"font-weight: 400\">Wie eine Granate schlug der formal eigenst\u00e4ndige, lose an zeithistorische Ereignisse ankn\u00fcpfende Deb\u00fct-Langfilm in der polnischen Szene ein. Mit Fingerspitzengef\u00fchl, Pr\u00e4zision und stilistischem Selbstbewusstsein, die f\u00fcr einen Newcomer ungew\u00f6hnlich ausgereift sind, erz\u00e4hlt er scheinbar beil\u00e4ufig eine semidokumentarische Geschichte in der \u00c4sthetik eines fr\u00fchen Andreas Dresden, die \u2013 ganz ohne Musik und virtuos im beengenden Seitenverh\u00e4ltnis 4:3 geschnitten \u2013 durch schmerzhafte Authentizit\u00e4t besticht. Denn die Laien-Darsteller*innen spielen sich selbst und ihre eigenen Geschichten.<\/span><i><span style=\"font-weight: 400\"> [Rainer Mende]<br \/><br \/><\/span><\/i><b>Damian Kocur<\/b><span style=\"font-weight: 400\"> (geb. 1983 in Katowice) studierte an der Schlesischen Universit\u00e4t Katowice. Als Regisseur ver\u00f6ffentlichte er acht teilweise preisgekr\u00f6nte kurze Spiel- und Dokumentarfilme, bevor er mit \u201eChleb i s\u00f3l\u201c einen Jurypreis beim Filmfestival von Venedig und zahlreiche weitere Preise gewann.<br \/><br \/><\/span><strong><i>11.09. \/ 20:00 \/ Sputnik<br \/><\/i><i>12.09. \/ 20:30 \/ Bundesplatz-Kino \/ in Kooperation mit dem FilmFestival Cottbus \/ zu Gast: Bernd Buder<br \/><\/i><i>13.09. \/ 20:00 \/ fsk Kino<\/i><\/strong><\/p>\n","protected":false},"featured_media":5316,"parent":0,"menu_order":0,"template":"","letter":[231],"film-category":[],"class_list":["post-5315","film","type-film","status-publish","has-post-thumbnail","hentry","letter-c"],"yoast_head":"<!-- This site is optimized with the Yoast SEO plugin v24.6 - https:\/\/yoast.com\/wordpress\/plugins\/seo\/ -->\n<title>Chleb i s\u00f3l - Instytut Polski w Berlinie<\/title>\n<meta name=\"robots\" content=\"index, follow, max-snippet:-1, max-image-preview:large, max-video-preview:-1\" \/>\n<link rel=\"canonical\" href=\"https:\/\/instytutpolski.pl\/berlin\/filme\/film\/chleb-i-sol\/\" \/>\n<meta property=\"og:locale\" content=\"pl_PL\" \/>\n<meta property=\"og:type\" content=\"article\" \/>\n<meta property=\"og:title\" content=\"Chleb i s\u00f3l - Instytut Polski w Berlinie\" \/>\n<meta property=\"og:description\" content=\"Chleb i s\u00f3l \/ Brot und Salz PL 2022R\/B: Damian Kocur99 min, OmdUK: Tomasz Wo\u017aniczkaS: Alan ZejerD: Tymoteusz Bies, Jacek Bies u.\u00a0a. Der Student Tymoteusz hat mit seinem Klavierspiel schon Preise gewonnen und es ins Fernsehen geschafft. \u00dcber den Sommer kehrt er in seine trostlose Heimatstadt zur\u00fcck, wo seit seinem Weggang die Welt stehen geblieben [&hellip;]\" \/>\n<meta property=\"og:url\" content=\"https:\/\/instytutpolski.pl\/berlin\/filme\/film\/chleb-i-sol\/\" \/>\n<meta property=\"og:site_name\" content=\"Instytut Polski w Berlinie\" \/>\n<meta property=\"article:modified_time\" content=\"2023-08-07T08:39:19+00:00\" \/>\n<meta property=\"og:image\" content=\"https:\/\/instytutpolski.pl\/berlin\/wp-content\/uploads\/sites\/3\/2023\/07\/Chleb-i-so\u0301l-6-scaled.jpg\" \/>\n\t<meta property=\"og:image:width\" content=\"2560\" \/>\n\t<meta property=\"og:image:height\" content=\"1781\" \/>\n\t<meta property=\"og:image:type\" content=\"image\/jpeg\" \/>\n<meta name=\"twitter:card\" content=\"summary_large_image\" \/>\n<meta name=\"twitter:label1\" content=\"Szacowany czas czytania\" \/>\n\t<meta name=\"twitter:data1\" content=\"2 minuty\" \/>\n<script type=\"application\/ld+json\" class=\"yoast-schema-graph\">{\"@context\":\"https:\/\/schema.org\",\"@graph\":[{\"@type\":\"WebPage\",\"@id\":\"https:\/\/instytutpolski.pl\/berlin\/filme\/film\/chleb-i-sol\/\",\"url\":\"https:\/\/instytutpolski.pl\/berlin\/filme\/film\/chleb-i-sol\/\",\"name\":\"Chleb i s\u00f3l - Instytut Polski w Berlinie\",\"isPartOf\":{\"@id\":\"https:\/\/instytutpolski.pl\/berlin\/#website\"},\"primaryImageOfPage\":{\"@id\":\"https:\/\/instytutpolski.pl\/berlin\/filme\/film\/chleb-i-sol\/#primaryimage\"},\"image\":{\"@id\":\"https:\/\/instytutpolski.pl\/berlin\/filme\/film\/chleb-i-sol\/#primaryimage\"},\"thumbnailUrl\":\"https:\/\/instytutpolski.pl\/berlin\/wp-content\/uploads\/sites\/3\/2023\/07\/Chleb-i-so\u0301l-6-scaled.jpg\",\"datePublished\":\"2023-07-30T23:09:07+00:00\",\"dateModified\":\"2023-08-07T08:39:19+00:00\",\"breadcrumb\":{\"@id\":\"https:\/\/instytutpolski.pl\/berlin\/filme\/film\/chleb-i-sol\/#breadcrumb\"},\"inLanguage\":\"pl-PL\",\"potentialAction\":[{\"@type\":\"ReadAction\",\"target\":[\"https:\/\/instytutpolski.pl\/berlin\/filme\/film\/chleb-i-sol\/\"]}]},{\"@type\":\"ImageObject\",\"inLanguage\":\"pl-PL\",\"@id\":\"https:\/\/instytutpolski.pl\/berlin\/filme\/film\/chleb-i-sol\/#primaryimage\",\"url\":\"https:\/\/instytutpolski.pl\/berlin\/wp-content\/uploads\/sites\/3\/2023\/07\/Chleb-i-so\u0301l-6-scaled.jpg\",\"contentUrl\":\"https:\/\/instytutpolski.pl\/berlin\/wp-content\/uploads\/sites\/3\/2023\/07\/Chleb-i-so\u0301l-6-scaled.jpg\",\"width\":2560,\"height\":1781},{\"@type\":\"BreadcrumbList\",\"@id\":\"https:\/\/instytutpolski.pl\/berlin\/filme\/film\/chleb-i-sol\/#breadcrumb\",\"itemListElement\":[{\"@type\":\"ListItem\",\"position\":1,\"name\":\"Home\",\"item\":\"https:\/\/instytutpolski.pl\/berlin\/\"},{\"@type\":\"ListItem\",\"position\":2,\"name\":\"Chleb i s\u00f3l\"}]},{\"@type\":\"WebSite\",\"@id\":\"https:\/\/instytutpolski.pl\/berlin\/#website\",\"url\":\"https:\/\/instytutpolski.pl\/berlin\/\",\"name\":\"Instytut Polski w Berlinie\",\"description\":\"Instytuty Polskie\",\"potentialAction\":[{\"@type\":\"SearchAction\",\"target\":{\"@type\":\"EntryPoint\",\"urlTemplate\":\"https:\/\/instytutpolski.pl\/berlin\/?s={search_term_string}\"},\"query-input\":{\"@type\":\"PropertyValueSpecification\",\"valueRequired\":true,\"valueName\":\"search_term_string\"}}],\"inLanguage\":\"pl-PL\"}]}<\/script>\n<!-- \/ Yoast SEO plugin. -->","yoast_head_json":{"title":"Chleb i s\u00f3l - Instytut Polski w Berlinie","robots":{"index":"index","follow":"follow","max-snippet":"max-snippet:-1","max-image-preview":"max-image-preview:large","max-video-preview":"max-video-preview:-1"},"canonical":"https:\/\/instytutpolski.pl\/berlin\/filme\/film\/chleb-i-sol\/","og_locale":"pl_PL","og_type":"article","og_title":"Chleb i s\u00f3l - Instytut Polski w Berlinie","og_description":"Chleb i s\u00f3l \/ Brot und Salz PL 2022R\/B: Damian Kocur99 min, OmdUK: Tomasz Wo\u017aniczkaS: Alan ZejerD: Tymoteusz Bies, Jacek Bies u.\u00a0a. Der Student Tymoteusz hat mit seinem Klavierspiel schon Preise gewonnen und es ins Fernsehen geschafft. \u00dcber den Sommer kehrt er in seine trostlose Heimatstadt zur\u00fcck, wo seit seinem Weggang die Welt stehen geblieben [&hellip;]","og_url":"https:\/\/instytutpolski.pl\/berlin\/filme\/film\/chleb-i-sol\/","og_site_name":"Instytut Polski w Berlinie","article_modified_time":"2023-08-07T08:39:19+00:00","og_image":[{"width":2560,"height":1781,"url":"https:\/\/instytutpolski.pl\/berlin\/wp-content\/uploads\/sites\/3\/2023\/07\/Chleb-i-so\u0301l-6-scaled.jpg","type":"image\/jpeg"}],"twitter_card":"summary_large_image","twitter_misc":{"Szacowany czas czytania":"2 minuty"},"schema":{"@context":"https:\/\/schema.org","@graph":[{"@type":"WebPage","@id":"https:\/\/instytutpolski.pl\/berlin\/filme\/film\/chleb-i-sol\/","url":"https:\/\/instytutpolski.pl\/berlin\/filme\/film\/chleb-i-sol\/","name":"Chleb i s\u00f3l - Instytut Polski w Berlinie","isPartOf":{"@id":"https:\/\/instytutpolski.pl\/berlin\/#website"},"primaryImageOfPage":{"@id":"https:\/\/instytutpolski.pl\/berlin\/filme\/film\/chleb-i-sol\/#primaryimage"},"image":{"@id":"https:\/\/instytutpolski.pl\/berlin\/filme\/film\/chleb-i-sol\/#primaryimage"},"thumbnailUrl":"https:\/\/instytutpolski.pl\/berlin\/wp-content\/uploads\/sites\/3\/2023\/07\/Chleb-i-so\u0301l-6-scaled.jpg","datePublished":"2023-07-30T23:09:07+00:00","dateModified":"2023-08-07T08:39:19+00:00","breadcrumb":{"@id":"https:\/\/instytutpolski.pl\/berlin\/filme\/film\/chleb-i-sol\/#breadcrumb"},"inLanguage":"pl-PL","potentialAction":[{"@type":"ReadAction","target":["https:\/\/instytutpolski.pl\/berlin\/filme\/film\/chleb-i-sol\/"]}]},{"@type":"ImageObject","inLanguage":"pl-PL","@id":"https:\/\/instytutpolski.pl\/berlin\/filme\/film\/chleb-i-sol\/#primaryimage","url":"https:\/\/instytutpolski.pl\/berlin\/wp-content\/uploads\/sites\/3\/2023\/07\/Chleb-i-so\u0301l-6-scaled.jpg","contentUrl":"https:\/\/instytutpolski.pl\/berlin\/wp-content\/uploads\/sites\/3\/2023\/07\/Chleb-i-so\u0301l-6-scaled.jpg","width":2560,"height":1781},{"@type":"BreadcrumbList","@id":"https:\/\/instytutpolski.pl\/berlin\/filme\/film\/chleb-i-sol\/#breadcrumb","itemListElement":[{"@type":"ListItem","position":1,"name":"Home","item":"https:\/\/instytutpolski.pl\/berlin\/"},{"@type":"ListItem","position":2,"name":"Chleb i s\u00f3l"}]},{"@type":"WebSite","@id":"https:\/\/instytutpolski.pl\/berlin\/#website","url":"https:\/\/instytutpolski.pl\/berlin\/","name":"Instytut Polski w Berlinie","description":"Instytuty Polskie","potentialAction":[{"@type":"SearchAction","target":{"@type":"EntryPoint","urlTemplate":"https:\/\/instytutpolski.pl\/berlin\/?s={search_term_string}"},"query-input":{"@type":"PropertyValueSpecification","valueRequired":true,"valueName":"search_term_string"}}],"inLanguage":"pl-PL"}]}},"_links":{"self":[{"href":"https:\/\/instytutpolski.pl\/berlin\/wp-json\/wp\/v2\/film\/5315","targetHints":{"allow":["GET"]}}],"collection":[{"href":"https:\/\/instytutpolski.pl\/berlin\/wp-json\/wp\/v2\/film"}],"about":[{"href":"https:\/\/instytutpolski.pl\/berlin\/wp-json\/wp\/v2\/types\/film"}],"wp:featuredmedia":[{"embeddable":true,"href":"https:\/\/instytutpolski.pl\/berlin\/wp-json\/wp\/v2\/media\/5316"}],"wp:attachment":[{"href":"https:\/\/instytutpolski.pl\/berlin\/wp-json\/wp\/v2\/media?parent=5315"}],"wp:term":[{"taxonomy":"letter","embeddable":true,"href":"https:\/\/instytutpolski.pl\/berlin\/wp-json\/wp\/v2\/letter?post=5315"},{"taxonomy":"film-category","embeddable":true,"href":"https:\/\/instytutpolski.pl\/berlin\/wp-json\/wp\/v2\/film-category?post=5315"}],"curies":[{"name":"wp","href":"https:\/\/api.w.org\/{rel}","templated":true}]}}

Chleb i sól

<p><b>Chleb i sól / Brot und Salz<br /><br /></b><span style="font-weight: 400">PL 2022<br /></span><span style="font-weight: 400">R/B: Damian Kocur<br /></span><span style="font-weight: 400">99 min, OmdU<br /></span><span style="font-weight: 400">K: Tomasz Woźniczka<br /></span><span style="font-weight: 400">S: Alan Zejer<br /></span><span style="font-weight: 400">D: Tymoteusz Bies, Jacek Bies u. a.<br /><br /></span><span style="font-weight: 400">Der Student Tymoteusz hat mit seinem Klavierspiel schon Preise gewonnen und es ins Fernsehen geschafft. Über den Sommer kehrt er in seine trostlose Heimatstadt zurück, wo seit seinem Weggang die Welt stehen geblieben zu sein scheint. Die alten Kumpels aus dem Block hängen immer noch in der Gegend herum, kiffen, trinken Dosenbier, labern viel, träumen von Abenteuern in der großen weiten Welt und kommen aus ihrem Viereck aus Badesee, Skatepark, Spielplatz und Dönerimbiss doch nicht heraus.<br /><br /></span><span style="font-weight: 400">Auch Tymoteusz‘ Bruder Jacek gehört zur Clique – ebenfalls ein begabter Pianist, der aber seit einer missglückten Bewerbung das Klavier verstimmt einstauben lässt. Statt sich Hoffnungen und Träumen hinzugeben, versinkt er resigniert im provinziellen Sumpf aus Langeweile, Perspektivlosigkeit, Homophobie und plumpem Rassismus. Denn die Wut über das so früh gescheiterte Leben der Jugendlichen muss sich irgendwo entladen – warum nicht bei diesen fremden Typen, die so verdächtig verschlossenen einen Döner nach dem anderen zubereiten?<br /><br /></span><span style="font-weight: 400">Wie eine Granate schlug der formal eigenständige, lose an zeithistorische Ereignisse anknüpfende Debüt-Langfilm in der polnischen Szene ein. Mit Fingerspitzengefühl, Präzision und stilistischem Selbstbewusstsein, die für einen Newcomer ungewöhnlich ausgereift sind, erzählt er scheinbar beiläufig eine semidokumentarische Geschichte in der Ästhetik eines frühen Andreas Dresden, die – ganz ohne Musik und virtuos im beengenden Seitenverhältnis 4:3 geschnitten – durch schmerzhafte Authentizität besticht. Denn die Laien-Darsteller*innen spielen sich selbst und ihre eigenen Geschichten.</span><i><span style="font-weight: 400"> [Rainer Mende]<br /><br /></span></i><b>Damian Kocur</b><span style="font-weight: 400"> (geb. 1983 in Katowice) studierte an der Schlesischen Universität Katowice. Als Regisseur veröffentlichte er acht teilweise preisgekrönte kurze Spiel- und Dokumentarfilme, bevor er mit „Chleb i sól“ einen Jurypreis beim Filmfestival von Venedig und zahlreiche weitere Preise gewann.<br /><br /></span><strong><i>11.09. / 20:00 / Sputnik<br /></i><i>12.09. / 20:30 / Bundesplatz-Kino / in Kooperation mit dem FilmFestival Cottbus / zu Gast: Bernd Buder<br /></i><i>13.09. / 20:00 / fsk Kino</i></strong></p>

<!-- This site is optimized with the Yoast SEO plugin v24.6 - https://yoast.com/wordpress/plugins/seo/ -->
<title>Chleb i sól - Instytut Polski w Berlinie</title>
<meta name="robots" content="index, follow, max-snippet:-1, max-image-preview:large, max-video-preview:-1" />
<link rel="canonical" href="https://instytutpolski.pl/berlin/filme/film/chleb-i-sol/" />
<meta property="og:locale" content="pl_PL" />
<meta property="og:type" content="article" />
<meta property="og:title" content="Chleb i sól - Instytut Polski w Berlinie" />
<meta property="og:description" content="Chleb i sól / Brot und Salz PL 2022R/B: Damian Kocur99 min, OmdUK: Tomasz WoźniczkaS: Alan ZejerD: Tymoteusz Bies, Jacek Bies u. a. Der Student Tymoteusz hat mit seinem Klavierspiel schon Preise gewonnen und es ins Fernsehen geschafft. Über den Sommer kehrt er in seine trostlose Heimatstadt zurück, wo seit seinem Weggang die Welt stehen geblieben [&hellip;]" />
<meta property="og:url" content="https://instytutpolski.pl/berlin/filme/film/chleb-i-sol/" />
<meta property="og:site_name" content="Instytut Polski w Berlinie" />
<meta property="article:modified_time" content="2023-08-07T08:39:19+00:00" />
<meta property="og:image" content="https://instytutpolski.pl/berlin/wp-content/uploads/sites/3/2023/07/Chleb-i-sól-6-scaled.jpg" />
	<meta property="og:image:width" content="2560" />
	<meta property="og:image:height" content="1781" />
	<meta property="og:image:type" content="image/jpeg" />
<meta name="twitter:card" content="summary_large_image" />
<meta name="twitter:label1" content="Szacowany czas czytania" />
	<meta name="twitter:data1" content="2 minuty" />
<script type="application/ld+json" class="yoast-schema-graph">{"@context":"https://schema.org","@graph":[{"@type":"WebPage","@id":"https://instytutpolski.pl/berlin/filme/film/chleb-i-sol/","url":"https://instytutpolski.pl/berlin/filme/film/chleb-i-sol/","name":"Chleb i sól - Instytut Polski w Berlinie","isPartOf":{"@id":"https://instytutpolski.pl/berlin/#website"},"primaryImageOfPage":{"@id":"https://instytutpolski.pl/berlin/filme/film/chleb-i-sol/#primaryimage"},"image":{"@id":"https://instytutpolski.pl/berlin/filme/film/chleb-i-sol/#primaryimage"},"thumbnailUrl":"https://instytutpolski.pl/berlin/wp-content/uploads/sites/3/2023/07/Chleb-i-sól-6-scaled.jpg","datePublished":"2023-07-30T23:09:07+00:00","dateModified":"2023-08-07T08:39:19+00:00","breadcrumb":{"@id":"https://instytutpolski.pl/berlin/filme/film/chleb-i-sol/#breadcrumb"},"inLanguage":"pl-PL","potentialAction":[{"@type":"ReadAction","target":["https://instytutpolski.pl/berlin/filme/film/chleb-i-sol/"]}]},{"@type":"ImageObject","inLanguage":"pl-PL","@id":"https://instytutpolski.pl/berlin/filme/film/chleb-i-sol/#primaryimage","url":"https://instytutpolski.pl/berlin/wp-content/uploads/sites/3/2023/07/Chleb-i-sól-6-scaled.jpg","contentUrl":"https://instytutpolski.pl/berlin/wp-content/uploads/sites/3/2023/07/Chleb-i-sól-6-scaled.jpg","width":2560,"height":1781},{"@type":"BreadcrumbList","@id":"https://instytutpolski.pl/berlin/filme/film/chleb-i-sol/#breadcrumb","itemListElement":[{"@type":"ListItem","position":1,"name":"Home","item":"https://instytutpolski.pl/berlin/"},{"@type":"ListItem","position":2,"name":"Chleb i sól"}]},{"@type":"WebSite","@id":"https://instytutpolski.pl/berlin/#website","url":"https://instytutpolski.pl/berlin/","name":"Instytut Polski w Berlinie","description":"Instytuty Polskie","potentialAction":[{"@type":"SearchAction","target":{"@type":"EntryPoint","urlTemplate":"https://instytutpolski.pl/berlin/?s={search_term_string}"},"query-input":{"@type":"PropertyValueSpecification","valueRequired":true,"valueName":"search_term_string"}}],"inLanguage":"pl-PL"}]}</script>
<!-- / Yoast SEO plugin. -->

Chleb i sól - Instytut Polski w Berlinie

Chleb i sól / Brot und Salz PL 2022R/B: Damian Kocur99 min, OmdUK: Tomasz WoźniczkaS: Alan ZejerD: Tymoteusz Bies, Jacek Bies u. a. Der Student Tymoteusz hat mit seinem Klavierspiel schon Preise gewonnen und es ins Fernsehen geschafft. Über den Sommer kehrt er in seine trostlose Heimatstadt zurück, wo seit seinem Weggang die Welt stehen geblieben [&hellip;]
