{"id":5354,"date":"2023-07-31T02:22:15","date_gmt":"2023-07-31T00:22:15","guid":{"rendered":"https:\/\/instytutpolski.pl\/berlin\/?post_type=film&#038;p=5354"},"modified":"2023-08-03T09:54:43","modified_gmt":"2023-08-03T07:54:43","slug":"bejbi-blues","status":"publish","type":"film","link":"https:\/\/instytutpolski.pl\/berlin\/filme\/film\/bejbi-blues\/","title":{"rendered":"Baby Blues"},"content":{"rendered":"\n<p><b>Baby Blues<br \/><br \/><\/b><span style=\"font-weight: 400\">PL 2012<br \/><\/span><span style=\"font-weight: 400\">R\/B: Katarzyna Ros\u0142aniec<br \/><\/span><span style=\"font-weight: 400\">101 min, OmeU<br \/><\/span><span style=\"font-weight: 400\">K: Jens Ramborg<br \/><\/span><span style=\"font-weight: 400\">S: Bartosz Pietras &amp; Jacek Drosio<br \/><\/span><span style=\"font-weight: 400\">D: Magdalena Berus, Nikodem Rozbicki, Klaudia Bu\u0142ka, Micha\u0142 Trzeciakowski, Magdalena Boczarska, Renata Dancewicz, Katarzyna Figura, Jan Frycz, Mateusz Ko\u015bciukiewicz, Danuta Stenka u.\u00a0a.<br \/><br \/><\/span><span style=\"font-weight: 400\">Natalia ist siebzehn und bekommt ein Kind. Beinahe scheint es, als ginge es ihr vor allem um die Aufmerksamkeit, die das Kind ihr verschafft. Vielleicht sucht sie auch blo\u00df jene pers\u00f6nliche N\u00e4he, die ihr in der eigenen Familie fehlt. Aber das Muttersein ist ein Vollzeitjob. Wie geht jemand, der im Herzen noch ein halbes Kind ist, damit um, dass zwischen den Heile-Welt-Szenarien der Massenmedien und der Realit\u00e4t eine tiefe Kluft liegt? Natalia jedenfalls kann und will sich nicht ins vorherrschende Rollenmuster der f\u00fcrsorglichen Mutter f\u00fcgen.<br \/><br \/><\/span><b>Katarzyna Ros\u0142aniec<\/b><span style=\"font-weight: 400\"> (geb. 1980 in Malbork) wurde nach dem Filmstudium in Warschau durch \u201e<\/span><span style=\"font-weight: 400\">Galerianki\u201c<\/span> <span style=\"font-weight: 400\">(2009) <\/span><span style=\"font-weight: 400\">bekannt<\/span><span style=\"font-weight: 400\">. Schon damals galt ihr Interesse jungen heranwachsenden Frauen, die von Statussymbolen abh\u00e4ngig sind und sich f\u00fcr die Erf\u00fcllung ihrer Konsumtr\u00e4ume sogar prostituieren. \u201eBejbi Blues\u201c, inszeniert <\/span><span style=\"font-weight: 400\">in bunten Werbeclip-Farben mit Laiendarstellerinnen, sucht nicht nach individueller Schuld, sondern beschreibt ein ganzes Geflecht aus Wechselwirkungen, die zum Scheitern der Heldin f\u00fchren. <\/span><i><span style=\"font-weight: 400\">[Rainer Mende]<br \/><br \/><\/span><\/i><i><span style=\"font-weight: 400\"><strong>17.09. \/ 18:00 \/ Zeughauskino<\/strong><br \/><br \/><br \/>Foto \u00a9 \u0141ukasz Niewiadomski<\/span><\/i><\/p>\n","protected":false},"featured_media":5355,"parent":0,"menu_order":0,"template":"","letter":[230],"film-category":[],"class_list":["post-5354","film","type-film","status-publish","has-post-thumbnail","hentry","letter-b"],"yoast_head":"<!-- This site is optimized with the Yoast SEO plugin v24.6 - https:\/\/yoast.com\/wordpress\/plugins\/seo\/ -->\n<title>Baby Blues - Instytut Polski w Berlinie<\/title>\n<meta name=\"robots\" content=\"index, follow, max-snippet:-1, max-image-preview:large, max-video-preview:-1\" \/>\n<link rel=\"canonical\" href=\"https:\/\/instytutpolski.pl\/berlin\/filme\/film\/bejbi-blues\/\" \/>\n<meta property=\"og:locale\" content=\"pl_PL\" \/>\n<meta property=\"og:type\" content=\"article\" \/>\n<meta property=\"og:title\" content=\"Baby Blues - Instytut Polski w Berlinie\" \/>\n<meta property=\"og:description\" content=\"Baby Blues PL 2012R\/B: Katarzyna Ros\u0142aniec101 min, OmeUK: Jens RamborgS: Bartosz Pietras &amp; Jacek DrosioD: Magdalena Berus, Nikodem Rozbicki, Klaudia Bu\u0142ka, Micha\u0142 Trzeciakowski, Magdalena Boczarska, Renata Dancewicz, Katarzyna Figura, Jan Frycz, Mateusz Ko\u015bciukiewicz, Danuta Stenka u.\u00a0a. Natalia ist siebzehn und bekommt ein Kind. Beinahe scheint es, als ginge es ihr vor allem um die Aufmerksamkeit, [&hellip;]\" \/>\n<meta property=\"og:url\" content=\"https:\/\/instytutpolski.pl\/berlin\/filme\/film\/bejbi-blues\/\" \/>\n<meta property=\"og:site_name\" content=\"Instytut Polski w Berlinie\" \/>\n<meta property=\"article:modified_time\" content=\"2023-08-03T07:54:43+00:00\" \/>\n<meta property=\"og:image\" content=\"https:\/\/instytutpolski.pl\/berlin\/wp-content\/uploads\/sites\/3\/2023\/07\/bejbi-blues-1024x535.png\" \/>\n\t<meta property=\"og:image:width\" content=\"1024\" \/>\n\t<meta property=\"og:image:height\" content=\"535\" \/>\n\t<meta property=\"og:image:type\" content=\"image\/png\" \/>\n<meta name=\"twitter:card\" content=\"summary_large_image\" \/>\n<meta name=\"twitter:label1\" content=\"Szacowany czas czytania\" \/>\n\t<meta name=\"twitter:data1\" content=\"2 minuty\" \/>\n<script type=\"application\/ld+json\" class=\"yoast-schema-graph\">{\"@context\":\"https:\/\/schema.org\",\"@graph\":[{\"@type\":\"WebPage\",\"@id\":\"https:\/\/instytutpolski.pl\/berlin\/filme\/film\/bejbi-blues\/\",\"url\":\"https:\/\/instytutpolski.pl\/berlin\/filme\/film\/bejbi-blues\/\",\"name\":\"Baby Blues - Instytut Polski w Berlinie\",\"isPartOf\":{\"@id\":\"https:\/\/instytutpolski.pl\/berlin\/#website\"},\"primaryImageOfPage\":{\"@id\":\"https:\/\/instytutpolski.pl\/berlin\/filme\/film\/bejbi-blues\/#primaryimage\"},\"image\":{\"@id\":\"https:\/\/instytutpolski.pl\/berlin\/filme\/film\/bejbi-blues\/#primaryimage\"},\"thumbnailUrl\":\"https:\/\/instytutpolski.pl\/berlin\/wp-content\/uploads\/sites\/3\/2023\/07\/bejbi-blues.png\",\"datePublished\":\"2023-07-31T00:22:15+00:00\",\"dateModified\":\"2023-08-03T07:54:43+00:00\",\"breadcrumb\":{\"@id\":\"https:\/\/instytutpolski.pl\/berlin\/filme\/film\/bejbi-blues\/#breadcrumb\"},\"inLanguage\":\"pl-PL\",\"potentialAction\":[{\"@type\":\"ReadAction\",\"target\":[\"https:\/\/instytutpolski.pl\/berlin\/filme\/film\/bejbi-blues\/\"]}]},{\"@type\":\"ImageObject\",\"inLanguage\":\"pl-PL\",\"@id\":\"https:\/\/instytutpolski.pl\/berlin\/filme\/film\/bejbi-blues\/#primaryimage\",\"url\":\"https:\/\/instytutpolski.pl\/berlin\/wp-content\/uploads\/sites\/3\/2023\/07\/bejbi-blues.png\",\"contentUrl\":\"https:\/\/instytutpolski.pl\/berlin\/wp-content\/uploads\/sites\/3\/2023\/07\/bejbi-blues.png\",\"width\":1440,\"height\":752},{\"@type\":\"BreadcrumbList\",\"@id\":\"https:\/\/instytutpolski.pl\/berlin\/filme\/film\/bejbi-blues\/#breadcrumb\",\"itemListElement\":[{\"@type\":\"ListItem\",\"position\":1,\"name\":\"Home\",\"item\":\"https:\/\/instytutpolski.pl\/berlin\/\"},{\"@type\":\"ListItem\",\"position\":2,\"name\":\"Baby Blues\"}]},{\"@type\":\"WebSite\",\"@id\":\"https:\/\/instytutpolski.pl\/berlin\/#website\",\"url\":\"https:\/\/instytutpolski.pl\/berlin\/\",\"name\":\"Instytut Polski w Berlinie\",\"description\":\"Instytuty Polskie\",\"potentialAction\":[{\"@type\":\"SearchAction\",\"target\":{\"@type\":\"EntryPoint\",\"urlTemplate\":\"https:\/\/instytutpolski.pl\/berlin\/?s={search_term_string}\"},\"query-input\":{\"@type\":\"PropertyValueSpecification\",\"valueRequired\":true,\"valueName\":\"search_term_string\"}}],\"inLanguage\":\"pl-PL\"}]}<\/script>\n<!-- \/ Yoast SEO plugin. -->","yoast_head_json":{"title":"Baby Blues - Instytut Polski w Berlinie","robots":{"index":"index","follow":"follow","max-snippet":"max-snippet:-1","max-image-preview":"max-image-preview:large","max-video-preview":"max-video-preview:-1"},"canonical":"https:\/\/instytutpolski.pl\/berlin\/filme\/film\/bejbi-blues\/","og_locale":"pl_PL","og_type":"article","og_title":"Baby Blues - Instytut Polski w Berlinie","og_description":"Baby Blues PL 2012R\/B: Katarzyna Ros\u0142aniec101 min, OmeUK: Jens RamborgS: Bartosz Pietras &amp; Jacek DrosioD: Magdalena Berus, Nikodem Rozbicki, Klaudia Bu\u0142ka, Micha\u0142 Trzeciakowski, Magdalena Boczarska, Renata Dancewicz, Katarzyna Figura, Jan Frycz, Mateusz Ko\u015bciukiewicz, Danuta Stenka u.\u00a0a. Natalia ist siebzehn und bekommt ein Kind. Beinahe scheint es, als ginge es ihr vor allem um die Aufmerksamkeit, [&hellip;]","og_url":"https:\/\/instytutpolski.pl\/berlin\/filme\/film\/bejbi-blues\/","og_site_name":"Instytut Polski w Berlinie","article_modified_time":"2023-08-03T07:54:43+00:00","og_image":[{"width":1024,"height":535,"url":"https:\/\/instytutpolski.pl\/berlin\/wp-content\/uploads\/sites\/3\/2023\/07\/bejbi-blues-1024x535.png","type":"image\/png"}],"twitter_card":"summary_large_image","twitter_misc":{"Szacowany czas czytania":"2 minuty"},"schema":{"@context":"https:\/\/schema.org","@graph":[{"@type":"WebPage","@id":"https:\/\/instytutpolski.pl\/berlin\/filme\/film\/bejbi-blues\/","url":"https:\/\/instytutpolski.pl\/berlin\/filme\/film\/bejbi-blues\/","name":"Baby Blues - Instytut Polski w Berlinie","isPartOf":{"@id":"https:\/\/instytutpolski.pl\/berlin\/#website"},"primaryImageOfPage":{"@id":"https:\/\/instytutpolski.pl\/berlin\/filme\/film\/bejbi-blues\/#primaryimage"},"image":{"@id":"https:\/\/instytutpolski.pl\/berlin\/filme\/film\/bejbi-blues\/#primaryimage"},"thumbnailUrl":"https:\/\/instytutpolski.pl\/berlin\/wp-content\/uploads\/sites\/3\/2023\/07\/bejbi-blues.png","datePublished":"2023-07-31T00:22:15+00:00","dateModified":"2023-08-03T07:54:43+00:00","breadcrumb":{"@id":"https:\/\/instytutpolski.pl\/berlin\/filme\/film\/bejbi-blues\/#breadcrumb"},"inLanguage":"pl-PL","potentialAction":[{"@type":"ReadAction","target":["https:\/\/instytutpolski.pl\/berlin\/filme\/film\/bejbi-blues\/"]}]},{"@type":"ImageObject","inLanguage":"pl-PL","@id":"https:\/\/instytutpolski.pl\/berlin\/filme\/film\/bejbi-blues\/#primaryimage","url":"https:\/\/instytutpolski.pl\/berlin\/wp-content\/uploads\/sites\/3\/2023\/07\/bejbi-blues.png","contentUrl":"https:\/\/instytutpolski.pl\/berlin\/wp-content\/uploads\/sites\/3\/2023\/07\/bejbi-blues.png","width":1440,"height":752},{"@type":"BreadcrumbList","@id":"https:\/\/instytutpolski.pl\/berlin\/filme\/film\/bejbi-blues\/#breadcrumb","itemListElement":[{"@type":"ListItem","position":1,"name":"Home","item":"https:\/\/instytutpolski.pl\/berlin\/"},{"@type":"ListItem","position":2,"name":"Baby Blues"}]},{"@type":"WebSite","@id":"https:\/\/instytutpolski.pl\/berlin\/#website","url":"https:\/\/instytutpolski.pl\/berlin\/","name":"Instytut Polski w Berlinie","description":"Instytuty Polskie","potentialAction":[{"@type":"SearchAction","target":{"@type":"EntryPoint","urlTemplate":"https:\/\/instytutpolski.pl\/berlin\/?s={search_term_string}"},"query-input":{"@type":"PropertyValueSpecification","valueRequired":true,"valueName":"search_term_string"}}],"inLanguage":"pl-PL"}]}},"_links":{"self":[{"href":"https:\/\/instytutpolski.pl\/berlin\/wp-json\/wp\/v2\/film\/5354","targetHints":{"allow":["GET"]}}],"collection":[{"href":"https:\/\/instytutpolski.pl\/berlin\/wp-json\/wp\/v2\/film"}],"about":[{"href":"https:\/\/instytutpolski.pl\/berlin\/wp-json\/wp\/v2\/types\/film"}],"wp:featuredmedia":[{"embeddable":true,"href":"https:\/\/instytutpolski.pl\/berlin\/wp-json\/wp\/v2\/media\/5355"}],"wp:attachment":[{"href":"https:\/\/instytutpolski.pl\/berlin\/wp-json\/wp\/v2\/media?parent=5354"}],"wp:term":[{"taxonomy":"letter","embeddable":true,"href":"https:\/\/instytutpolski.pl\/berlin\/wp-json\/wp\/v2\/letter?post=5354"},{"taxonomy":"film-category","embeddable":true,"href":"https:\/\/instytutpolski.pl\/berlin\/wp-json\/wp\/v2\/film-category?post=5354"}],"curies":[{"name":"wp","href":"https:\/\/api.w.org\/{rel}","templated":true}]}}

<p><b>Baby Blues<br /><br /></b><span style="font-weight: 400">PL 2012<br /></span><span style="font-weight: 400">R/B: Katarzyna Rosłaniec<br /></span><span style="font-weight: 400">101 min, OmeU<br /></span><span style="font-weight: 400">K: Jens Ramborg<br /></span><span style="font-weight: 400">S: Bartosz Pietras &amp; Jacek Drosio<br /></span><span style="font-weight: 400">D: Magdalena Berus, Nikodem Rozbicki, Klaudia Bułka, Michał Trzeciakowski, Magdalena Boczarska, Renata Dancewicz, Katarzyna Figura, Jan Frycz, Mateusz Kościukiewicz, Danuta Stenka u. a.<br /><br /></span><span style="font-weight: 400">Natalia ist siebzehn und bekommt ein Kind. Beinahe scheint es, als ginge es ihr vor allem um die Aufmerksamkeit, die das Kind ihr verschafft. Vielleicht sucht sie auch bloß jene persönliche Nähe, die ihr in der eigenen Familie fehlt. Aber das Muttersein ist ein Vollzeitjob. Wie geht jemand, der im Herzen noch ein halbes Kind ist, damit um, dass zwischen den Heile-Welt-Szenarien der Massenmedien und der Realität eine tiefe Kluft liegt? Natalia jedenfalls kann und will sich nicht ins vorherrschende Rollenmuster der fürsorglichen Mutter fügen.<br /><br /></span><b>Katarzyna Rosłaniec</b><span style="font-weight: 400"> (geb. 1980 in Malbork) wurde nach dem Filmstudium in Warschau durch „</span><span style="font-weight: 400">Galerianki“</span> <span style="font-weight: 400">(2009) </span><span style="font-weight: 400">bekannt</span><span style="font-weight: 400">. Schon damals galt ihr Interesse jungen heranwachsenden Frauen, die von Statussymbolen abhängig sind und sich für die Erfüllung ihrer Konsumträume sogar prostituieren. „Bejbi Blues“, inszeniert </span><span style="font-weight: 400">in bunten Werbeclip-Farben mit Laiendarstellerinnen, sucht nicht nach individueller Schuld, sondern beschreibt ein ganzes Geflecht aus Wechselwirkungen, die zum Scheitern der Heldin führen. </span><i><span style="font-weight: 400">[Rainer Mende]<br /><br /></span></i><i><span style="font-weight: 400"><strong>17.09. / 18:00 / Zeughauskino</strong><br /><br /><br />Foto © Łukasz Niewiadomski</span></i></p>

<!-- This site is optimized with the Yoast SEO plugin v24.6 - https://yoast.com/wordpress/plugins/seo/ -->
<title>Baby Blues - Instytut Polski w Berlinie</title>
<meta name="robots" content="index, follow, max-snippet:-1, max-image-preview:large, max-video-preview:-1" />
<link rel="canonical" href="https://instytutpolski.pl/berlin/filme/film/bejbi-blues/" />
<meta property="og:locale" content="pl_PL" />
<meta property="og:type" content="article" />
<meta property="og:title" content="Baby Blues - Instytut Polski w Berlinie" />
<meta property="og:description" content="Baby Blues PL 2012R/B: Katarzyna Rosłaniec101 min, OmeUK: Jens RamborgS: Bartosz Pietras &amp; Jacek DrosioD: Magdalena Berus, Nikodem Rozbicki, Klaudia Bułka, Michał Trzeciakowski, Magdalena Boczarska, Renata Dancewicz, Katarzyna Figura, Jan Frycz, Mateusz Kościukiewicz, Danuta Stenka u. a. Natalia ist siebzehn und bekommt ein Kind. Beinahe scheint es, als ginge es ihr vor allem um die Aufmerksamkeit, [&hellip;]" />
<meta property="og:url" content="https://instytutpolski.pl/berlin/filme/film/bejbi-blues/" />
<meta property="og:site_name" content="Instytut Polski w Berlinie" />
<meta property="article:modified_time" content="2023-08-03T07:54:43+00:00" />
<meta property="og:image" content="https://instytutpolski.pl/berlin/wp-content/uploads/sites/3/2023/07/bejbi-blues-1024x535.png" />
	<meta property="og:image:width" content="1024" />
	<meta property="og:image:height" content="535" />
	<meta property="og:image:type" content="image/png" />
<meta name="twitter:card" content="summary_large_image" />
<meta name="twitter:label1" content="Szacowany czas czytania" />
	<meta name="twitter:data1" content="2 minuty" />
<script type="application/ld+json" class="yoast-schema-graph">{"@context":"https://schema.org","@graph":[{"@type":"WebPage","@id":"https://instytutpolski.pl/berlin/filme/film/bejbi-blues/","url":"https://instytutpolski.pl/berlin/filme/film/bejbi-blues/","name":"Baby Blues - Instytut Polski w Berlinie","isPartOf":{"@id":"https://instytutpolski.pl/berlin/#website"},"primaryImageOfPage":{"@id":"https://instytutpolski.pl/berlin/filme/film/bejbi-blues/#primaryimage"},"image":{"@id":"https://instytutpolski.pl/berlin/filme/film/bejbi-blues/#primaryimage"},"thumbnailUrl":"https://instytutpolski.pl/berlin/wp-content/uploads/sites/3/2023/07/bejbi-blues.png","datePublished":"2023-07-31T00:22:15+00:00","dateModified":"2023-08-03T07:54:43+00:00","breadcrumb":{"@id":"https://instytutpolski.pl/berlin/filme/film/bejbi-blues/#breadcrumb"},"inLanguage":"pl-PL","potentialAction":[{"@type":"ReadAction","target":["https://instytutpolski.pl/berlin/filme/film/bejbi-blues/"]}]},{"@type":"ImageObject","inLanguage":"pl-PL","@id":"https://instytutpolski.pl/berlin/filme/film/bejbi-blues/#primaryimage","url":"https://instytutpolski.pl/berlin/wp-content/uploads/sites/3/2023/07/bejbi-blues.png","contentUrl":"https://instytutpolski.pl/berlin/wp-content/uploads/sites/3/2023/07/bejbi-blues.png","width":1440,"height":752},{"@type":"BreadcrumbList","@id":"https://instytutpolski.pl/berlin/filme/film/bejbi-blues/#breadcrumb","itemListElement":[{"@type":"ListItem","position":1,"name":"Home","item":"https://instytutpolski.pl/berlin/"},{"@type":"ListItem","position":2,"name":"Baby Blues"}]},{"@type":"WebSite","@id":"https://instytutpolski.pl/berlin/#website","url":"https://instytutpolski.pl/berlin/","name":"Instytut Polski w Berlinie","description":"Instytuty Polskie","potentialAction":[{"@type":"SearchAction","target":{"@type":"EntryPoint","urlTemplate":"https://instytutpolski.pl/berlin/?s={search_term_string}"},"query-input":{"@type":"PropertyValueSpecification","valueRequired":true,"valueName":"search_term_string"}}],"inLanguage":"pl-PL"}]}</script>
<!-- / Yoast SEO plugin. -->

Baby Blues PL 2012R/B: Katarzyna Rosłaniec101 min, OmeUK: Jens RamborgS: Bartosz Pietras &amp; Jacek DrosioD: Magdalena Berus, Nikodem Rozbicki, Klaudia Bułka, Michał Trzeciakowski, Magdalena Boczarska, Renata Dancewicz, Katarzyna Figura, Jan Frycz, Mateusz Kościukiewicz, Danuta Stenka u. a. Natalia ist siebzehn und bekommt ein Kind. Beinahe scheint es, als ginge es ihr vor allem um die Aufmerksamkeit, [&hellip;]
