{"id":10040,"date":"2025-08-05T15:10:46","date_gmt":"2025-08-05T13:10:46","guid":{"rendered":"https:\/\/instytutpolski.pl\/berlin\/?page_id=10040"},"modified":"2025-08-21T12:37:26","modified_gmt":"2025-08-21T10:37:26","slug":"filmpolska-party","status":"publish","type":"page","link":"https:\/\/instytutpolski.pl\/berlin\/20-filmpolska\/filmpolska-party\/","title":{"rendered":"filmPOLSKA-Party"},"content":{"rendered":"\n<h4><strong>20 Jahre filmPOLSKA x 20 Jahre Soul Service x 20 Jahre Roadrunner\u2018s<\/strong><\/h4>\n<p><br \/>an den Vinyl-Decks: <strong>Zura<\/strong> &amp; <strong>Burn Reynolds<\/strong><\/p>\n<p>Nicht nur filmPOLSKA feiert in diesem Jahr seine 20. Ausgabe, sondern auch das legend\u00e4re DJ-Kollektiv <a href=\"https:\/\/www.facebook.com\/soulservicedjteam\">Soul Service<\/a>. Mehr noch: Auch das <a href=\"http:\/\/www.roadrunners-paradise.de\/\">Roadrunner\u2018s Paradise<\/a> hat k\u00fcrzlich zu seinem 20. Jubil\u00e4um die Korken knallen lassen. Es gibt also exakt 20 + 20 + 20 = 60 Gr\u00fcnde, um gemeinsam durch die sp\u00e4tsommerliche Nacht zu tanzen, auf das polnische Kino anzusto\u00dfen und die j\u00fcngsten Leinwand-Erlebnisse zu diskutieren.<\/p>\n<p>Der polnische Zusammenschluss <a href=\"https:\/\/soundcloud.com\/soul-service\">Soul Service<\/a> aus DJs, Musikpromoter*innen, Veranstalter*innen und Produzent*innen f\u00f6rdert seit 2005 in Polen und im Ausland organische Retro-Kl\u00e4nge aus Funk, Soul und Jazz aus aller Welt, mit besonderem Augenmerk auf polnische Aufnahmen aus den 60er- und 70er-Jahren. Vinylplatten und handgemachte DJ-Kunst sind Markenzeichen der Gruppe \u2013 und jede Menge tanzbarer Grooooooove!<\/p>\n<p><a href=\"https:\/\/www.instagram.com\/soulservicedjteam\/\">Soul Service<\/a> begr\u00fcndete die inzwischen weltweit legend\u00e4re Plattenserie \u201e<a href=\"https:\/\/open.spotify.com\/intl-de\/album\/4vVF3z8ZZC7NNC1ad7LTfo\">Polish Funk<\/a>\u201c und ver\u00f6ffentlichte diverse weitere Zusammenstellungen von Aufnahmen aus Polen und Mittel-\/Osteuropa (u.\u00a0a. \u201e<a href=\"https:\/\/www.discogs.com\/release\/22917068-Various-Interwizje-East-European-Visions-Of-Groovy-Sound-1969-1982\">Interwizje. East European Visions Of Groovy Sound (1969\u20131982)<\/a>\u201c, \u201e<a href=\"https:\/\/www.discogs.com\/de\/master\/1364664-Various-Kroniki-Filmowe-Polish-Library-Music-1963-78\">Kroniki filmowe. Polish Library Music 1963\u201378<\/a>\u201c, \u201e<a href=\"https:\/\/www.discogs.com\/de\/release\/2780480-Various-Off-Season-Jazz-Grooves-From-Poland-1966-1989\">Off Season. Jazz &amp; Grooves From Poland 1966\u20131989<\/a>\u201c, \u201e<a href=\"https:\/\/www.discogs.com\/de\/release\/1802234-Various-Why-Not-Samba-Hot-Cocktail-Of-Tropical-Grooves-From-Cold-War-Poland\">Why Not Samba. Hot Cocktail Of Tropical Grooves From Cold War Poland<\/a>\u201c und \u201e<a href=\"https:\/\/www.discogs.com\/de\/release\/4885475-Various-Strange-Weekend-6070s-Rock-Funk-And-Psychedelic-Grooves-From-Poland\">Strange Weekend. 60\/70&#8217;s Rock, Funk And Psychedelic Grooves From Poland<\/a>\u201c) \u2013 vorzugsweise mit Perlen aus den Sixties und Seventies, die sonst in Vergessenheit geraten w\u00e4ren.<\/p>\n<p>In den vergangenen 20 Jahren konnte man die DJs in <a href=\"https:\/\/www.youtube.com\/live\/c0OVYDtEFa4?t=2891s\">Clubs<\/a> und auf Festivals in \u00fcber 20 L\u00e4ndern Europas und Asiens erleben. Au\u00dferdem moderierten sie Radiosendungen und luden zahlreiche ausl\u00e4ndische K\u00fcnstler*innen nach Polen ein. Jetzt kommen sie nach Berlin \u00a0und nehmen das Kino- und Club-Publikum mit auf eine Zeitreise in die goldene \u00c4ra der handgemachten Musik, zu der kein Tanzbein stehenbleiben kann.<\/p>\n<p><em><strong>13.09. \/ 22:00\u201304:00 \/ Roadrunner&#8217;s Paradise \/ Eintritt frei<\/strong><\/em><\/p>\n<p>\u00a0<\/p>\n<div id=\"attachment_10661\" style=\"width: 810px\" class=\"wp-caption aligncenter\"><img loading=\"lazy\" decoding=\"async\" aria-describedby=\"caption-attachment-10661\" class=\"wp-image-10661\" src=\"https:\/\/instytutpolski.pl\/berlin\/wp-content\/uploads\/sites\/3\/2025\/08\/2025-09-13-FILM-20.-filmPOLSKA-Party-20-Jahre-Soul-Service-c-Soul-Service_cut.jpg\" alt=\"\" width=\"800\" height=\"714\" srcset=\"https:\/\/instytutpolski.pl\/berlin\/wp-content\/uploads\/sites\/3\/2025\/08\/2025-09-13-FILM-20.-filmPOLSKA-Party-20-Jahre-Soul-Service-c-Soul-Service_cut.jpg 1282w, https:\/\/instytutpolski.pl\/berlin\/wp-content\/uploads\/sites\/3\/2025\/08\/2025-09-13-FILM-20.-filmPOLSKA-Party-20-Jahre-Soul-Service-c-Soul-Service_cut-300x268.jpg 300w, https:\/\/instytutpolski.pl\/berlin\/wp-content\/uploads\/sites\/3\/2025\/08\/2025-09-13-FILM-20.-filmPOLSKA-Party-20-Jahre-Soul-Service-c-Soul-Service_cut-1024x914.jpg 1024w, https:\/\/instytutpolski.pl\/berlin\/wp-content\/uploads\/sites\/3\/2025\/08\/2025-09-13-FILM-20.-filmPOLSKA-Party-20-Jahre-Soul-Service-c-Soul-Service_cut-768x685.jpg 768w\" sizes=\"auto, (max-width: 800px) 100vw, 800px\" \/><p id=\"caption-attachment-10661\" class=\"wp-caption-text\">\u00a9 Soul Service<\/p><\/div>\n\n\n\n\n\n\n","protected":false},"excerpt":{"rendered":"<p>20 Jahre filmPOLSKA x 20 Jahre Soul Service x 20 Jahre Roadrunner\u2018s an den Vinyl-Decks: Zura &amp; Burn Reynolds Nicht nur filmPOLSKA feiert in diesem Jahr seine 20. Ausgabe, sondern auch das legend\u00e4re DJ-Kollektiv Soul Service. Mehr noch: Auch das Roadrunner\u2018s Paradise hat k\u00fcrzlich zu seinem 20. Jubil\u00e4um die Korken knallen lassen. Es gibt also [&hellip;]<\/p>\n","protected":false},"author":79,"featured_media":9714,"parent":3457,"menu_order":0,"comment_status":"closed","ping_status":"closed","template":"","meta":{"inline_featured_image":false,"_monsterinsights_skip_tracking":false,"_monsterinsights_sitenote_active":false,"_monsterinsights_sitenote_note":"","_monsterinsights_sitenote_category":0,"footnotes":""},"class_list":["post-10040","page","type-page","status-publish","has-post-thumbnail","hentry"],"yoast_head":"<!-- This site is optimized with the Yoast SEO plugin v24.6 - https:\/\/yoast.com\/wordpress\/plugins\/seo\/ -->\n<title>filmPOLSKA-Party - Instytut Polski w Berlinie<\/title>\n<meta name=\"robots\" content=\"index, follow, max-snippet:-1, max-image-preview:large, max-video-preview:-1\" \/>\n<link rel=\"canonical\" href=\"https:\/\/instytutpolski.pl\/berlin\/20-filmpolska\/filmpolska-party\/\" \/>\n<meta property=\"og:locale\" content=\"pl_PL\" \/>\n<meta property=\"og:type\" content=\"article\" \/>\n<meta property=\"og:title\" content=\"filmPOLSKA-Party - Instytut Polski w Berlinie\" \/>\n<meta property=\"og:description\" content=\"20 Jahre filmPOLSKA x 20 Jahre Soul Service x 20 Jahre Roadrunner\u2018s an den Vinyl-Decks: Zura &amp; Burn Reynolds Nicht nur filmPOLSKA feiert in diesem Jahr seine 20. Ausgabe, sondern auch das legend\u00e4re DJ-Kollektiv Soul Service. Mehr noch: Auch das Roadrunner\u2018s Paradise hat k\u00fcrzlich zu seinem 20. Jubil\u00e4um die Korken knallen lassen. Es gibt also [&hellip;]\" \/>\n<meta property=\"og:url\" content=\"https:\/\/instytutpolski.pl\/berlin\/20-filmpolska\/filmpolska-party\/\" \/>\n<meta property=\"og:site_name\" content=\"Instytut Polski w Berlinie\" \/>\n<meta property=\"article:modified_time\" content=\"2025-08-21T10:37:26+00:00\" \/>\n<meta property=\"og:image\" content=\"https:\/\/instytutpolski.pl\/berlin\/wp-content\/uploads\/sites\/3\/2025\/08\/Zrzut-ekranu-2025-08-2-o-04.53.06.png\" \/>\n\t<meta property=\"og:image:width\" content=\"2306\" \/>\n\t<meta property=\"og:image:height\" content=\"870\" \/>\n\t<meta property=\"og:image:type\" content=\"image\/png\" \/>\n<meta name=\"twitter:card\" content=\"summary_large_image\" \/>\n<meta name=\"twitter:label1\" content=\"Szacowany czas czytania\" \/>\n\t<meta name=\"twitter:data1\" content=\"3 minuty\" \/>\n<script type=\"application\/ld+json\" class=\"yoast-schema-graph\">{\"@context\":\"https:\/\/schema.org\",\"@graph\":[{\"@type\":\"WebPage\",\"@id\":\"https:\/\/instytutpolski.pl\/berlin\/20-filmpolska\/filmpolska-party\/\",\"url\":\"https:\/\/instytutpolski.pl\/berlin\/20-filmpolska\/filmpolska-party\/\",\"name\":\"filmPOLSKA-Party - Instytut Polski w Berlinie\",\"isPartOf\":{\"@id\":\"https:\/\/instytutpolski.pl\/berlin\/#website\"},\"primaryImageOfPage\":{\"@id\":\"https:\/\/instytutpolski.pl\/berlin\/20-filmpolska\/filmpolska-party\/#primaryimage\"},\"image\":{\"@id\":\"https:\/\/instytutpolski.pl\/berlin\/20-filmpolska\/filmpolska-party\/#primaryimage\"},\"thumbnailUrl\":\"https:\/\/instytutpolski.pl\/berlin\/wp-content\/uploads\/sites\/3\/2025\/08\/Zrzut-ekranu-2025-08-2-o-04.53.06.png\",\"datePublished\":\"2025-08-05T13:10:46+00:00\",\"dateModified\":\"2025-08-21T10:37:26+00:00\",\"breadcrumb\":{\"@id\":\"https:\/\/instytutpolski.pl\/berlin\/20-filmpolska\/filmpolska-party\/#breadcrumb\"},\"inLanguage\":\"pl-PL\",\"potentialAction\":[{\"@type\":\"ReadAction\",\"target\":[\"https:\/\/instytutpolski.pl\/berlin\/20-filmpolska\/filmpolska-party\/\"]}]},{\"@type\":\"ImageObject\",\"inLanguage\":\"pl-PL\",\"@id\":\"https:\/\/instytutpolski.pl\/berlin\/20-filmpolska\/filmpolska-party\/#primaryimage\",\"url\":\"https:\/\/instytutpolski.pl\/berlin\/wp-content\/uploads\/sites\/3\/2025\/08\/Zrzut-ekranu-2025-08-2-o-04.53.06.png\",\"contentUrl\":\"https:\/\/instytutpolski.pl\/berlin\/wp-content\/uploads\/sites\/3\/2025\/08\/Zrzut-ekranu-2025-08-2-o-04.53.06.png\",\"width\":2306,\"height\":870},{\"@type\":\"BreadcrumbList\",\"@id\":\"https:\/\/instytutpolski.pl\/berlin\/20-filmpolska\/filmpolska-party\/#breadcrumb\",\"itemListElement\":[{\"@type\":\"ListItem\",\"position\":1,\"name\":\"Home\",\"item\":\"https:\/\/instytutpolski.pl\/berlin\/\"},{\"@type\":\"ListItem\",\"position\":2,\"name\":\"20. filmPOLSKA\",\"item\":\"https:\/\/instytutpolski.pl\/berlin\/20-filmpolska\/\"},{\"@type\":\"ListItem\",\"position\":3,\"name\":\"filmPOLSKA-Party\"}]},{\"@type\":\"WebSite\",\"@id\":\"https:\/\/instytutpolski.pl\/berlin\/#website\",\"url\":\"https:\/\/instytutpolski.pl\/berlin\/\",\"name\":\"Instytut Polski w Berlinie\",\"description\":\"Instytuty Polskie\",\"potentialAction\":[{\"@type\":\"SearchAction\",\"target\":{\"@type\":\"EntryPoint\",\"urlTemplate\":\"https:\/\/instytutpolski.pl\/berlin\/?s={search_term_string}\"},\"query-input\":{\"@type\":\"PropertyValueSpecification\",\"valueRequired\":true,\"valueName\":\"search_term_string\"}}],\"inLanguage\":\"pl-PL\"}]}<\/script>\n<!-- \/ Yoast SEO plugin. -->","yoast_head_json":{"title":"filmPOLSKA-Party - Instytut Polski w Berlinie","robots":{"index":"index","follow":"follow","max-snippet":"max-snippet:-1","max-image-preview":"max-image-preview:large","max-video-preview":"max-video-preview:-1"},"canonical":"https:\/\/instytutpolski.pl\/berlin\/20-filmpolska\/filmpolska-party\/","og_locale":"pl_PL","og_type":"article","og_title":"filmPOLSKA-Party - Instytut Polski w Berlinie","og_description":"20 Jahre filmPOLSKA x 20 Jahre Soul Service x 20 Jahre Roadrunner\u2018s an den Vinyl-Decks: Zura &amp; Burn Reynolds Nicht nur filmPOLSKA feiert in diesem Jahr seine 20. Ausgabe, sondern auch das legend\u00e4re DJ-Kollektiv Soul Service. Mehr noch: Auch das Roadrunner\u2018s Paradise hat k\u00fcrzlich zu seinem 20. Jubil\u00e4um die Korken knallen lassen. Es gibt also [&hellip;]","og_url":"https:\/\/instytutpolski.pl\/berlin\/20-filmpolska\/filmpolska-party\/","og_site_name":"Instytut Polski w Berlinie","article_modified_time":"2025-08-21T10:37:26+00:00","og_image":[{"width":2306,"height":870,"url":"https:\/\/instytutpolski.pl\/berlin\/wp-content\/uploads\/sites\/3\/2025\/08\/Zrzut-ekranu-2025-08-2-o-04.53.06.png","type":"image\/png"}],"twitter_card":"summary_large_image","twitter_misc":{"Szacowany czas czytania":"3 minuty"},"schema":{"@context":"https:\/\/schema.org","@graph":[{"@type":"WebPage","@id":"https:\/\/instytutpolski.pl\/berlin\/20-filmpolska\/filmpolska-party\/","url":"https:\/\/instytutpolski.pl\/berlin\/20-filmpolska\/filmpolska-party\/","name":"filmPOLSKA-Party - Instytut Polski w Berlinie","isPartOf":{"@id":"https:\/\/instytutpolski.pl\/berlin\/#website"},"primaryImageOfPage":{"@id":"https:\/\/instytutpolski.pl\/berlin\/20-filmpolska\/filmpolska-party\/#primaryimage"},"image":{"@id":"https:\/\/instytutpolski.pl\/berlin\/20-filmpolska\/filmpolska-party\/#primaryimage"},"thumbnailUrl":"https:\/\/instytutpolski.pl\/berlin\/wp-content\/uploads\/sites\/3\/2025\/08\/Zrzut-ekranu-2025-08-2-o-04.53.06.png","datePublished":"2025-08-05T13:10:46+00:00","dateModified":"2025-08-21T10:37:26+00:00","breadcrumb":{"@id":"https:\/\/instytutpolski.pl\/berlin\/20-filmpolska\/filmpolska-party\/#breadcrumb"},"inLanguage":"pl-PL","potentialAction":[{"@type":"ReadAction","target":["https:\/\/instytutpolski.pl\/berlin\/20-filmpolska\/filmpolska-party\/"]}]},{"@type":"ImageObject","inLanguage":"pl-PL","@id":"https:\/\/instytutpolski.pl\/berlin\/20-filmpolska\/filmpolska-party\/#primaryimage","url":"https:\/\/instytutpolski.pl\/berlin\/wp-content\/uploads\/sites\/3\/2025\/08\/Zrzut-ekranu-2025-08-2-o-04.53.06.png","contentUrl":"https:\/\/instytutpolski.pl\/berlin\/wp-content\/uploads\/sites\/3\/2025\/08\/Zrzut-ekranu-2025-08-2-o-04.53.06.png","width":2306,"height":870},{"@type":"BreadcrumbList","@id":"https:\/\/instytutpolski.pl\/berlin\/20-filmpolska\/filmpolska-party\/#breadcrumb","itemListElement":[{"@type":"ListItem","position":1,"name":"Home","item":"https:\/\/instytutpolski.pl\/berlin\/"},{"@type":"ListItem","position":2,"name":"20. filmPOLSKA","item":"https:\/\/instytutpolski.pl\/berlin\/20-filmpolska\/"},{"@type":"ListItem","position":3,"name":"filmPOLSKA-Party"}]},{"@type":"WebSite","@id":"https:\/\/instytutpolski.pl\/berlin\/#website","url":"https:\/\/instytutpolski.pl\/berlin\/","name":"Instytut Polski w Berlinie","description":"Instytuty Polskie","potentialAction":[{"@type":"SearchAction","target":{"@type":"EntryPoint","urlTemplate":"https:\/\/instytutpolski.pl\/berlin\/?s={search_term_string}"},"query-input":{"@type":"PropertyValueSpecification","valueRequired":true,"valueName":"search_term_string"}}],"inLanguage":"pl-PL"}]}},"_links":{"self":[{"href":"https:\/\/instytutpolski.pl\/berlin\/wp-json\/wp\/v2\/pages\/10040","targetHints":{"allow":["GET"]}}],"collection":[{"href":"https:\/\/instytutpolski.pl\/berlin\/wp-json\/wp\/v2\/pages"}],"about":[{"href":"https:\/\/instytutpolski.pl\/berlin\/wp-json\/wp\/v2\/types\/page"}],"author":[{"embeddable":true,"href":"https:\/\/instytutpolski.pl\/berlin\/wp-json\/wp\/v2\/users\/79"}],"replies":[{"embeddable":true,"href":"https:\/\/instytutpolski.pl\/berlin\/wp-json\/wp\/v2\/comments?post=10040"}],"version-history":[{"count":8,"href":"https:\/\/instytutpolski.pl\/berlin\/wp-json\/wp\/v2\/pages\/10040\/revisions"}],"predecessor-version":[{"id":10668,"href":"https:\/\/instytutpolski.pl\/berlin\/wp-json\/wp\/v2\/pages\/10040\/revisions\/10668"}],"up":[{"embeddable":true,"href":"https:\/\/instytutpolski.pl\/berlin\/wp-json\/wp\/v2\/pages\/3457"}],"wp:featuredmedia":[{"embeddable":true,"href":"https:\/\/instytutpolski.pl\/berlin\/wp-json\/wp\/v2\/media\/9714"}],"wp:attachment":[{"href":"https:\/\/instytutpolski.pl\/berlin\/wp-json\/wp\/v2\/media?parent=10040"}],"curies":[{"name":"wp","href":"https:\/\/api.w.org\/{rel}","templated":true}]}}