{"version":"1.0","provider_name":"Instytut Polski w Bratys\u0142awie","provider_url":"https:\/\/instytutpolski.pl\/bratislava","author_name":"gajewskij","author_url":"https:\/\/instytutpolski.pl\/bratislava\/author\/gajewskij\/","title":"Fryderyk Chopin a listy - Instytut Polski w Bratys\u0142awie","type":"rich","width":600,"height":338,"html":"<blockquote class=\"wp-embedded-content\" data-secret=\"KpxUC30fbY\"><a href=\"https:\/\/instytutpolski.pl\/bratislava\/2019\/03\/01\/fryderyk-chopin-a-listy\/\">Fryderyk Chopin a listy<\/a><\/blockquote><iframe sandbox=\"allow-scripts\" security=\"restricted\" src=\"https:\/\/instytutpolski.pl\/bratislava\/2019\/03\/01\/fryderyk-chopin-a-listy\/embed\/#?secret=KpxUC30fbY\" width=\"600\" height=\"338\" title=\"&#8222;Fryderyk Chopin a listy&#8221; &#8212; Instytut Polski w Bratys\u0142awie\" data-secret=\"KpxUC30fbY\" frameborder=\"0\" marginwidth=\"0\" marginheight=\"0\" scrolling=\"no\" class=\"wp-embedded-content\"><\/iframe><script type=\"text\/javascript\">\n\/* <![CDATA[ *\/\n\/*! This file is auto-generated *\/\n!function(d,l){\"use strict\";l.querySelector&&d.addEventListener&&\"undefined\"!=typeof URL&&(d.wp=d.wp||{},d.wp.receiveEmbedMessage||(d.wp.receiveEmbedMessage=function(e){var t=e.data;if((t||t.secret||t.message||t.value)&&!\/[^a-zA-Z0-9]\/.test(t.secret)){for(var s,r,n,a=l.querySelectorAll('iframe[data-secret=\"'+t.secret+'\"]'),o=l.querySelectorAll('blockquote[data-secret=\"'+t.secret+'\"]'),c=new RegExp(\"^https?:$\",\"i\"),i=0;i<o.length;i++)o[i].style.display=\"none\";for(i=0;i<a.length;i++)s=a[i],e.source===s.contentWindow&&(s.removeAttribute(\"style\"),\"height\"===t.message?(1e3<(r=parseInt(t.value,10))?r=1e3:~~r<200&&(r=200),s.height=r):\"link\"===t.message&&(r=new URL(s.getAttribute(\"src\")),n=new URL(t.value),c.test(n.protocol))&&n.host===r.host&&l.activeElement===s&&(d.top.location.href=t.value))}},d.addEventListener(\"message\",d.wp.receiveEmbedMessage,!1),l.addEventListener(\"DOMContentLoaded\",function(){for(var e,t,s=l.querySelectorAll(\"iframe.wp-embedded-content\"),r=0;r<s.length;r++)(t=(e=s[r]).getAttribute(\"data-secret\"))||(t=Math.random().toString(36).substring(2,12),e.src+=\"#?secret=\"+t,e.setAttribute(\"data-secret\",t)),e.contentWindow.postMessage({message:\"ready\",secret:t},\"*\")},!1)))}(window,document);\n\/* ]]> *\/\n<\/script>\n","description":"1. 3. \/ 19:00 Bratislava, Primaci\u00e1lny pal\u00e1c, Primaci\u00e1lne n\u00e1m 1. V\u00fdnimo\u010dn\u00fd koncert klav\u00edrnej hudby a hovoren\u00e9ho slova bude ma\u0165 spolo\u010dn\u00e9ho menovate\u013ea v podobe v\u00fdznamn\u00e9ho po\u013esk\u00e9ho hudobn\u00e9ho skladate\u013ea\u00a0Fryderyka Chopina. V\u00fdber jeho skladieb publiku predstav\u00ed v\u00fdznamn\u00e1 slovensk\u00e1 klaviristka doc. PhDr.\u00a0Elena Let\u0148anov\u00e1\u00a0v s\u00fazvuku s prednesom listov, ktor\u00e9 adresovali F. Chopinovi jeho s\u00fa\u010dasn\u00ed umeleck\u00ed velik\u00e1ni (o. i. Adam Mickiewicz, [&hellip;]"}

Instytut Polski w Bratysławie

Fryderyk Chopin a listy - Instytut Polski w Bratysławie

<blockquote class="wp-embedded-content" data-secret="KpxUC30fbY"><a href="https://instytutpolski.pl/bratislava/2019/03/01/fryderyk-chopin-a-listy/">Fryderyk Chopin a listy</a></blockquote><iframe sandbox="allow-scripts" security="restricted" src="https://instytutpolski.pl/bratislava/2019/03/01/fryderyk-chopin-a-listy/embed/#?secret=KpxUC30fbY" width="600" height="338" title="&#8222;Fryderyk Chopin a listy&#8221; &#8212; Instytut Polski w Bratysławie" data-secret="KpxUC30fbY" frameborder="0" marginwidth="0" marginheight="0" scrolling="no" class="wp-embedded-content"></iframe><script type="text/javascript">
/* <![CDATA[ */
/*! This file is auto-generated */
!function(d,l){"use strict";l.querySelector&&d.addEventListener&&"undefined"!=typeof URL&&(d.wp=d.wp||{},d.wp.receiveEmbedMessage||(d.wp.receiveEmbedMessage=function(e){var t=e.data;if((t||t.secret||t.message||t.value)&&!/[^a-zA-Z0-9]/.test(t.secret)){for(var s,r,n,a=l.querySelectorAll('iframe[data-secret="'+t.secret+'"]'),o=l.querySelectorAll('blockquote[data-secret="'+t.secret+'"]'),c=new RegExp("^https?:$","i"),i=0;i<o.length;i++)o[i].style.display="none";for(i=0;i<a.length;i++)s=a[i],e.source===s.contentWindow&&(s.removeAttribute("style"),"height"===t.message?(1e3<(r=parseInt(t.value,10))?r=1e3:~~r<200&&(r=200),s.height=r):"link"===t.message&&(r=new URL(s.getAttribute("src")),n=new URL(t.value),c.test(n.protocol))&&n.host===r.host&&l.activeElement===s&&(d.top.location.href=t.value))}},d.addEventListener("message",d.wp.receiveEmbedMessage,!1),l.addEventListener("DOMContentLoaded",function(){for(var e,t,s=l.querySelectorAll("iframe.wp-embedded-content"),r=0;r<s.length;r++)(t=(e=s[r]).getAttribute("data-secret"))||(t=Math.random().toString(36).substring(2,12),e.src+="#?secret="+t,e.setAttribute("data-secret",t)),e.contentWindow.postMessage({message:"ready",secret:t},"*")},!1)))}(window,document);
/* ]]> */
</script>

1. 3. / 19:00 Bratislava, Primaciálny palác, Primaciálne nám 1. Výnimočný koncert klavírnej hudby a hovoreného slova bude mať spoločného menovateľa v podobe významného poľského hudobného skladateľa Fryderyka Chopina. Výber jeho skladieb publiku predstaví významná slovenská klaviristka doc. PhDr. Elena Letňanová v súzvuku s prednesom listov, ktoré adresovali F. Chopinovi jeho súčasní umeleckí velikáni (o. i. Adam Mickiewicz, [&hellip;]
