{"version":"1.0","provider_name":"Instytut Polski w Bratys\u0142awie","provider_url":"https:\/\/instytutpolski.pl\/bratislava","author_name":"kyselm","author_url":"https:\/\/instytutpolski.pl\/bratislava\/author\/kyselm\/","title":"5. Po\u013esk\u00e9 dni: Cze\u015b\u0107, Pre\u0161ov! - Instytut Polski w Bratys\u0142awie","type":"rich","width":600,"height":338,"html":"<blockquote class=\"wp-embedded-content\" data-secret=\"fXxtFMe04r\"><a href=\"https:\/\/instytutpolski.pl\/bratislava\/2020\/10\/03\/5-polske-dni-czesc-presov\/\">5. Po\u013esk\u00e9 dni: Cze\u015b\u0107, Pre\u0161ov!<\/a><\/blockquote><iframe sandbox=\"allow-scripts\" security=\"restricted\" src=\"https:\/\/instytutpolski.pl\/bratislava\/2020\/10\/03\/5-polske-dni-czesc-presov\/embed\/#?secret=fXxtFMe04r\" width=\"600\" height=\"338\" title=\"&#8222;5. Po\u013esk\u00e9 dni: Cze\u015b\u0107, Pre\u0161ov!&#8221; &#8212; Instytut Polski w Bratys\u0142awie\" data-secret=\"fXxtFMe04r\" frameborder=\"0\" marginwidth=\"0\" marginheight=\"0\" scrolling=\"no\" class=\"wp-embedded-content\"><\/iframe><script type=\"text\/javascript\">\n\/* <![CDATA[ *\/\n\/*! This file is auto-generated *\/\n!function(d,l){\"use strict\";l.querySelector&&d.addEventListener&&\"undefined\"!=typeof URL&&(d.wp=d.wp||{},d.wp.receiveEmbedMessage||(d.wp.receiveEmbedMessage=function(e){var t=e.data;if((t||t.secret||t.message||t.value)&&!\/[^a-zA-Z0-9]\/.test(t.secret)){for(var s,r,n,a=l.querySelectorAll('iframe[data-secret=\"'+t.secret+'\"]'),o=l.querySelectorAll('blockquote[data-secret=\"'+t.secret+'\"]'),c=new RegExp(\"^https?:$\",\"i\"),i=0;i<o.length;i++)o[i].style.display=\"none\";for(i=0;i<a.length;i++)s=a[i],e.source===s.contentWindow&&(s.removeAttribute(\"style\"),\"height\"===t.message?(1e3<(r=parseInt(t.value,10))?r=1e3:~~r<200&&(r=200),s.height=r):\"link\"===t.message&&(r=new URL(s.getAttribute(\"src\")),n=new URL(t.value),c.test(n.protocol))&&n.host===r.host&&l.activeElement===s&&(d.top.location.href=t.value))}},d.addEventListener(\"message\",d.wp.receiveEmbedMessage,!1),l.addEventListener(\"DOMContentLoaded\",function(){for(var e,t,s=l.querySelectorAll(\"iframe.wp-embedded-content\"),r=0;r<s.length;r++)(t=(e=s[r]).getAttribute(\"data-secret\"))||(t=Math.random().toString(36).substring(2,12),e.src+=\"#?secret=\"+t,e.setAttribute(\"data-secret\",t)),e.contentWindow.postMessage({message:\"ready\",secret:t},\"*\")},!1)))}(window,document);\n\/* ]]> *\/\n<\/script>\n","thumbnail_url":"https:\/\/instytutpolski.pl\/bratislava\/wp-content\/uploads\/sites\/13\/2020\/10\/banner_5_dni_Presov.jpg","thumbnail_width":1241,"thumbnail_height":875,"description":"Po\u013esk\u00e9 dni po piatykr\u00e1t prich\u00e1dzaj\u00fa do Pre\u0161ova. Ich cie\u013eom je u\u017e tradi\u010dne venova\u0165 pozornos\u0165 po\u013eskej kult\u00fare, umeniu, hudbe, filmu \u010di gastron\u00f3mii a cestovn\u00e9mu ruchu. Srde\u010dne poz\u00fdvame do Pre\u0161ova, program je naozaj bohat\u00fd! Program 13. 10. utorok 19:00 P\u00e1pe\u017esk\u00fd koncert pri pr\u00edle\u017eitosti 100. v\u00fdro\u010dia narodenia sv. J\u00e1na Pavla II., Monika Gruszczy\u0144ska (sopr\u00e1n), Bartosz Nowak (tenor) so [&hellip;]"}

Instytut Polski w Bratysławie

5. Poľské dni: Cześć, Prešov! - Instytut Polski w Bratysławie

<blockquote class="wp-embedded-content" data-secret="fXxtFMe04r"><a href="https://instytutpolski.pl/bratislava/2020/10/03/5-polske-dni-czesc-presov/">5. Poľské dni: Cześć, Prešov!</a></blockquote><iframe sandbox="allow-scripts" security="restricted" src="https://instytutpolski.pl/bratislava/2020/10/03/5-polske-dni-czesc-presov/embed/#?secret=fXxtFMe04r" width="600" height="338" title="&#8222;5. Poľské dni: Cześć, Prešov!&#8221; &#8212; Instytut Polski w Bratysławie" data-secret="fXxtFMe04r" frameborder="0" marginwidth="0" marginheight="0" scrolling="no" class="wp-embedded-content"></iframe><script type="text/javascript">
/* <![CDATA[ */
/*! This file is auto-generated */
!function(d,l){"use strict";l.querySelector&&d.addEventListener&&"undefined"!=typeof URL&&(d.wp=d.wp||{},d.wp.receiveEmbedMessage||(d.wp.receiveEmbedMessage=function(e){var t=e.data;if((t||t.secret||t.message||t.value)&&!/[^a-zA-Z0-9]/.test(t.secret)){for(var s,r,n,a=l.querySelectorAll('iframe[data-secret="'+t.secret+'"]'),o=l.querySelectorAll('blockquote[data-secret="'+t.secret+'"]'),c=new RegExp("^https?:$","i"),i=0;i<o.length;i++)o[i].style.display="none";for(i=0;i<a.length;i++)s=a[i],e.source===s.contentWindow&&(s.removeAttribute("style"),"height"===t.message?(1e3<(r=parseInt(t.value,10))?r=1e3:~~r<200&&(r=200),s.height=r):"link"===t.message&&(r=new URL(s.getAttribute("src")),n=new URL(t.value),c.test(n.protocol))&&n.host===r.host&&l.activeElement===s&&(d.top.location.href=t.value))}},d.addEventListener("message",d.wp.receiveEmbedMessage,!1),l.addEventListener("DOMContentLoaded",function(){for(var e,t,s=l.querySelectorAll("iframe.wp-embedded-content"),r=0;r<s.length;r++)(t=(e=s[r]).getAttribute("data-secret"))||(t=Math.random().toString(36).substring(2,12),e.src+="#?secret="+t,e.setAttribute("data-secret",t)),e.contentWindow.postMessage({message:"ready",secret:t},"*")},!1)))}(window,document);
/* ]]> */
</script>

Poľské dni po piatykrát prichádzajú do Prešova. Ich cieľom je už tradične venovať pozornosť poľskej kultúre, umeniu, hudbe, filmu či gastronómii a cestovnému ruchu. Srdečne pozývame do Prešova, program je naozaj bohatý! Program 13. 10. utorok 19:00 Pápežský koncert pri príležitosti 100. výročia narodenia sv. Jána Pavla II., Monika Gruszczyńska (soprán), Bartosz Nowak (tenor) so [&hellip;]
