{"version":"1.0","provider_name":"Instytut Polski w Bratys\u0142awie","provider_url":"https:\/\/instytutpolski.pl\/bratislava","author_name":"kyselm","author_url":"https:\/\/instytutpolski.pl\/bratislava\/author\/kyselm\/","title":"46. Gitarov\u00fd festival J. K. Mertza - Instytut Polski w Bratys\u0142awie","type":"rich","width":600,"height":338,"html":"<blockquote class=\"wp-embedded-content\" data-secret=\"MfvLCnnyoz\"><a href=\"https:\/\/instytutpolski.pl\/bratislava\/2022\/05\/30\/46-gitarovy-festival-j-k-mertza\/\">46. Gitarov\u00fd festival J. K. Mertza<\/a><\/blockquote><iframe sandbox=\"allow-scripts\" security=\"restricted\" src=\"https:\/\/instytutpolski.pl\/bratislava\/2022\/05\/30\/46-gitarovy-festival-j-k-mertza\/embed\/#?secret=MfvLCnnyoz\" width=\"600\" height=\"338\" title=\"&#8222;46. Gitarov\u00fd festival J. K. Mertza&#8221; &#8212; Instytut Polski w Bratys\u0142awie\" data-secret=\"MfvLCnnyoz\" frameborder=\"0\" marginwidth=\"0\" marginheight=\"0\" scrolling=\"no\" class=\"wp-embedded-content\"><\/iframe><script type=\"text\/javascript\">\n\/* <![CDATA[ *\/\n\/*! This file is auto-generated *\/\n!function(d,l){\"use strict\";l.querySelector&&d.addEventListener&&\"undefined\"!=typeof URL&&(d.wp=d.wp||{},d.wp.receiveEmbedMessage||(d.wp.receiveEmbedMessage=function(e){var t=e.data;if((t||t.secret||t.message||t.value)&&!\/[^a-zA-Z0-9]\/.test(t.secret)){for(var s,r,n,a=l.querySelectorAll('iframe[data-secret=\"'+t.secret+'\"]'),o=l.querySelectorAll('blockquote[data-secret=\"'+t.secret+'\"]'),c=new RegExp(\"^https?:$\",\"i\"),i=0;i<o.length;i++)o[i].style.display=\"none\";for(i=0;i<a.length;i++)s=a[i],e.source===s.contentWindow&&(s.removeAttribute(\"style\"),\"height\"===t.message?(1e3<(r=parseInt(t.value,10))?r=1e3:~~r<200&&(r=200),s.height=r):\"link\"===t.message&&(r=new URL(s.getAttribute(\"src\")),n=new URL(t.value),c.test(n.protocol))&&n.host===r.host&&l.activeElement===s&&(d.top.location.href=t.value))}},d.addEventListener(\"message\",d.wp.receiveEmbedMessage,!1),l.addEventListener(\"DOMContentLoaded\",function(){for(var e,t,s=l.querySelectorAll(\"iframe.wp-embedded-content\"),r=0;r<s.length;r++)(t=(e=s[r]).getAttribute(\"data-secret\"))||(t=Math.random().toString(36).substring(2,12),e.src+=\"#?secret=\"+t,e.setAttribute(\"data-secret\",t)),e.contentWindow.postMessage({message:\"ready\",secret:t},\"*\")},!1)))}(window,document);\n\/* ]]> *\/\n<\/script>\n","thumbnail_url":"https:\/\/instytutpolski.pl\/bratislava\/wp-content\/uploads\/sites\/13\/2022\/05\/tatiana-stachak.jpg","thumbnail_width":770,"thumbnail_height":312,"description":"Jedn\u00fdm z&nbsp;host\u00ed je po\u013esk\u00fd gitarista Andrzej Grygier, ktor\u00fd vyhral u\u017e viac ako dvadsa\u0165 medzin\u00e1rodn\u00fdch gitarov\u00fdch s\u00fa\u0165a\u017e\u00ed. Za svoje vynikaj\u00face umeleck\u00e9 v\u00fdsledky z\u00edskal aj \u0161tipendium Ministerstva kult\u00fary a n\u00e1rodn\u00e9ho dedi\u010dstva Po\u013eskej republiky a \u0161tipendium \u201eMlad\u00e9 Po\u013esko\u201c na rok 2013. Masterclass zase povedie po\u013esk\u00e1 skladate\u013eka, gitaristka a pedagogi\u010dka Tatiana Stachak, ktor\u00e1 sa zameriava na vzdel\u00e1vanie mal\u00fdch det\u00ed. [&hellip;]"}

Instytut Polski w Bratysławie

46. Gitarový festival J. K. Mertza - Instytut Polski w Bratysławie

<blockquote class="wp-embedded-content" data-secret="MfvLCnnyoz"><a href="https://instytutpolski.pl/bratislava/2022/05/30/46-gitarovy-festival-j-k-mertza/">46. Gitarový festival J. K. Mertza</a></blockquote><iframe sandbox="allow-scripts" security="restricted" src="https://instytutpolski.pl/bratislava/2022/05/30/46-gitarovy-festival-j-k-mertza/embed/#?secret=MfvLCnnyoz" width="600" height="338" title="&#8222;46. Gitarový festival J. K. Mertza&#8221; &#8212; Instytut Polski w Bratysławie" data-secret="MfvLCnnyoz" frameborder="0" marginwidth="0" marginheight="0" scrolling="no" class="wp-embedded-content"></iframe><script type="text/javascript">
/* <![CDATA[ */
/*! This file is auto-generated */
!function(d,l){"use strict";l.querySelector&&d.addEventListener&&"undefined"!=typeof URL&&(d.wp=d.wp||{},d.wp.receiveEmbedMessage||(d.wp.receiveEmbedMessage=function(e){var t=e.data;if((t||t.secret||t.message||t.value)&&!/[^a-zA-Z0-9]/.test(t.secret)){for(var s,r,n,a=l.querySelectorAll('iframe[data-secret="'+t.secret+'"]'),o=l.querySelectorAll('blockquote[data-secret="'+t.secret+'"]'),c=new RegExp("^https?:$","i"),i=0;i<o.length;i++)o[i].style.display="none";for(i=0;i<a.length;i++)s=a[i],e.source===s.contentWindow&&(s.removeAttribute("style"),"height"===t.message?(1e3<(r=parseInt(t.value,10))?r=1e3:~~r<200&&(r=200),s.height=r):"link"===t.message&&(r=new URL(s.getAttribute("src")),n=new URL(t.value),c.test(n.protocol))&&n.host===r.host&&l.activeElement===s&&(d.top.location.href=t.value))}},d.addEventListener("message",d.wp.receiveEmbedMessage,!1),l.addEventListener("DOMContentLoaded",function(){for(var e,t,s=l.querySelectorAll("iframe.wp-embedded-content"),r=0;r<s.length;r++)(t=(e=s[r]).getAttribute("data-secret"))||(t=Math.random().toString(36).substring(2,12),e.src+="#?secret="+t,e.setAttribute("data-secret",t)),e.contentWindow.postMessage({message:"ready",secret:t},"*")},!1)))}(window,document);
/* ]]> */
</script>

Jedným z&nbsp;hostí je poľský gitarista Andrzej Grygier, ktorý vyhral už viac ako dvadsať medzinárodných gitarových súťaží. Za svoje vynikajúce umelecké výsledky získal aj štipendium Ministerstva kultúry a národného dedičstva Poľskej republiky a štipendium „Mladé Poľsko“ na rok 2013. Masterclass zase povedie poľská skladateľka, gitaristka a pedagogička Tatiana Stachak, ktorá sa zameriava na vzdelávanie malých detí. [&hellip;]
