{"version":"1.0","provider_name":"Instytut Polski w Bratys\u0142awie","provider_url":"https:\/\/instytutpolski.pl\/bratislava","author_name":"kyselm","author_url":"https:\/\/instytutpolski.pl\/bratislava\/author\/kyselm\/","title":"Filmov\u00e1 noc na hrade 2022: Vechi Acum - Instytut Polski w Bratys\u0142awie","type":"rich","width":600,"height":338,"html":"<blockquote class=\"wp-embedded-content\" data-secret=\"ODTGp19s7v\"><a href=\"https:\/\/instytutpolski.pl\/bratislava\/2022\/07\/06\/filmova-noc-na-hrade-2022-vechi-acum\/\">Filmov\u00e1 noc na hrade 2022: Vechi Acum<\/a><\/blockquote><iframe sandbox=\"allow-scripts\" security=\"restricted\" src=\"https:\/\/instytutpolski.pl\/bratislava\/2022\/07\/06\/filmova-noc-na-hrade-2022-vechi-acum\/embed\/#?secret=ODTGp19s7v\" width=\"600\" height=\"338\" title=\"&#8222;Filmov\u00e1 noc na hrade 2022: Vechi Acum&#8221; &#8212; Instytut Polski w Bratys\u0142awie\" data-secret=\"ODTGp19s7v\" frameborder=\"0\" marginwidth=\"0\" marginheight=\"0\" scrolling=\"no\" class=\"wp-embedded-content\"><\/iframe><script type=\"text\/javascript\">\n\/* <![CDATA[ *\/\n\/*! This file is auto-generated *\/\n!function(d,l){\"use strict\";l.querySelector&&d.addEventListener&&\"undefined\"!=typeof URL&&(d.wp=d.wp||{},d.wp.receiveEmbedMessage||(d.wp.receiveEmbedMessage=function(e){var t=e.data;if((t||t.secret||t.message||t.value)&&!\/[^a-zA-Z0-9]\/.test(t.secret)){for(var s,r,n,a=l.querySelectorAll('iframe[data-secret=\"'+t.secret+'\"]'),o=l.querySelectorAll('blockquote[data-secret=\"'+t.secret+'\"]'),c=new RegExp(\"^https?:$\",\"i\"),i=0;i<o.length;i++)o[i].style.display=\"none\";for(i=0;i<a.length;i++)s=a[i],e.source===s.contentWindow&&(s.removeAttribute(\"style\"),\"height\"===t.message?(1e3<(r=parseInt(t.value,10))?r=1e3:~~r<200&&(r=200),s.height=r):\"link\"===t.message&&(r=new URL(s.getAttribute(\"src\")),n=new URL(t.value),c.test(n.protocol))&&n.host===r.host&&l.activeElement===s&&(d.top.location.href=t.value))}},d.addEventListener(\"message\",d.wp.receiveEmbedMessage,!1),l.addEventListener(\"DOMContentLoaded\",function(){for(var e,t,s=l.querySelectorAll(\"iframe.wp-embedded-content\"),r=0;r<s.length;r++)(t=(e=s[r]).getAttribute(\"data-secret\"))||(t=Math.random().toString(36).substring(2,12),e.src+=\"#?secret=\"+t,e.setAttribute(\"data-secret\",t)),e.contentWindow.postMessage({message:\"ready\",secret:t},\"*\")},!1)))}(window,document);\n\/* ]]> *\/\n<\/script>\n","thumbnail_url":"https:\/\/instytutpolski.pl\/bratislava\/wp-content\/uploads\/sites\/13\/2022\/07\/279775933_407373544727692_5003358554773407165_n.jpg","thumbnail_width":1024,"thumbnail_height":768,"description":"Po\u010das festivalu sa \u0160ari\u0161sk\u00fd hrad premie\u0148a na o\u00e1zu kult\u00fary aj prostredn\u00edctvom sprievodn\u00e9ho programu hudby, divadla, tanca, fotografie a predn\u00e1\u0161ok. Tento rok festival dopln\u00ed aj koncert po\u013eskej hudobnej skupiny Vechi Acum z Krakova, ktor\u00e1 vyst\u00fapi v zlo\u017een\u00ed: Barbara Motyka (husle\/spev), Wojciech Bochenek (spev), Dominik Pietraszek (husle, spev), Jakub Hubicki (akorde\u00f3n), Bart\u0142omiej Chojnacki (kontrabas) a Tomasz Czaderski [&hellip;]"}

Instytut Polski w Bratysławie

Filmová noc na hrade 2022: Vechi Acum - Instytut Polski w Bratysławie

<blockquote class="wp-embedded-content" data-secret="ODTGp19s7v"><a href="https://instytutpolski.pl/bratislava/2022/07/06/filmova-noc-na-hrade-2022-vechi-acum/">Filmová noc na hrade 2022: Vechi Acum</a></blockquote><iframe sandbox="allow-scripts" security="restricted" src="https://instytutpolski.pl/bratislava/2022/07/06/filmova-noc-na-hrade-2022-vechi-acum/embed/#?secret=ODTGp19s7v" width="600" height="338" title="&#8222;Filmová noc na hrade 2022: Vechi Acum&#8221; &#8212; Instytut Polski w Bratysławie" data-secret="ODTGp19s7v" frameborder="0" marginwidth="0" marginheight="0" scrolling="no" class="wp-embedded-content"></iframe><script type="text/javascript">
/* <![CDATA[ */
/*! This file is auto-generated */
!function(d,l){"use strict";l.querySelector&&d.addEventListener&&"undefined"!=typeof URL&&(d.wp=d.wp||{},d.wp.receiveEmbedMessage||(d.wp.receiveEmbedMessage=function(e){var t=e.data;if((t||t.secret||t.message||t.value)&&!/[^a-zA-Z0-9]/.test(t.secret)){for(var s,r,n,a=l.querySelectorAll('iframe[data-secret="'+t.secret+'"]'),o=l.querySelectorAll('blockquote[data-secret="'+t.secret+'"]'),c=new RegExp("^https?:$","i"),i=0;i<o.length;i++)o[i].style.display="none";for(i=0;i<a.length;i++)s=a[i],e.source===s.contentWindow&&(s.removeAttribute("style"),"height"===t.message?(1e3<(r=parseInt(t.value,10))?r=1e3:~~r<200&&(r=200),s.height=r):"link"===t.message&&(r=new URL(s.getAttribute("src")),n=new URL(t.value),c.test(n.protocol))&&n.host===r.host&&l.activeElement===s&&(d.top.location.href=t.value))}},d.addEventListener("message",d.wp.receiveEmbedMessage,!1),l.addEventListener("DOMContentLoaded",function(){for(var e,t,s=l.querySelectorAll("iframe.wp-embedded-content"),r=0;r<s.length;r++)(t=(e=s[r]).getAttribute("data-secret"))||(t=Math.random().toString(36).substring(2,12),e.src+="#?secret="+t,e.setAttribute("data-secret",t)),e.contentWindow.postMessage({message:"ready",secret:t},"*")},!1)))}(window,document);
/* ]]> */
</script>

Počas festivalu sa Šarišský hrad premieňa na oázu kultúry aj prostredníctvom sprievodného programu hudby, divadla, tanca, fotografie a prednášok. Tento rok festival doplní aj koncert poľskej hudobnej skupiny Vechi Acum z Krakova, ktorá vystúpi v zložení: Barbara Motyka (husle/spev), Wojciech Bochenek (spev), Dominik Pietraszek (husle, spev), Jakub Hubicki (akordeón), Bartłomiej Chojnacki (kontrabas) a Tomasz Czaderski [&hellip;]
