{"version":"1.0","provider_name":"Instytut Polski w Bratys\u0142awie","provider_url":"https:\/\/instytutpolski.pl\/bratislava","author_name":"kyselm","author_url":"https:\/\/instytutpolski.pl\/bratislava\/author\/kyselm\/","title":"Medzin\u00e1rodn\u00fd gitarov\u00fd festival v Modre - Instytut Polski w Bratys\u0142awie","type":"rich","width":600,"height":338,"html":"<blockquote class=\"wp-embedded-content\" data-secret=\"J7Z1Tdg1OY\"><a href=\"https:\/\/instytutpolski.pl\/bratislava\/2022\/07\/06\/medzinarodny-gitarovy-festival-v-modre\/\">Medzin\u00e1rodn\u00fd gitarov\u00fd festival v Modre<\/a><\/blockquote><iframe sandbox=\"allow-scripts\" security=\"restricted\" src=\"https:\/\/instytutpolski.pl\/bratislava\/2022\/07\/06\/medzinarodny-gitarovy-festival-v-modre\/embed\/#?secret=J7Z1Tdg1OY\" width=\"600\" height=\"338\" title=\"&#8222;Medzin\u00e1rodn\u00fd gitarov\u00fd festival v Modre&#8221; &#8212; Instytut Polski w Bratys\u0142awie\" data-secret=\"J7Z1Tdg1OY\" frameborder=\"0\" marginwidth=\"0\" marginheight=\"0\" scrolling=\"no\" class=\"wp-embedded-content\"><\/iframe><script type=\"text\/javascript\">\n\/* <![CDATA[ *\/\n\/*! This file is auto-generated *\/\n!function(d,l){\"use strict\";l.querySelector&&d.addEventListener&&\"undefined\"!=typeof URL&&(d.wp=d.wp||{},d.wp.receiveEmbedMessage||(d.wp.receiveEmbedMessage=function(e){var t=e.data;if((t||t.secret||t.message||t.value)&&!\/[^a-zA-Z0-9]\/.test(t.secret)){for(var s,r,n,a=l.querySelectorAll('iframe[data-secret=\"'+t.secret+'\"]'),o=l.querySelectorAll('blockquote[data-secret=\"'+t.secret+'\"]'),c=new RegExp(\"^https?:$\",\"i\"),i=0;i<o.length;i++)o[i].style.display=\"none\";for(i=0;i<a.length;i++)s=a[i],e.source===s.contentWindow&&(s.removeAttribute(\"style\"),\"height\"===t.message?(1e3<(r=parseInt(t.value,10))?r=1e3:~~r<200&&(r=200),s.height=r):\"link\"===t.message&&(r=new URL(s.getAttribute(\"src\")),n=new URL(t.value),c.test(n.protocol))&&n.host===r.host&&l.activeElement===s&&(d.top.location.href=t.value))}},d.addEventListener(\"message\",d.wp.receiveEmbedMessage,!1),l.addEventListener(\"DOMContentLoaded\",function(){for(var e,t,s=l.querySelectorAll(\"iframe.wp-embedded-content\"),r=0;r<s.length;r++)(t=(e=s[r]).getAttribute(\"data-secret\"))||(t=Math.random().toString(36).substring(2,12),e.src+=\"#?secret=\"+t,e.setAttribute(\"data-secret\",t)),e.contentWindow.postMessage({message:\"ready\",secret:t},\"*\")},!1)))}(window,document);\n\/* ]]> *\/\n<\/script>\n","thumbnail_url":"https:\/\/instytutpolski.pl\/bratislava\/wp-content\/uploads\/sites\/13\/2022\/07\/12339211_1203911646292532_2232309099001442475_o.jpg","thumbnail_width":1024,"thumbnail_height":683,"description":"Bol to v\u00fdznamn\u00fd anglick\u00fd lutnista, gitarista, skladate\u013e, ktor\u00fd nestihol uvies\u0165 svoje skladby. Z\u00e1sluhou jeho man\u017eelky m\u00e1 dielo Harveyho Hopa \u010fal\u0161ie pokra\u010dovanie a jeho n\u00e1jden\u00e9 skladby zaznej\u00fa ako slovensk\u00e1 premi\u00e9ra pr\u00e1ve na festivale v&nbsp;Modre. Konkr\u00e9tne gitarov\u00fd koncert pre gitaru a komorn\u00fd orchester a&nbsp;\u010fal\u0161ie skladby uved\u00fa na koncerte renomovan\u00ed po\u013esk\u00ed umelci: s\u00f3lista \u2013 mlad\u00fd po\u013esk\u00fd klasick\u00fd gitarista [&hellip;]"}

Instytut Polski w Bratysławie

Medzinárodný gitarový festival v Modre - Instytut Polski w Bratysławie

<blockquote class="wp-embedded-content" data-secret="J7Z1Tdg1OY"><a href="https://instytutpolski.pl/bratislava/2022/07/06/medzinarodny-gitarovy-festival-v-modre/">Medzinárodný gitarový festival v Modre</a></blockquote><iframe sandbox="allow-scripts" security="restricted" src="https://instytutpolski.pl/bratislava/2022/07/06/medzinarodny-gitarovy-festival-v-modre/embed/#?secret=J7Z1Tdg1OY" width="600" height="338" title="&#8222;Medzinárodný gitarový festival v Modre&#8221; &#8212; Instytut Polski w Bratysławie" data-secret="J7Z1Tdg1OY" frameborder="0" marginwidth="0" marginheight="0" scrolling="no" class="wp-embedded-content"></iframe><script type="text/javascript">
/* <![CDATA[ */
/*! This file is auto-generated */
!function(d,l){"use strict";l.querySelector&&d.addEventListener&&"undefined"!=typeof URL&&(d.wp=d.wp||{},d.wp.receiveEmbedMessage||(d.wp.receiveEmbedMessage=function(e){var t=e.data;if((t||t.secret||t.message||t.value)&&!/[^a-zA-Z0-9]/.test(t.secret)){for(var s,r,n,a=l.querySelectorAll('iframe[data-secret="'+t.secret+'"]'),o=l.querySelectorAll('blockquote[data-secret="'+t.secret+'"]'),c=new RegExp("^https?:$","i"),i=0;i<o.length;i++)o[i].style.display="none";for(i=0;i<a.length;i++)s=a[i],e.source===s.contentWindow&&(s.removeAttribute("style"),"height"===t.message?(1e3<(r=parseInt(t.value,10))?r=1e3:~~r<200&&(r=200),s.height=r):"link"===t.message&&(r=new URL(s.getAttribute("src")),n=new URL(t.value),c.test(n.protocol))&&n.host===r.host&&l.activeElement===s&&(d.top.location.href=t.value))}},d.addEventListener("message",d.wp.receiveEmbedMessage,!1),l.addEventListener("DOMContentLoaded",function(){for(var e,t,s=l.querySelectorAll("iframe.wp-embedded-content"),r=0;r<s.length;r++)(t=(e=s[r]).getAttribute("data-secret"))||(t=Math.random().toString(36).substring(2,12),e.src+="#?secret="+t,e.setAttribute("data-secret",t)),e.contentWindow.postMessage({message:"ready",secret:t},"*")},!1)))}(window,document);
/* ]]> */
</script>

Bol to významný anglický lutnista, gitarista, skladateľ, ktorý nestihol uviesť svoje skladby. Zásluhou jeho manželky má dielo Harveyho Hopa ďalšie pokračovanie a jeho nájdené skladby zaznejú ako slovenská premiéra práve na festivale v&nbsp;Modre. Konkrétne gitarový koncert pre gitaru a komorný orchester a&nbsp;ďalšie skladby uvedú na koncerte renomovaní poľskí umelci: sólista – mladý poľský klasický gitarista [&hellip;]
