{"version":"1.0","provider_name":"Instytut Polski w Bratys\u0142awie","provider_url":"https:\/\/instytutpolski.pl\/bratislava","author_name":"kyselm","author_url":"https:\/\/instytutpolski.pl\/bratislava\/author\/kyselm\/","title":"Rock v m\u00fazeu: Wild Flame - Instytut Polski w Bratys\u0142awie","type":"rich","width":600,"height":338,"html":"<blockquote class=\"wp-embedded-content\" data-secret=\"25dNUwutGG\"><a href=\"https:\/\/instytutpolski.pl\/bratislava\/2023\/06\/30\/rock-v-muzeu-wild-flame\/\">Rock v m\u00fazeu: Wild Flame<\/a><\/blockquote><iframe sandbox=\"allow-scripts\" security=\"restricted\" src=\"https:\/\/instytutpolski.pl\/bratislava\/2023\/06\/30\/rock-v-muzeu-wild-flame\/embed\/#?secret=25dNUwutGG\" width=\"600\" height=\"338\" title=\"&#8222;Rock v m\u00fazeu: Wild Flame&#8221; &#8212; Instytut Polski w Bratys\u0142awie\" data-secret=\"25dNUwutGG\" frameborder=\"0\" marginwidth=\"0\" marginheight=\"0\" scrolling=\"no\" class=\"wp-embedded-content\"><\/iframe><script type=\"text\/javascript\">\n\/* <![CDATA[ *\/\n\/*! This file is auto-generated *\/\n!function(d,l){\"use strict\";l.querySelector&&d.addEventListener&&\"undefined\"!=typeof URL&&(d.wp=d.wp||{},d.wp.receiveEmbedMessage||(d.wp.receiveEmbedMessage=function(e){var t=e.data;if((t||t.secret||t.message||t.value)&&!\/[^a-zA-Z0-9]\/.test(t.secret)){for(var s,r,n,a=l.querySelectorAll('iframe[data-secret=\"'+t.secret+'\"]'),o=l.querySelectorAll('blockquote[data-secret=\"'+t.secret+'\"]'),c=new RegExp(\"^https?:$\",\"i\"),i=0;i<o.length;i++)o[i].style.display=\"none\";for(i=0;i<a.length;i++)s=a[i],e.source===s.contentWindow&&(s.removeAttribute(\"style\"),\"height\"===t.message?(1e3<(r=parseInt(t.value,10))?r=1e3:~~r<200&&(r=200),s.height=r):\"link\"===t.message&&(r=new URL(s.getAttribute(\"src\")),n=new URL(t.value),c.test(n.protocol))&&n.host===r.host&&l.activeElement===s&&(d.top.location.href=t.value))}},d.addEventListener(\"message\",d.wp.receiveEmbedMessage,!1),l.addEventListener(\"DOMContentLoaded\",function(){for(var e,t,s=l.querySelectorAll(\"iframe.wp-embedded-content\"),r=0;r<s.length;r++)(t=(e=s[r]).getAttribute(\"data-secret\"))||(t=Math.random().toString(36).substring(2,12),e.src+=\"#?secret=\"+t,e.setAttribute(\"data-secret\",t)),e.contentWindow.postMessage({message:\"ready\",secret:t},\"*\")},!1)))}(window,document);\n\/* ]]> *\/\n<\/script>\n","thumbnail_url":"https:\/\/instytutpolski.pl\/bratislava\/wp-content\/uploads\/sites\/13\/2023\/06\/246783124_10159463650946649_503184292102674736_n-1024x683-1.jpg","thumbnail_width":1024,"thumbnail_height":683,"description":"31. 8. \/ 19:00 Bratislava, M\u00fazeum obchodu, Linzbothova 16 muzeumobchodu.sk\/rock-v-muzeu Ich hudba kombinuje energick\u00e9 vyst\u00fapenia a piesne pretkan\u00e9 jedine\u010dn\u00fdm pr\u00edbehom \u2013 a&nbsp;ako napoved\u00e1 n\u00e1zov kapely, nie je n\u00fadza ani o&nbsp;oh\u0148ov\u00fa \u0161ou. S\u00fa\u010das\u0165ou kapely s\u00fa: Adeama Walkowiak (vok\u00e1l), Oskar Kunicki (gitara), Bartosz Niebielecki (perkusie), Tomasz Szukalski (basgitara), Sebastian \u0141obos (kl\u00e1vesy)."}

Instytut Polski w Bratysławie

Rock v múzeu: Wild Flame - Instytut Polski w Bratysławie

<blockquote class="wp-embedded-content" data-secret="25dNUwutGG"><a href="https://instytutpolski.pl/bratislava/2023/06/30/rock-v-muzeu-wild-flame/">Rock v múzeu: Wild Flame</a></blockquote><iframe sandbox="allow-scripts" security="restricted" src="https://instytutpolski.pl/bratislava/2023/06/30/rock-v-muzeu-wild-flame/embed/#?secret=25dNUwutGG" width="600" height="338" title="&#8222;Rock v múzeu: Wild Flame&#8221; &#8212; Instytut Polski w Bratysławie" data-secret="25dNUwutGG" frameborder="0" marginwidth="0" marginheight="0" scrolling="no" class="wp-embedded-content"></iframe><script type="text/javascript">
/* <![CDATA[ */
/*! This file is auto-generated */
!function(d,l){"use strict";l.querySelector&&d.addEventListener&&"undefined"!=typeof URL&&(d.wp=d.wp||{},d.wp.receiveEmbedMessage||(d.wp.receiveEmbedMessage=function(e){var t=e.data;if((t||t.secret||t.message||t.value)&&!/[^a-zA-Z0-9]/.test(t.secret)){for(var s,r,n,a=l.querySelectorAll('iframe[data-secret="'+t.secret+'"]'),o=l.querySelectorAll('blockquote[data-secret="'+t.secret+'"]'),c=new RegExp("^https?:$","i"),i=0;i<o.length;i++)o[i].style.display="none";for(i=0;i<a.length;i++)s=a[i],e.source===s.contentWindow&&(s.removeAttribute("style"),"height"===t.message?(1e3<(r=parseInt(t.value,10))?r=1e3:~~r<200&&(r=200),s.height=r):"link"===t.message&&(r=new URL(s.getAttribute("src")),n=new URL(t.value),c.test(n.protocol))&&n.host===r.host&&l.activeElement===s&&(d.top.location.href=t.value))}},d.addEventListener("message",d.wp.receiveEmbedMessage,!1),l.addEventListener("DOMContentLoaded",function(){for(var e,t,s=l.querySelectorAll("iframe.wp-embedded-content"),r=0;r<s.length;r++)(t=(e=s[r]).getAttribute("data-secret"))||(t=Math.random().toString(36).substring(2,12),e.src+="#?secret="+t,e.setAttribute("data-secret",t)),e.contentWindow.postMessage({message:"ready",secret:t},"*")},!1)))}(window,document);
/* ]]> */
</script>

31. 8. / 19:00 Bratislava, Múzeum obchodu, Linzbothova 16 muzeumobchodu.sk/rock-v-muzeu Ich hudba kombinuje energické vystúpenia a piesne pretkané jedinečným príbehom – a&nbsp;ako napovedá názov kapely, nie je núdza ani o&nbsp;ohňovú šou. Súčasťou kapely sú: Adeama Walkowiak (vokál), Oskar Kunicki (gitara), Bartosz Niebielecki (perkusie), Tomasz Szukalski (basgitara), Sebastian Łobos (klávesy).
