{"id":621,"date":"2019-06-27T12:23:06","date_gmt":"2019-06-27T10:23:06","guid":{"rendered":"https:\/\/instytutpolski.pl\/bratyslawa\/?page_id=621"},"modified":"2023-08-31T11:03:50","modified_gmt":"2023-08-31T09:03:50","slug":"kursy-jezyka-polskiego-organizowane-przez-ip","status":"publish","type":"page","link":"https:\/\/instytutpolski.pl\/bratislava\/pl\/studiuj-w-polsce\/kursy-jezyka-polskiego-organizowane-przez-ip\/","title":{"rendered":"Kursy j\u0119zyka polskiego organizowane przez IP"},"content":{"rendered":"\n<p><strong>Kursy j\u0119zyka polskiego w\nInstytucie Polskim w Bratys\u0142awie&nbsp;<\/strong><\/p>\n\n\n\n<p>Instytut Polski w Bratys\u0142awie co roku organizuje kursy j\u0119zyka polskiego na r\u00f3\u017cnych poziomach zaawansowania.<\/p>\n\n\n\n<p>Zaj\u0119cia prowadzone przez\ndo\u015bwiadczonych lektor\u00f3w odbywaj\u0105 si\u0119 od pa\u017adziernika do czerwca raz w tygodniu,\ntrwaj\u0105 2 godziny lekcyjne (2 x 45 minut). Pe\u0142en kurs obejmuje 60 godzin,\nnatomiast mo\u017cna te\u017c uczestniczy\u0107 w zaj\u0119ciach tylko podczas jednego semestru\nzimowego lub letniego (30 godzin). Roczny kurs powinien umo\u017cliwi\u0107 uczestnikom\npodniesienie poziomu kompetencji j\u0119zykowych o jeden stopie\u0144. Uczestnicy\notrzymuj\u0105 za\u015bwiadczenie o uczestnictwie w kursie,<\/p>\n\n\n\n<p>Ceny kursu s\u0105 zmienne,\nko\u0144cem sierpnia s\u0105 podawane w og\u0142oszeniu o rozpocz\u0119ciu naboru. Osoby\nzainteresowane udzia\u0142em w kursie mog\u0105 zapisa\u0107 si\u0119 telefonicznie (02 544 320\n88), mailowo (teresa.lukacova@instytutpolski.org) lub osobi\u015bcie w bibliotece\nInstytutu Polskiego w Bratys\u0142awie.<\/p>\n\n\n\n<p>Instytut Polski w Bratys\u0142awie nie wydaje certyfikat\u00f3w po\u015bwiadczaj\u0105cych znajomo\u015b\u0107 j\u0119zyka polskiego. Uczestnicy mog\u0105 uzyska\u0107 taki certyfikat we w\u0142asnym zakresie, przyst\u0119puj\u0105c do egzamin\u00f3w organizowanych przez Pa\u0144stwow\u0105 Komisj\u0119 Po\u015bwiadczania Znajomo\u015bci J\u0119zyka Polskiego Jako Obcego (Katowice, Krak\u00f3w, Lublin, \u0141\u00f3d\u017a, Opole, Pozna\u0144, Rzesz\u00f3w, Warszawa, Wroc\u0142aw).<\/p>\n\n\n\n<p><a href=\"http:\/\/www.polinst.sk\/images\/stories\/download\/Kursy_Regulamin_PL.pdf\">Regulamin kurs\u00f3w nauki j\u0119zyka polskiego jako obcego organizowanych przez Instytut Polski w Bratys\u0142awie<\/a> <\/p>\n\n\n\n<p><a href=\"https:\/\/nawa.gov.pl\/jezyk-polski\/certyfikacja\">www.nava.gov.pl\/jezyk-polski\/certyfikacja<\/a><\/p>\n\n\n\n<p><a href=\"http:\/\/www.certyfikatpolski.pl\/\">www.certyfikatpolski.pl<\/a><\/p>\n","protected":false},"excerpt":{"rendered":"<p>Kursy j\u0119zyka polskiego w Instytucie Polskim w Bratys\u0142awie&nbsp; Instytut Polski w Bratys\u0142awie co roku organizuje kursy j\u0119zyka polskiego na r\u00f3\u017cnych poziomach zaawansowania. Zaj\u0119cia prowadzone przez do\u015bwiadczonych lektor\u00f3w odbywaj\u0105 si\u0119 od pa\u017adziernika do czerwca raz w tygodniu, trwaj\u0105 2 godziny lekcyjne (2 x 45 minut). Pe\u0142en kurs obejmuje 60 godzin, natomiast mo\u017cna te\u017c uczestniczy\u0107 w zaj\u0119ciach [&hellip;]<\/p>\n","protected":false},"author":1,"featured_media":618,"parent":614,"menu_order":0,"comment_status":"closed","ping_status":"closed","template":"","meta":{"inline_featured_image":false,"_monsterinsights_skip_tracking":false,"_monsterinsights_sitenote_active":false,"_monsterinsights_sitenote_note":"","_monsterinsights_sitenote_category":0,"footnotes":""},"class_list":["post-621","page","type-page","status-publish","has-post-thumbnail","hentry"],"yoast_head":"<!-- This site is optimized with the Yoast SEO plugin v24.6 - https:\/\/yoast.com\/wordpress\/plugins\/seo\/ -->\n<title>Kursy j\u0119zyka polskiego organizowane przez IP - Instytut Polski w Bratys\u0142awie<\/title>\n<meta name=\"robots\" content=\"index, follow, max-snippet:-1, max-image-preview:large, max-video-preview:-1\" \/>\n<link rel=\"canonical\" href=\"https:\/\/instytutpolski.pl\/bratislava\/pl\/studiuj-w-polsce\/kursy-jezyka-polskiego-organizowane-przez-ip\/\" \/>\n<meta property=\"og:locale\" content=\"pl_PL\" \/>\n<meta property=\"og:type\" content=\"article\" \/>\n<meta property=\"og:title\" content=\"Kursy j\u0119zyka polskiego organizowane przez IP - Instytut Polski w Bratys\u0142awie\" \/>\n<meta property=\"og:description\" content=\"Kursy j\u0119zyka polskiego w Instytucie Polskim w Bratys\u0142awie&nbsp; Instytut Polski w Bratys\u0142awie co roku organizuje kursy j\u0119zyka polskiego na r\u00f3\u017cnych poziomach zaawansowania. Zaj\u0119cia prowadzone przez do\u015bwiadczonych lektor\u00f3w odbywaj\u0105 si\u0119 od pa\u017adziernika do czerwca raz w tygodniu, trwaj\u0105 2 godziny lekcyjne (2 x 45 minut). Pe\u0142en kurs obejmuje 60 godzin, natomiast mo\u017cna te\u017c uczestniczy\u0107 w zaj\u0119ciach [&hellip;]\" \/>\n<meta property=\"og:url\" content=\"https:\/\/instytutpolski.pl\/bratislava\/pl\/studiuj-w-polsce\/kursy-jezyka-polskiego-organizowane-przez-ip\/\" \/>\n<meta property=\"og:site_name\" content=\"Instytut Polski w Bratys\u0142awie\" \/>\n<meta property=\"article:modified_time\" content=\"2023-08-31T09:03:50+00:00\" \/>\n<meta property=\"og:image\" content=\"https:\/\/instytutpolski.pl\/bratislava\/wp-content\/uploads\/sites\/13\/2019\/06\/kursy-jezyka-polskiego-kultury.jpg\" \/>\n\t<meta property=\"og:image:width\" content=\"1920\" \/>\n\t<meta property=\"og:image:height\" content=\"700\" \/>\n\t<meta property=\"og:image:type\" content=\"image\/jpeg\" \/>\n<meta name=\"twitter:card\" content=\"summary_large_image\" \/>\n<meta name=\"twitter:label1\" content=\"Szacowany czas czytania\" \/>\n\t<meta name=\"twitter:data1\" content=\"2 minuty\" \/>\n<script type=\"application\/ld+json\" class=\"yoast-schema-graph\">{\"@context\":\"https:\/\/schema.org\",\"@graph\":[{\"@type\":\"WebPage\",\"@id\":\"https:\/\/instytutpolski.pl\/bratislava\/pl\/studiuj-w-polsce\/kursy-jezyka-polskiego-organizowane-przez-ip\/\",\"url\":\"https:\/\/instytutpolski.pl\/bratislava\/pl\/studiuj-w-polsce\/kursy-jezyka-polskiego-organizowane-przez-ip\/\",\"name\":\"Kursy j\u0119zyka polskiego organizowane przez IP - Instytut Polski w Bratys\u0142awie\",\"isPartOf\":{\"@id\":\"https:\/\/instytutpolski.pl\/bratislava\/#website\"},\"primaryImageOfPage\":{\"@id\":\"https:\/\/instytutpolski.pl\/bratislava\/pl\/studiuj-w-polsce\/kursy-jezyka-polskiego-organizowane-przez-ip\/#primaryimage\"},\"image\":{\"@id\":\"https:\/\/instytutpolski.pl\/bratislava\/pl\/studiuj-w-polsce\/kursy-jezyka-polskiego-organizowane-przez-ip\/#primaryimage\"},\"thumbnailUrl\":\"https:\/\/instytutpolski.pl\/bratislava\/wp-content\/uploads\/sites\/13\/2019\/06\/kursy-jezyka-polskiego-kultury.jpg\",\"datePublished\":\"2019-06-27T10:23:06+00:00\",\"dateModified\":\"2023-08-31T09:03:50+00:00\",\"breadcrumb\":{\"@id\":\"https:\/\/instytutpolski.pl\/bratislava\/pl\/studiuj-w-polsce\/kursy-jezyka-polskiego-organizowane-przez-ip\/#breadcrumb\"},\"inLanguage\":\"pl-PL\",\"potentialAction\":[{\"@type\":\"ReadAction\",\"target\":[\"https:\/\/instytutpolski.pl\/bratislava\/pl\/studiuj-w-polsce\/kursy-jezyka-polskiego-organizowane-przez-ip\/\"]}]},{\"@type\":\"ImageObject\",\"inLanguage\":\"pl-PL\",\"@id\":\"https:\/\/instytutpolski.pl\/bratislava\/pl\/studiuj-w-polsce\/kursy-jezyka-polskiego-organizowane-przez-ip\/#primaryimage\",\"url\":\"https:\/\/instytutpolski.pl\/bratislava\/wp-content\/uploads\/sites\/13\/2019\/06\/kursy-jezyka-polskiego-kultury.jpg\",\"contentUrl\":\"https:\/\/instytutpolski.pl\/bratislava\/wp-content\/uploads\/sites\/13\/2019\/06\/kursy-jezyka-polskiego-kultury.jpg\",\"width\":1920,\"height\":700},{\"@type\":\"BreadcrumbList\",\"@id\":\"https:\/\/instytutpolski.pl\/bratislava\/pl\/studiuj-w-polsce\/kursy-jezyka-polskiego-organizowane-przez-ip\/#breadcrumb\",\"itemListElement\":[{\"@type\":\"ListItem\",\"position\":1,\"name\":\"Home\",\"item\":\"https:\/\/instytutpolski.pl\/bratislava\/\"},{\"@type\":\"ListItem\",\"position\":2,\"name\":\"J\u0119zyk polski\",\"item\":\"https:\/\/instytutpolski.pl\/bratislava\/pl\/studiuj-w-polsce\/\"},{\"@type\":\"ListItem\",\"position\":3,\"name\":\"Kursy j\u0119zyka polskiego organizowane przez IP\"}]},{\"@type\":\"WebSite\",\"@id\":\"https:\/\/instytutpolski.pl\/bratislava\/#website\",\"url\":\"https:\/\/instytutpolski.pl\/bratislava\/\",\"name\":\"Instytut Polski w Bratys\u0142awie\",\"description\":\"Instytuty Polskie\",\"potentialAction\":[{\"@type\":\"SearchAction\",\"target\":{\"@type\":\"EntryPoint\",\"urlTemplate\":\"https:\/\/instytutpolski.pl\/bratislava\/?s={search_term_string}\"},\"query-input\":{\"@type\":\"PropertyValueSpecification\",\"valueRequired\":true,\"valueName\":\"search_term_string\"}}],\"inLanguage\":\"pl-PL\"}]}<\/script>\n<!-- \/ Yoast SEO plugin. -->","yoast_head_json":{"title":"Kursy j\u0119zyka polskiego organizowane przez IP - Instytut Polski w Bratys\u0142awie","robots":{"index":"index","follow":"follow","max-snippet":"max-snippet:-1","max-image-preview":"max-image-preview:large","max-video-preview":"max-video-preview:-1"},"canonical":"https:\/\/instytutpolski.pl\/bratislava\/pl\/studiuj-w-polsce\/kursy-jezyka-polskiego-organizowane-przez-ip\/","og_locale":"pl_PL","og_type":"article","og_title":"Kursy j\u0119zyka polskiego organizowane przez IP - Instytut Polski w Bratys\u0142awie","og_description":"Kursy j\u0119zyka polskiego w Instytucie Polskim w Bratys\u0142awie&nbsp; Instytut Polski w Bratys\u0142awie co roku organizuje kursy j\u0119zyka polskiego na r\u00f3\u017cnych poziomach zaawansowania. Zaj\u0119cia prowadzone przez do\u015bwiadczonych lektor\u00f3w odbywaj\u0105 si\u0119 od pa\u017adziernika do czerwca raz w tygodniu, trwaj\u0105 2 godziny lekcyjne (2 x 45 minut). Pe\u0142en kurs obejmuje 60 godzin, natomiast mo\u017cna te\u017c uczestniczy\u0107 w zaj\u0119ciach [&hellip;]","og_url":"https:\/\/instytutpolski.pl\/bratislava\/pl\/studiuj-w-polsce\/kursy-jezyka-polskiego-organizowane-przez-ip\/","og_site_name":"Instytut Polski w Bratys\u0142awie","article_modified_time":"2023-08-31T09:03:50+00:00","og_image":[{"width":1920,"height":700,"url":"https:\/\/instytutpolski.pl\/bratislava\/wp-content\/uploads\/sites\/13\/2019\/06\/kursy-jezyka-polskiego-kultury.jpg","type":"image\/jpeg"}],"twitter_card":"summary_large_image","twitter_misc":{"Szacowany czas czytania":"2 minuty"},"schema":{"@context":"https:\/\/schema.org","@graph":[{"@type":"WebPage","@id":"https:\/\/instytutpolski.pl\/bratislava\/pl\/studiuj-w-polsce\/kursy-jezyka-polskiego-organizowane-przez-ip\/","url":"https:\/\/instytutpolski.pl\/bratislava\/pl\/studiuj-w-polsce\/kursy-jezyka-polskiego-organizowane-przez-ip\/","name":"Kursy j\u0119zyka polskiego organizowane przez IP - Instytut Polski w Bratys\u0142awie","isPartOf":{"@id":"https:\/\/instytutpolski.pl\/bratislava\/#website"},"primaryImageOfPage":{"@id":"https:\/\/instytutpolski.pl\/bratislava\/pl\/studiuj-w-polsce\/kursy-jezyka-polskiego-organizowane-przez-ip\/#primaryimage"},"image":{"@id":"https:\/\/instytutpolski.pl\/bratislava\/pl\/studiuj-w-polsce\/kursy-jezyka-polskiego-organizowane-przez-ip\/#primaryimage"},"thumbnailUrl":"https:\/\/instytutpolski.pl\/bratislava\/wp-content\/uploads\/sites\/13\/2019\/06\/kursy-jezyka-polskiego-kultury.jpg","datePublished":"2019-06-27T10:23:06+00:00","dateModified":"2023-08-31T09:03:50+00:00","breadcrumb":{"@id":"https:\/\/instytutpolski.pl\/bratislava\/pl\/studiuj-w-polsce\/kursy-jezyka-polskiego-organizowane-przez-ip\/#breadcrumb"},"inLanguage":"pl-PL","potentialAction":[{"@type":"ReadAction","target":["https:\/\/instytutpolski.pl\/bratislava\/pl\/studiuj-w-polsce\/kursy-jezyka-polskiego-organizowane-przez-ip\/"]}]},{"@type":"ImageObject","inLanguage":"pl-PL","@id":"https:\/\/instytutpolski.pl\/bratislava\/pl\/studiuj-w-polsce\/kursy-jezyka-polskiego-organizowane-przez-ip\/#primaryimage","url":"https:\/\/instytutpolski.pl\/bratislava\/wp-content\/uploads\/sites\/13\/2019\/06\/kursy-jezyka-polskiego-kultury.jpg","contentUrl":"https:\/\/instytutpolski.pl\/bratislava\/wp-content\/uploads\/sites\/13\/2019\/06\/kursy-jezyka-polskiego-kultury.jpg","width":1920,"height":700},{"@type":"BreadcrumbList","@id":"https:\/\/instytutpolski.pl\/bratislava\/pl\/studiuj-w-polsce\/kursy-jezyka-polskiego-organizowane-przez-ip\/#breadcrumb","itemListElement":[{"@type":"ListItem","position":1,"name":"Home","item":"https:\/\/instytutpolski.pl\/bratislava\/"},{"@type":"ListItem","position":2,"name":"J\u0119zyk polski","item":"https:\/\/instytutpolski.pl\/bratislava\/pl\/studiuj-w-polsce\/"},{"@type":"ListItem","position":3,"name":"Kursy j\u0119zyka polskiego organizowane przez IP"}]},{"@type":"WebSite","@id":"https:\/\/instytutpolski.pl\/bratislava\/#website","url":"https:\/\/instytutpolski.pl\/bratislava\/","name":"Instytut Polski w Bratys\u0142awie","description":"Instytuty Polskie","potentialAction":[{"@type":"SearchAction","target":{"@type":"EntryPoint","urlTemplate":"https:\/\/instytutpolski.pl\/bratislava\/?s={search_term_string}"},"query-input":{"@type":"PropertyValueSpecification","valueRequired":true,"valueName":"search_term_string"}}],"inLanguage":"pl-PL"}]}},"_links":{"self":[{"href":"https:\/\/instytutpolski.pl\/bratislava\/wp-json\/wp\/v2\/pages\/621","targetHints":{"allow":["GET"]}}],"collection":[{"href":"https:\/\/instytutpolski.pl\/bratislava\/wp-json\/wp\/v2\/pages"}],"about":[{"href":"https:\/\/instytutpolski.pl\/bratislava\/wp-json\/wp\/v2\/types\/page"}],"author":[{"embeddable":true,"href":"https:\/\/instytutpolski.pl\/bratislava\/wp-json\/wp\/v2\/users\/1"}],"replies":[{"embeddable":true,"href":"https:\/\/instytutpolski.pl\/bratislava\/wp-json\/wp\/v2\/comments?post=621"}],"version-history":[{"count":5,"href":"https:\/\/instytutpolski.pl\/bratislava\/wp-json\/wp\/v2\/pages\/621\/revisions"}],"predecessor-version":[{"id":6450,"href":"https:\/\/instytutpolski.pl\/bratislava\/wp-json\/wp\/v2\/pages\/621\/revisions\/6450"}],"up":[{"embeddable":true,"href":"https:\/\/instytutpolski.pl\/bratislava\/wp-json\/wp\/v2\/pages\/614"}],"wp:featuredmedia":[{"embeddable":true,"href":"https:\/\/instytutpolski.pl\/bratislava\/wp-json\/wp\/v2\/media\/618"}],"wp:attachment":[{"href":"https:\/\/instytutpolski.pl\/bratislava\/wp-json\/wp\/v2\/media?parent=621"}],"curies":[{"name":"wp","href":"https:\/\/api.w.org\/{rel}","templated":true}]}}