{"id":643,"date":"2019-06-27T12:32:35","date_gmt":"2019-06-27T10:32:35","guid":{"rendered":"https:\/\/instytutpolski.pl\/bratyslawa\/?page_id=643"},"modified":"2020-06-03T16:28:35","modified_gmt":"2020-06-03T14:28:35","slug":"certyfikacja-znajomosci-jezyka-polskiego","status":"publish","type":"page","link":"https:\/\/instytutpolski.pl\/bratislava\/pl\/studiuj-w-polsce\/certyfikacja-znajomosci-jezyka-polskiego\/","title":{"rendered":"Certyfikacja znajomo\u015bci j\u0119zyka polskiego"},"content":{"rendered":"\n<p>Instytut Polski w Bratys\u0142awie nie wydaje certyfikat\u00f3w po\u015bwiadczaj\u0105cych znajomo\u015b\u0107 j\u0119zyka polskiego. Uczestnicy mog\u0105 uzyska\u0107 taki certyfikat we w\u0142asnym zakresie, przyst\u0119puj\u0105c do egzamin\u00f3w organizowanych przez Pa\u0144stwow\u0105 Komisj\u0119 Po\u015bwiadczania Znajomo\u015bci J\u0119zyka Polskiego Jako Obcego (Katowice, Krak\u00f3w, Lublin, \u0141\u00f3d\u017a, Opole, Pozna\u0144, Rzesz\u00f3w, Warszawa, Wroc\u0142aw).<\/p>\n\n\n\n<p><a href=\"https:\/\/nawa.gov.pl\/jezyk-polski\/certyfikacja\">www.nava.gov.pl\/jezyk-polski\/certyfikacja<\/a><\/p>\n\n\n\n<p><a href=\"http:\/\/www.certyfikatpolski.pl\/\">www.certyfikatpolski.pl<\/a><\/p>\n","protected":false},"excerpt":{"rendered":"<p>Instytut Polski w Bratys\u0142awie nie wydaje certyfikat\u00f3w po\u015bwiadczaj\u0105cych znajomo\u015b\u0107 j\u0119zyka polskiego. Uczestnicy mog\u0105 uzyska\u0107 taki certyfikat we w\u0142asnym zakresie, przyst\u0119puj\u0105c do egzamin\u00f3w organizowanych przez Pa\u0144stwow\u0105 Komisj\u0119 Po\u015bwiadczania Znajomo\u015bci J\u0119zyka Polskiego Jako Obcego (Katowice, Krak\u00f3w, Lublin, \u0141\u00f3d\u017a, Opole, Pozna\u0144, Rzesz\u00f3w, Warszawa, Wroc\u0142aw). www.nava.gov.pl\/jezyk-polski\/certyfikacja www.certyfikatpolski.pl<\/p>\n","protected":false},"author":1,"featured_media":642,"parent":614,"menu_order":0,"comment_status":"closed","ping_status":"closed","template":"","meta":{"inline_featured_image":false,"_monsterinsights_skip_tracking":false,"_monsterinsights_sitenote_active":false,"_monsterinsights_sitenote_note":"","_monsterinsights_sitenote_category":0,"footnotes":""},"class_list":["post-643","page","type-page","status-publish","has-post-thumbnail","hentry"],"yoast_head":"<!-- This site is optimized with the Yoast SEO plugin v24.6 - https:\/\/yoast.com\/wordpress\/plugins\/seo\/ -->\n<title>Certyfikacja znajomo\u015bci j\u0119zyka polskiego - Instytut Polski w Bratys\u0142awie<\/title>\n<meta name=\"robots\" content=\"index, follow, max-snippet:-1, max-image-preview:large, max-video-preview:-1\" \/>\n<link rel=\"canonical\" href=\"https:\/\/instytutpolski.pl\/bratislava\/pl\/studiuj-w-polsce\/certyfikacja-znajomosci-jezyka-polskiego\/\" \/>\n<meta property=\"og:locale\" content=\"pl_PL\" \/>\n<meta property=\"og:type\" content=\"article\" \/>\n<meta property=\"og:title\" content=\"Certyfikacja znajomo\u015bci j\u0119zyka polskiego - Instytut Polski w Bratys\u0142awie\" \/>\n<meta property=\"og:description\" content=\"Instytut Polski w Bratys\u0142awie nie wydaje certyfikat\u00f3w po\u015bwiadczaj\u0105cych znajomo\u015b\u0107 j\u0119zyka polskiego. Uczestnicy mog\u0105 uzyska\u0107 taki certyfikat we w\u0142asnym zakresie, przyst\u0119puj\u0105c do egzamin\u00f3w organizowanych przez Pa\u0144stwow\u0105 Komisj\u0119 Po\u015bwiadczania Znajomo\u015bci J\u0119zyka Polskiego Jako Obcego (Katowice, Krak\u00f3w, Lublin, \u0141\u00f3d\u017a, Opole, Pozna\u0144, Rzesz\u00f3w, Warszawa, Wroc\u0142aw). www.nava.gov.pl\/jezyk-polski\/certyfikacja www.certyfikatpolski.pl\" \/>\n<meta property=\"og:url\" content=\"https:\/\/instytutpolski.pl\/bratislava\/pl\/studiuj-w-polsce\/certyfikacja-znajomosci-jezyka-polskiego\/\" \/>\n<meta property=\"og:site_name\" content=\"Instytut Polski w Bratys\u0142awie\" \/>\n<meta property=\"article:modified_time\" content=\"2020-06-03T14:28:35+00:00\" \/>\n<meta property=\"og:image\" content=\"https:\/\/instytutpolski.pl\/bratislava\/wp-content\/uploads\/sites\/13\/2019\/06\/certyfikacja-znajomosci.jpg\" \/>\n\t<meta property=\"og:image:width\" content=\"1920\" \/>\n\t<meta property=\"og:image:height\" content=\"700\" \/>\n\t<meta property=\"og:image:type\" content=\"image\/jpeg\" \/>\n<meta name=\"twitter:card\" content=\"summary_large_image\" \/>\n<script type=\"application\/ld+json\" class=\"yoast-schema-graph\">{\"@context\":\"https:\/\/schema.org\",\"@graph\":[{\"@type\":\"WebPage\",\"@id\":\"https:\/\/instytutpolski.pl\/bratislava\/pl\/studiuj-w-polsce\/certyfikacja-znajomosci-jezyka-polskiego\/\",\"url\":\"https:\/\/instytutpolski.pl\/bratislava\/pl\/studiuj-w-polsce\/certyfikacja-znajomosci-jezyka-polskiego\/\",\"name\":\"Certyfikacja znajomo\u015bci j\u0119zyka polskiego - Instytut Polski w Bratys\u0142awie\",\"isPartOf\":{\"@id\":\"https:\/\/instytutpolski.pl\/bratislava\/#website\"},\"primaryImageOfPage\":{\"@id\":\"https:\/\/instytutpolski.pl\/bratislava\/pl\/studiuj-w-polsce\/certyfikacja-znajomosci-jezyka-polskiego\/#primaryimage\"},\"image\":{\"@id\":\"https:\/\/instytutpolski.pl\/bratislava\/pl\/studiuj-w-polsce\/certyfikacja-znajomosci-jezyka-polskiego\/#primaryimage\"},\"thumbnailUrl\":\"https:\/\/instytutpolski.pl\/bratislava\/wp-content\/uploads\/sites\/13\/2019\/06\/certyfikacja-znajomosci.jpg\",\"datePublished\":\"2019-06-27T10:32:35+00:00\",\"dateModified\":\"2020-06-03T14:28:35+00:00\",\"breadcrumb\":{\"@id\":\"https:\/\/instytutpolski.pl\/bratislava\/pl\/studiuj-w-polsce\/certyfikacja-znajomosci-jezyka-polskiego\/#breadcrumb\"},\"inLanguage\":\"pl-PL\",\"potentialAction\":[{\"@type\":\"ReadAction\",\"target\":[\"https:\/\/instytutpolski.pl\/bratislava\/pl\/studiuj-w-polsce\/certyfikacja-znajomosci-jezyka-polskiego\/\"]}]},{\"@type\":\"ImageObject\",\"inLanguage\":\"pl-PL\",\"@id\":\"https:\/\/instytutpolski.pl\/bratislava\/pl\/studiuj-w-polsce\/certyfikacja-znajomosci-jezyka-polskiego\/#primaryimage\",\"url\":\"https:\/\/instytutpolski.pl\/bratislava\/wp-content\/uploads\/sites\/13\/2019\/06\/certyfikacja-znajomosci.jpg\",\"contentUrl\":\"https:\/\/instytutpolski.pl\/bratislava\/wp-content\/uploads\/sites\/13\/2019\/06\/certyfikacja-znajomosci.jpg\",\"width\":1920,\"height\":700},{\"@type\":\"BreadcrumbList\",\"@id\":\"https:\/\/instytutpolski.pl\/bratislava\/pl\/studiuj-w-polsce\/certyfikacja-znajomosci-jezyka-polskiego\/#breadcrumb\",\"itemListElement\":[{\"@type\":\"ListItem\",\"position\":1,\"name\":\"Home\",\"item\":\"https:\/\/instytutpolski.pl\/bratislava\/\"},{\"@type\":\"ListItem\",\"position\":2,\"name\":\"J\u0119zyk polski\",\"item\":\"https:\/\/instytutpolski.pl\/bratislava\/pl\/studiuj-w-polsce\/\"},{\"@type\":\"ListItem\",\"position\":3,\"name\":\"Certyfikacja znajomo\u015bci j\u0119zyka polskiego\"}]},{\"@type\":\"WebSite\",\"@id\":\"https:\/\/instytutpolski.pl\/bratislava\/#website\",\"url\":\"https:\/\/instytutpolski.pl\/bratislava\/\",\"name\":\"Instytut Polski w Bratys\u0142awie\",\"description\":\"Instytuty Polskie\",\"potentialAction\":[{\"@type\":\"SearchAction\",\"target\":{\"@type\":\"EntryPoint\",\"urlTemplate\":\"https:\/\/instytutpolski.pl\/bratislava\/?s={search_term_string}\"},\"query-input\":{\"@type\":\"PropertyValueSpecification\",\"valueRequired\":true,\"valueName\":\"search_term_string\"}}],\"inLanguage\":\"pl-PL\"}]}<\/script>\n<!-- \/ Yoast SEO plugin. -->","yoast_head_json":{"title":"Certyfikacja znajomo\u015bci j\u0119zyka polskiego - Instytut Polski w Bratys\u0142awie","robots":{"index":"index","follow":"follow","max-snippet":"max-snippet:-1","max-image-preview":"max-image-preview:large","max-video-preview":"max-video-preview:-1"},"canonical":"https:\/\/instytutpolski.pl\/bratislava\/pl\/studiuj-w-polsce\/certyfikacja-znajomosci-jezyka-polskiego\/","og_locale":"pl_PL","og_type":"article","og_title":"Certyfikacja znajomo\u015bci j\u0119zyka polskiego - Instytut Polski w Bratys\u0142awie","og_description":"Instytut Polski w Bratys\u0142awie nie wydaje certyfikat\u00f3w po\u015bwiadczaj\u0105cych znajomo\u015b\u0107 j\u0119zyka polskiego. Uczestnicy mog\u0105 uzyska\u0107 taki certyfikat we w\u0142asnym zakresie, przyst\u0119puj\u0105c do egzamin\u00f3w organizowanych przez Pa\u0144stwow\u0105 Komisj\u0119 Po\u015bwiadczania Znajomo\u015bci J\u0119zyka Polskiego Jako Obcego (Katowice, Krak\u00f3w, Lublin, \u0141\u00f3d\u017a, Opole, Pozna\u0144, Rzesz\u00f3w, Warszawa, Wroc\u0142aw). www.nava.gov.pl\/jezyk-polski\/certyfikacja www.certyfikatpolski.pl","og_url":"https:\/\/instytutpolski.pl\/bratislava\/pl\/studiuj-w-polsce\/certyfikacja-znajomosci-jezyka-polskiego\/","og_site_name":"Instytut Polski w Bratys\u0142awie","article_modified_time":"2020-06-03T14:28:35+00:00","og_image":[{"width":1920,"height":700,"url":"https:\/\/instytutpolski.pl\/bratislava\/wp-content\/uploads\/sites\/13\/2019\/06\/certyfikacja-znajomosci.jpg","type":"image\/jpeg"}],"twitter_card":"summary_large_image","schema":{"@context":"https:\/\/schema.org","@graph":[{"@type":"WebPage","@id":"https:\/\/instytutpolski.pl\/bratislava\/pl\/studiuj-w-polsce\/certyfikacja-znajomosci-jezyka-polskiego\/","url":"https:\/\/instytutpolski.pl\/bratislava\/pl\/studiuj-w-polsce\/certyfikacja-znajomosci-jezyka-polskiego\/","name":"Certyfikacja znajomo\u015bci j\u0119zyka polskiego - Instytut Polski w Bratys\u0142awie","isPartOf":{"@id":"https:\/\/instytutpolski.pl\/bratislava\/#website"},"primaryImageOfPage":{"@id":"https:\/\/instytutpolski.pl\/bratislava\/pl\/studiuj-w-polsce\/certyfikacja-znajomosci-jezyka-polskiego\/#primaryimage"},"image":{"@id":"https:\/\/instytutpolski.pl\/bratislava\/pl\/studiuj-w-polsce\/certyfikacja-znajomosci-jezyka-polskiego\/#primaryimage"},"thumbnailUrl":"https:\/\/instytutpolski.pl\/bratislava\/wp-content\/uploads\/sites\/13\/2019\/06\/certyfikacja-znajomosci.jpg","datePublished":"2019-06-27T10:32:35+00:00","dateModified":"2020-06-03T14:28:35+00:00","breadcrumb":{"@id":"https:\/\/instytutpolski.pl\/bratislava\/pl\/studiuj-w-polsce\/certyfikacja-znajomosci-jezyka-polskiego\/#breadcrumb"},"inLanguage":"pl-PL","potentialAction":[{"@type":"ReadAction","target":["https:\/\/instytutpolski.pl\/bratislava\/pl\/studiuj-w-polsce\/certyfikacja-znajomosci-jezyka-polskiego\/"]}]},{"@type":"ImageObject","inLanguage":"pl-PL","@id":"https:\/\/instytutpolski.pl\/bratislava\/pl\/studiuj-w-polsce\/certyfikacja-znajomosci-jezyka-polskiego\/#primaryimage","url":"https:\/\/instytutpolski.pl\/bratislava\/wp-content\/uploads\/sites\/13\/2019\/06\/certyfikacja-znajomosci.jpg","contentUrl":"https:\/\/instytutpolski.pl\/bratislava\/wp-content\/uploads\/sites\/13\/2019\/06\/certyfikacja-znajomosci.jpg","width":1920,"height":700},{"@type":"BreadcrumbList","@id":"https:\/\/instytutpolski.pl\/bratislava\/pl\/studiuj-w-polsce\/certyfikacja-znajomosci-jezyka-polskiego\/#breadcrumb","itemListElement":[{"@type":"ListItem","position":1,"name":"Home","item":"https:\/\/instytutpolski.pl\/bratislava\/"},{"@type":"ListItem","position":2,"name":"J\u0119zyk polski","item":"https:\/\/instytutpolski.pl\/bratislava\/pl\/studiuj-w-polsce\/"},{"@type":"ListItem","position":3,"name":"Certyfikacja znajomo\u015bci j\u0119zyka polskiego"}]},{"@type":"WebSite","@id":"https:\/\/instytutpolski.pl\/bratislava\/#website","url":"https:\/\/instytutpolski.pl\/bratislava\/","name":"Instytut Polski w Bratys\u0142awie","description":"Instytuty Polskie","potentialAction":[{"@type":"SearchAction","target":{"@type":"EntryPoint","urlTemplate":"https:\/\/instytutpolski.pl\/bratislava\/?s={search_term_string}"},"query-input":{"@type":"PropertyValueSpecification","valueRequired":true,"valueName":"search_term_string"}}],"inLanguage":"pl-PL"}]}},"_links":{"self":[{"href":"https:\/\/instytutpolski.pl\/bratislava\/wp-json\/wp\/v2\/pages\/643","targetHints":{"allow":["GET"]}}],"collection":[{"href":"https:\/\/instytutpolski.pl\/bratislava\/wp-json\/wp\/v2\/pages"}],"about":[{"href":"https:\/\/instytutpolski.pl\/bratislava\/wp-json\/wp\/v2\/types\/page"}],"author":[{"embeddable":true,"href":"https:\/\/instytutpolski.pl\/bratislava\/wp-json\/wp\/v2\/users\/1"}],"replies":[{"embeddable":true,"href":"https:\/\/instytutpolski.pl\/bratislava\/wp-json\/wp\/v2\/comments?post=643"}],"version-history":[{"count":6,"href":"https:\/\/instytutpolski.pl\/bratislava\/wp-json\/wp\/v2\/pages\/643\/revisions"}],"predecessor-version":[{"id":2450,"href":"https:\/\/instytutpolski.pl\/bratislava\/wp-json\/wp\/v2\/pages\/643\/revisions\/2450"}],"up":[{"embeddable":true,"href":"https:\/\/instytutpolski.pl\/bratislava\/wp-json\/wp\/v2\/pages\/614"}],"wp:featuredmedia":[{"embeddable":true,"href":"https:\/\/instytutpolski.pl\/bratislava\/wp-json\/wp\/v2\/media\/642"}],"wp:attachment":[{"href":"https:\/\/instytutpolski.pl\/bratislava\/wp-json\/wp\/v2\/media?parent=643"}],"curies":[{"name":"wp","href":"https:\/\/api.w.org\/{rel}","templated":true}]}}