{"id":667,"date":"2019-06-27T12:38:23","date_gmt":"2019-06-27T10:38:23","guid":{"rendered":"https:\/\/instytutpolski.pl\/bratyslawa\/?page_id=667"},"modified":"2022-09-27T18:42:48","modified_gmt":"2022-09-27T16:42:48","slug":"praktyki","status":"publish","type":"page","link":"https:\/\/instytutpolski.pl\/bratislava\/pl\/o-instytucie-polskim\/praktyki\/","title":{"rendered":"Praktyki"},"content":{"rendered":"\n<p><strong>Praktyki studenckie w Instytucie Polskim w Bratys\u0142awie<\/strong><\/p>\n\n\n\n<p>Ch\u0119tne,\nzainteresowane osoby mog\u0105 stara\u0107 si\u0119 o odbycie nieodp\u0142atnych praktyk\nstudenckich w Instytucie Polskim w Bratys\u0142awie. Poniewa\u017c Instytuty Polskie\npodlegaj\u0105 Ministerstwu Spraw Zagranicznych, organizacj\u0119 i zasady odbywania\npraktyk studenckich okre\u015bla Zarz\u0105dzenie nr 13 Dyrektora Generalnego S\u0142u\u017cby\nZagranicznej z dnia 30 maja 2011 r. w sprawie organizacji i zasad odbywania\npraktyk, wolontariatu oraz sta\u017cu w Ministerstwie Spraw Zagranicznych i\nplac\u00f3wkach zagranicznych. Wszelkie informacje dost\u0119pne s\u0105 na stronach\nwww.msz.gov.pl (\u201ePraca, kariera, praktyki\u201d). Uprzejmie prosimy o zapoznanie si\u0119\nz wytycznymi Ministerstwa Spraw Zagranicznych RP przed z\u0142o\u017ceniem wniosku o\npraktyk\u0119.<\/p>\n\n\n\n<p>Mile widziane u\nstaraj\u0105cych si\u0119 o praktyk\u0119 u nas s\u0105 zainteresowanie polsko-s\u0142owack\u0105 wsp\u00f3\u0142praca\nkulturaln\u0105, S\u0142owacj\u0105 i jej kultur\u0105, znajomo\u015b\u0107 j\u0119zyka s\u0142owackiego, s\u0142owackich\nreali\u00f3w, tematyka pracy licencjackiej, magisterskiej lub doktoranckiej zwi\u0105zana\nze S\u0142owacj\u0105.<\/p>\n\n\n\n<p>Zgodnie z wytycznymi MSZ RP wymagane dokumenty niezb\u0119dne do odbycia praktyki w Instytucie Polskim w Bratys\u0142awie mo\u017cna przes\u0142a\u0107 drog\u0105 elektroniczn\u0105 na adres: bratyslawa.ip.sekretariat@msz.gov.pl, natomiast orygina\u0142y dokument\u00f3w nale\u017cy przed\u0142o\u017cy\u0107 najp\u00f3\u017aniej w dniu rozpocz\u0119cia praktyki.<\/p>\n\n\n\n<p>Instytut Polski w\nBratys\u0142awie chcia\u0142by przypomnie\u0107, i\u017c zgodnie z ww. zarz\u0105dzeniem praktyki w IP\ns\u0105 nieodp\u0142atne. IP nie pokrywa koszt\u00f3w przejazd\u00f3w praktykant\u00f3w, ich utrzymania\ni zakwaterowania oraz ubezpieczenia chorobowego i od nast\u0119pstw nieszcz\u0119\u015bliwych\nwypadk\u00f3w.<\/p>\n","protected":false},"excerpt":{"rendered":"<p>Praktyki studenckie w Instytucie Polskim w Bratys\u0142awie Ch\u0119tne, zainteresowane osoby mog\u0105 stara\u0107 si\u0119 o odbycie nieodp\u0142atnych praktyk studenckich w Instytucie Polskim w Bratys\u0142awie. Poniewa\u017c Instytuty Polskie podlegaj\u0105 Ministerstwu Spraw Zagranicznych, organizacj\u0119 i zasady odbywania praktyk studenckich okre\u015bla Zarz\u0105dzenie nr 13 Dyrektora Generalnego S\u0142u\u017cby Zagranicznej z dnia 30 maja 2011 r. w sprawie organizacji i zasad [&hellip;]<\/p>\n","protected":false},"author":1,"featured_media":0,"parent":679,"menu_order":0,"comment_status":"closed","ping_status":"closed","template":"","meta":{"inline_featured_image":false,"_monsterinsights_skip_tracking":false,"_monsterinsights_sitenote_active":false,"_monsterinsights_sitenote_note":"","_monsterinsights_sitenote_category":0,"footnotes":""},"class_list":["post-667","page","type-page","status-publish","hentry"],"yoast_head":"<!-- This site is optimized with the Yoast SEO plugin v24.6 - https:\/\/yoast.com\/wordpress\/plugins\/seo\/ -->\n<title>Praktyki - Instytut Polski w Bratys\u0142awie<\/title>\n<meta name=\"robots\" content=\"index, follow, max-snippet:-1, max-image-preview:large, max-video-preview:-1\" \/>\n<link rel=\"canonical\" href=\"https:\/\/instytutpolski.pl\/bratislava\/pl\/o-instytucie-polskim\/praktyki\/\" \/>\n<meta property=\"og:locale\" content=\"pl_PL\" \/>\n<meta property=\"og:type\" content=\"article\" \/>\n<meta property=\"og:title\" content=\"Praktyki - Instytut Polski w Bratys\u0142awie\" \/>\n<meta property=\"og:description\" content=\"Praktyki studenckie w Instytucie Polskim w Bratys\u0142awie Ch\u0119tne, zainteresowane osoby mog\u0105 stara\u0107 si\u0119 o odbycie nieodp\u0142atnych praktyk studenckich w Instytucie Polskim w Bratys\u0142awie. Poniewa\u017c Instytuty Polskie podlegaj\u0105 Ministerstwu Spraw Zagranicznych, organizacj\u0119 i zasady odbywania praktyk studenckich okre\u015bla Zarz\u0105dzenie nr 13 Dyrektora Generalnego S\u0142u\u017cby Zagranicznej z dnia 30 maja 2011 r. w sprawie organizacji i zasad [&hellip;]\" \/>\n<meta property=\"og:url\" content=\"https:\/\/instytutpolski.pl\/bratislava\/pl\/o-instytucie-polskim\/praktyki\/\" \/>\n<meta property=\"og:site_name\" content=\"Instytut Polski w Bratys\u0142awie\" \/>\n<meta property=\"article:modified_time\" content=\"2022-09-27T16:42:48+00:00\" \/>\n<meta name=\"twitter:card\" content=\"summary_large_image\" \/>\n<meta name=\"twitter:label1\" content=\"Szacowany czas czytania\" \/>\n\t<meta name=\"twitter:data1\" content=\"2 minuty\" \/>\n<script type=\"application\/ld+json\" class=\"yoast-schema-graph\">{\"@context\":\"https:\/\/schema.org\",\"@graph\":[{\"@type\":\"WebPage\",\"@id\":\"https:\/\/instytutpolski.pl\/bratislava\/pl\/o-instytucie-polskim\/praktyki\/\",\"url\":\"https:\/\/instytutpolski.pl\/bratislava\/pl\/o-instytucie-polskim\/praktyki\/\",\"name\":\"Praktyki - Instytut Polski w Bratys\u0142awie\",\"isPartOf\":{\"@id\":\"https:\/\/instytutpolski.pl\/bratislava\/#website\"},\"datePublished\":\"2019-06-27T10:38:23+00:00\",\"dateModified\":\"2022-09-27T16:42:48+00:00\",\"breadcrumb\":{\"@id\":\"https:\/\/instytutpolski.pl\/bratislava\/pl\/o-instytucie-polskim\/praktyki\/#breadcrumb\"},\"inLanguage\":\"pl-PL\",\"potentialAction\":[{\"@type\":\"ReadAction\",\"target\":[\"https:\/\/instytutpolski.pl\/bratislava\/pl\/o-instytucie-polskim\/praktyki\/\"]}]},{\"@type\":\"BreadcrumbList\",\"@id\":\"https:\/\/instytutpolski.pl\/bratislava\/pl\/o-instytucie-polskim\/praktyki\/#breadcrumb\",\"itemListElement\":[{\"@type\":\"ListItem\",\"position\":1,\"name\":\"Home\",\"item\":\"https:\/\/instytutpolski.pl\/bratislava\/\"},{\"@type\":\"ListItem\",\"position\":2,\"name\":\"O Instytucie Polskim\",\"item\":\"https:\/\/instytutpolski.pl\/bratislava\/pl\/o-instytucie-polskim\/\"},{\"@type\":\"ListItem\",\"position\":3,\"name\":\"Praktyki\"}]},{\"@type\":\"WebSite\",\"@id\":\"https:\/\/instytutpolski.pl\/bratislava\/#website\",\"url\":\"https:\/\/instytutpolski.pl\/bratislava\/\",\"name\":\"Instytut Polski w Bratys\u0142awie\",\"description\":\"Instytuty Polskie\",\"potentialAction\":[{\"@type\":\"SearchAction\",\"target\":{\"@type\":\"EntryPoint\",\"urlTemplate\":\"https:\/\/instytutpolski.pl\/bratislava\/?s={search_term_string}\"},\"query-input\":{\"@type\":\"PropertyValueSpecification\",\"valueRequired\":true,\"valueName\":\"search_term_string\"}}],\"inLanguage\":\"pl-PL\"}]}<\/script>\n<!-- \/ Yoast SEO plugin. -->","yoast_head_json":{"title":"Praktyki - Instytut Polski w Bratys\u0142awie","robots":{"index":"index","follow":"follow","max-snippet":"max-snippet:-1","max-image-preview":"max-image-preview:large","max-video-preview":"max-video-preview:-1"},"canonical":"https:\/\/instytutpolski.pl\/bratislava\/pl\/o-instytucie-polskim\/praktyki\/","og_locale":"pl_PL","og_type":"article","og_title":"Praktyki - Instytut Polski w Bratys\u0142awie","og_description":"Praktyki studenckie w Instytucie Polskim w Bratys\u0142awie Ch\u0119tne, zainteresowane osoby mog\u0105 stara\u0107 si\u0119 o odbycie nieodp\u0142atnych praktyk studenckich w Instytucie Polskim w Bratys\u0142awie. Poniewa\u017c Instytuty Polskie podlegaj\u0105 Ministerstwu Spraw Zagranicznych, organizacj\u0119 i zasady odbywania praktyk studenckich okre\u015bla Zarz\u0105dzenie nr 13 Dyrektora Generalnego S\u0142u\u017cby Zagranicznej z dnia 30 maja 2011 r. w sprawie organizacji i zasad [&hellip;]","og_url":"https:\/\/instytutpolski.pl\/bratislava\/pl\/o-instytucie-polskim\/praktyki\/","og_site_name":"Instytut Polski w Bratys\u0142awie","article_modified_time":"2022-09-27T16:42:48+00:00","twitter_card":"summary_large_image","twitter_misc":{"Szacowany czas czytania":"2 minuty"},"schema":{"@context":"https:\/\/schema.org","@graph":[{"@type":"WebPage","@id":"https:\/\/instytutpolski.pl\/bratislava\/pl\/o-instytucie-polskim\/praktyki\/","url":"https:\/\/instytutpolski.pl\/bratislava\/pl\/o-instytucie-polskim\/praktyki\/","name":"Praktyki - Instytut Polski w Bratys\u0142awie","isPartOf":{"@id":"https:\/\/instytutpolski.pl\/bratislava\/#website"},"datePublished":"2019-06-27T10:38:23+00:00","dateModified":"2022-09-27T16:42:48+00:00","breadcrumb":{"@id":"https:\/\/instytutpolski.pl\/bratislava\/pl\/o-instytucie-polskim\/praktyki\/#breadcrumb"},"inLanguage":"pl-PL","potentialAction":[{"@type":"ReadAction","target":["https:\/\/instytutpolski.pl\/bratislava\/pl\/o-instytucie-polskim\/praktyki\/"]}]},{"@type":"BreadcrumbList","@id":"https:\/\/instytutpolski.pl\/bratislava\/pl\/o-instytucie-polskim\/praktyki\/#breadcrumb","itemListElement":[{"@type":"ListItem","position":1,"name":"Home","item":"https:\/\/instytutpolski.pl\/bratislava\/"},{"@type":"ListItem","position":2,"name":"O Instytucie Polskim","item":"https:\/\/instytutpolski.pl\/bratislava\/pl\/o-instytucie-polskim\/"},{"@type":"ListItem","position":3,"name":"Praktyki"}]},{"@type":"WebSite","@id":"https:\/\/instytutpolski.pl\/bratislava\/#website","url":"https:\/\/instytutpolski.pl\/bratislava\/","name":"Instytut Polski w Bratys\u0142awie","description":"Instytuty Polskie","potentialAction":[{"@type":"SearchAction","target":{"@type":"EntryPoint","urlTemplate":"https:\/\/instytutpolski.pl\/bratislava\/?s={search_term_string}"},"query-input":{"@type":"PropertyValueSpecification","valueRequired":true,"valueName":"search_term_string"}}],"inLanguage":"pl-PL"}]}},"_links":{"self":[{"href":"https:\/\/instytutpolski.pl\/bratislava\/wp-json\/wp\/v2\/pages\/667","targetHints":{"allow":["GET"]}}],"collection":[{"href":"https:\/\/instytutpolski.pl\/bratislava\/wp-json\/wp\/v2\/pages"}],"about":[{"href":"https:\/\/instytutpolski.pl\/bratislava\/wp-json\/wp\/v2\/types\/page"}],"author":[{"embeddable":true,"href":"https:\/\/instytutpolski.pl\/bratislava\/wp-json\/wp\/v2\/users\/1"}],"replies":[{"embeddable":true,"href":"https:\/\/instytutpolski.pl\/bratislava\/wp-json\/wp\/v2\/comments?post=667"}],"version-history":[{"count":3,"href":"https:\/\/instytutpolski.pl\/bratislava\/wp-json\/wp\/v2\/pages\/667\/revisions"}],"predecessor-version":[{"id":5252,"href":"https:\/\/instytutpolski.pl\/bratislava\/wp-json\/wp\/v2\/pages\/667\/revisions\/5252"}],"up":[{"embeddable":true,"href":"https:\/\/instytutpolski.pl\/bratislava\/wp-json\/wp\/v2\/pages\/679"}],"wp:attachment":[{"href":"https:\/\/instytutpolski.pl\/bratislava\/wp-json\/wp\/v2\/media?parent=667"}],"curies":[{"name":"wp","href":"https:\/\/api.w.org\/{rel}","templated":true}]}}