{"id":673,"date":"2019-06-27T12:40:48","date_gmt":"2019-06-27T10:40:48","guid":{"rendered":"https:\/\/instytutpolski.pl\/bratyslawa\/?page_id=673"},"modified":"2022-09-27T18:57:37","modified_gmt":"2022-09-27T16:57:37","slug":"spolupraca","status":"publish","type":"page","link":"https:\/\/instytutpolski.pl\/bratislava\/o-polskom-institute\/spolupraca\/","title":{"rendered":"Spolupr\u00e1ca"},"content":{"rendered":"\n<p><strong>Po\u013esk\u00fd in\u0161tit\u00fat v Bratislave sa ro\u010dne zap\u00e1ja do viac ako 180 projektov. <\/strong>Takmer polovica z nich sa realizuje mimo na\u0161ich priestorov a mimo Bratislavy. Spolupracujeme najm\u00e4 s po\u013esk\u00fdmi umelcami a in\u0161tit\u00faciami, no podporujeme aj mno\u017estvo projektov propaguj\u00facich po\u013esk\u00fa kult\u00faru v spolupr\u00e1ci so slovensk\u00fdmi partnermi, teda umelcami, in\u0161tit\u00faciami \u010di zdru\u017eeniami. Okrem informa\u010dnej a propaga\u010dnej podpory pon\u00fakame aj organiza\u010dn\u00fa, materi\u00e1lnu, technick\u00fa, logistick\u00fa a finan\u010dn\u00fa pomoc.<\/p>\n\n\n\n<p><strong>V\u0161etk\u00fdch z\u00e1ujemcov pob\u00e1dame k tomu, aby predstavili svoje n\u00e1pady a projekty.<\/strong> <strong>Je potrebn\u00e9, aby projekt obsahoval z\u00e1kladn\u00e9 inform\u00e1cie, t. j. inform\u00e1ciu o \u00fa\u010dasti po\u013esk\u00fdch umelcov, prepojenie s po\u013eskou tvorbou (napr. divadeln\u00e9 predstavenie, film, hudobn\u00e9 dielo), d\u00e1tum a miesto realiz\u00e1cie, celkov\u00fd rozpo\u010det vr\u00e1tane in\u00fdch zdrojov financovania, sp\u00f4soby propag\u00e1cie, pre koho je projekt ur\u010den\u00fd, ak\u00e9 publikum sa o\u010dak\u00e1va, povinnosti hlavn\u00e9ho organiz\u00e1tora podujatia, o\u010dak\u00e1vania od Po\u013esk\u00e9ho in\u0161tit\u00fatu. V\u00edtan\u00e9 s\u00fa stru\u010dn\u00e9 inform\u00e1cie o podujat\u00ed, ktor\u00e9 m\u00f4\u017eeme zahrn\u00fa\u0165 do programu PIB. Z\u00e1kladn\u00fdm krit\u00e9riom pos\u00fadenia n\u00e1\u0161ho zapojenia je propag\u00e1cia po\u013eskej kult\u00fary a po\u013esko-slovenskej kult\u00farnej spolupr\u00e1ce.<\/strong><\/p>\n\n\n\n<p>\u010c\u00edm sk\u00f4r sa o novom projekte dozvieme a \u010d\u00edm viac o \u0148om vieme, t\u00fdm je v\u00e4\u010d\u0161ia \u0161anca na jeho realiz\u00e1ciu.<\/p>\n\n\n\n<p><strong>N\u00e1\u0161 program pripravujeme v \u0161tvr\u0165ro\u010dn\u00fdch intervaloch.<\/strong> V s\u00falade s na\u0161imi predpismi zasielame n\u00e1vrh \u0161tvr\u0165ro\u010dn\u00e9ho programu na schv\u00e1lenie Odboru verejnej a kult\u00farnej diplomacie Ministerstva zahrani\u010dn\u00fdch vec\u00ed Po\u013eskej republiky. Iba na z\u00e1klade jeho rozhodnutia m\u00f4\u017eeme potvrdi\u0165 podporu Po\u013esk\u00e9ho in\u0161tit\u00fatu pre dan\u00fd projekt. V\u0161etky projekty podporen\u00e9 in\u0161tit\u00fatom musia by\u0165 ozna\u010den\u00e9 na\u0161\u00edm logom &#8211; to je minim\u00e1lna podmienka spolupr\u00e1ce.<\/p>\n\n\n\n<p>Ke\u010f\u017ee si uvedomujeme, \u017ee nie v\u0161etky projekty sa realizuj\u00fa pod\u013ea pl\u00e1nu, o\u010dak\u00e1vame aj okam\u017eit\u00e9 inform\u00e1cie o pr\u00edpadn\u00fdch zmen\u00e1ch, pokia\u013e ide o term\u00edn a miesto realiz\u00e1cie projektu a jeho \u00fa\u010dastn\u00edkov.<\/p>\n\n\n\n<p>N\u00e1vrhy projektov n\u00e1m m\u00f4\u017eete posiela\u0165 e-mailom na adresu: <strong>bratyslawa.ip.sekretariat@msz.gov.pl<\/strong>, alebo po\u0161tou na adresu:<\/p>\n\n\n\n<p><strong>Po\u013esk\u00fd in\u0161tit\u00fat<br>P.O. Box. 153<br>N\u00e1m. SNP 27<br>814 99 Bratislava<\/strong><\/p>\n","protected":false},"excerpt":{"rendered":"<p>Po\u013esk\u00fd in\u0161tit\u00fat v Bratislave sa ro\u010dne zap\u00e1ja do viac ako 180 projektov. Takmer polovica z nich sa realizuje mimo na\u0161ich priestorov a mimo Bratislavy. Spolupracujeme najm\u00e4 s po\u013esk\u00fdmi umelcami a in\u0161tit\u00faciami, no podporujeme aj mno\u017estvo projektov propaguj\u00facich po\u013esk\u00fa kult\u00faru v spolupr\u00e1ci so slovensk\u00fdmi partnermi, teda umelcami, in\u0161tit\u00faciami \u010di zdru\u017eeniami. Okrem informa\u010dnej a propaga\u010dnej podpory pon\u00fakame [&hellip;]<\/p>\n","protected":false},"author":1,"featured_media":0,"parent":650,"menu_order":0,"comment_status":"closed","ping_status":"closed","template":"","meta":{"inline_featured_image":false,"_monsterinsights_skip_tracking":false,"_monsterinsights_sitenote_active":false,"_monsterinsights_sitenote_note":"","_monsterinsights_sitenote_category":0,"footnotes":""},"class_list":["post-673","page","type-page","status-publish","hentry"],"yoast_head":"<!-- This site is optimized with the Yoast SEO plugin v24.6 - https:\/\/yoast.com\/wordpress\/plugins\/seo\/ -->\n<title>Spolupr\u00e1ca - Instytut Polski w Bratys\u0142awie<\/title>\n<meta name=\"robots\" content=\"index, follow, max-snippet:-1, max-image-preview:large, max-video-preview:-1\" \/>\n<link rel=\"canonical\" href=\"https:\/\/instytutpolski.pl\/bratislava\/o-polskom-institute\/spolupraca\/\" \/>\n<meta property=\"og:locale\" content=\"pl_PL\" \/>\n<meta property=\"og:type\" content=\"article\" \/>\n<meta property=\"og:title\" content=\"Spolupr\u00e1ca - Instytut Polski w Bratys\u0142awie\" \/>\n<meta property=\"og:description\" content=\"Po\u013esk\u00fd in\u0161tit\u00fat v Bratislave sa ro\u010dne zap\u00e1ja do viac ako 180 projektov. Takmer polovica z nich sa realizuje mimo na\u0161ich priestorov a mimo Bratislavy. Spolupracujeme najm\u00e4 s po\u013esk\u00fdmi umelcami a in\u0161tit\u00faciami, no podporujeme aj mno\u017estvo projektov propaguj\u00facich po\u013esk\u00fa kult\u00faru v spolupr\u00e1ci so slovensk\u00fdmi partnermi, teda umelcami, in\u0161tit\u00faciami \u010di zdru\u017eeniami. Okrem informa\u010dnej a propaga\u010dnej podpory pon\u00fakame [&hellip;]\" \/>\n<meta property=\"og:url\" content=\"https:\/\/instytutpolski.pl\/bratislava\/o-polskom-institute\/spolupraca\/\" \/>\n<meta property=\"og:site_name\" content=\"Instytut Polski w Bratys\u0142awie\" \/>\n<meta property=\"article:modified_time\" content=\"2022-09-27T16:57:37+00:00\" \/>\n<meta name=\"twitter:card\" content=\"summary_large_image\" \/>\n<meta name=\"twitter:label1\" content=\"Szacowany czas czytania\" \/>\n\t<meta name=\"twitter:data1\" content=\"2 minuty\" \/>\n<script type=\"application\/ld+json\" class=\"yoast-schema-graph\">{\"@context\":\"https:\/\/schema.org\",\"@graph\":[{\"@type\":\"WebPage\",\"@id\":\"https:\/\/instytutpolski.pl\/bratislava\/o-polskom-institute\/spolupraca\/\",\"url\":\"https:\/\/instytutpolski.pl\/bratislava\/o-polskom-institute\/spolupraca\/\",\"name\":\"Spolupr\u00e1ca - Instytut Polski w Bratys\u0142awie\",\"isPartOf\":{\"@id\":\"https:\/\/instytutpolski.pl\/bratislava\/#website\"},\"datePublished\":\"2019-06-27T10:40:48+00:00\",\"dateModified\":\"2022-09-27T16:57:37+00:00\",\"breadcrumb\":{\"@id\":\"https:\/\/instytutpolski.pl\/bratislava\/o-polskom-institute\/spolupraca\/#breadcrumb\"},\"inLanguage\":\"pl-PL\",\"potentialAction\":[{\"@type\":\"ReadAction\",\"target\":[\"https:\/\/instytutpolski.pl\/bratislava\/o-polskom-institute\/spolupraca\/\"]}]},{\"@type\":\"BreadcrumbList\",\"@id\":\"https:\/\/instytutpolski.pl\/bratislava\/o-polskom-institute\/spolupraca\/#breadcrumb\",\"itemListElement\":[{\"@type\":\"ListItem\",\"position\":1,\"name\":\"Home\",\"item\":\"https:\/\/instytutpolski.pl\/bratislava\/\"},{\"@type\":\"ListItem\",\"position\":2,\"name\":\"O Po\u013eskom in\u0161tit\u00fate\",\"item\":\"https:\/\/instytutpolski.pl\/bratislava\/o-polskom-institute\/\"},{\"@type\":\"ListItem\",\"position\":3,\"name\":\"Spolupr\u00e1ca\"}]},{\"@type\":\"WebSite\",\"@id\":\"https:\/\/instytutpolski.pl\/bratislava\/#website\",\"url\":\"https:\/\/instytutpolski.pl\/bratislava\/\",\"name\":\"Instytut Polski w Bratys\u0142awie\",\"description\":\"Instytuty Polskie\",\"potentialAction\":[{\"@type\":\"SearchAction\",\"target\":{\"@type\":\"EntryPoint\",\"urlTemplate\":\"https:\/\/instytutpolski.pl\/bratislava\/?s={search_term_string}\"},\"query-input\":{\"@type\":\"PropertyValueSpecification\",\"valueRequired\":true,\"valueName\":\"search_term_string\"}}],\"inLanguage\":\"pl-PL\"}]}<\/script>\n<!-- \/ Yoast SEO plugin. -->","yoast_head_json":{"title":"Spolupr\u00e1ca - Instytut Polski w Bratys\u0142awie","robots":{"index":"index","follow":"follow","max-snippet":"max-snippet:-1","max-image-preview":"max-image-preview:large","max-video-preview":"max-video-preview:-1"},"canonical":"https:\/\/instytutpolski.pl\/bratislava\/o-polskom-institute\/spolupraca\/","og_locale":"pl_PL","og_type":"article","og_title":"Spolupr\u00e1ca - Instytut Polski w Bratys\u0142awie","og_description":"Po\u013esk\u00fd in\u0161tit\u00fat v Bratislave sa ro\u010dne zap\u00e1ja do viac ako 180 projektov. Takmer polovica z nich sa realizuje mimo na\u0161ich priestorov a mimo Bratislavy. Spolupracujeme najm\u00e4 s po\u013esk\u00fdmi umelcami a in\u0161tit\u00faciami, no podporujeme aj mno\u017estvo projektov propaguj\u00facich po\u013esk\u00fa kult\u00faru v spolupr\u00e1ci so slovensk\u00fdmi partnermi, teda umelcami, in\u0161tit\u00faciami \u010di zdru\u017eeniami. Okrem informa\u010dnej a propaga\u010dnej podpory pon\u00fakame [&hellip;]","og_url":"https:\/\/instytutpolski.pl\/bratislava\/o-polskom-institute\/spolupraca\/","og_site_name":"Instytut Polski w Bratys\u0142awie","article_modified_time":"2022-09-27T16:57:37+00:00","twitter_card":"summary_large_image","twitter_misc":{"Szacowany czas czytania":"2 minuty"},"schema":{"@context":"https:\/\/schema.org","@graph":[{"@type":"WebPage","@id":"https:\/\/instytutpolski.pl\/bratislava\/o-polskom-institute\/spolupraca\/","url":"https:\/\/instytutpolski.pl\/bratislava\/o-polskom-institute\/spolupraca\/","name":"Spolupr\u00e1ca - Instytut Polski w Bratys\u0142awie","isPartOf":{"@id":"https:\/\/instytutpolski.pl\/bratislava\/#website"},"datePublished":"2019-06-27T10:40:48+00:00","dateModified":"2022-09-27T16:57:37+00:00","breadcrumb":{"@id":"https:\/\/instytutpolski.pl\/bratislava\/o-polskom-institute\/spolupraca\/#breadcrumb"},"inLanguage":"pl-PL","potentialAction":[{"@type":"ReadAction","target":["https:\/\/instytutpolski.pl\/bratislava\/o-polskom-institute\/spolupraca\/"]}]},{"@type":"BreadcrumbList","@id":"https:\/\/instytutpolski.pl\/bratislava\/o-polskom-institute\/spolupraca\/#breadcrumb","itemListElement":[{"@type":"ListItem","position":1,"name":"Home","item":"https:\/\/instytutpolski.pl\/bratislava\/"},{"@type":"ListItem","position":2,"name":"O Po\u013eskom in\u0161tit\u00fate","item":"https:\/\/instytutpolski.pl\/bratislava\/o-polskom-institute\/"},{"@type":"ListItem","position":3,"name":"Spolupr\u00e1ca"}]},{"@type":"WebSite","@id":"https:\/\/instytutpolski.pl\/bratislava\/#website","url":"https:\/\/instytutpolski.pl\/bratislava\/","name":"Instytut Polski w Bratys\u0142awie","description":"Instytuty Polskie","potentialAction":[{"@type":"SearchAction","target":{"@type":"EntryPoint","urlTemplate":"https:\/\/instytutpolski.pl\/bratislava\/?s={search_term_string}"},"query-input":{"@type":"PropertyValueSpecification","valueRequired":true,"valueName":"search_term_string"}}],"inLanguage":"pl-PL"}]}},"_links":{"self":[{"href":"https:\/\/instytutpolski.pl\/bratislava\/wp-json\/wp\/v2\/pages\/673","targetHints":{"allow":["GET"]}}],"collection":[{"href":"https:\/\/instytutpolski.pl\/bratislava\/wp-json\/wp\/v2\/pages"}],"about":[{"href":"https:\/\/instytutpolski.pl\/bratislava\/wp-json\/wp\/v2\/types\/page"}],"author":[{"embeddable":true,"href":"https:\/\/instytutpolski.pl\/bratislava\/wp-json\/wp\/v2\/users\/1"}],"replies":[{"embeddable":true,"href":"https:\/\/instytutpolski.pl\/bratislava\/wp-json\/wp\/v2\/comments?post=673"}],"version-history":[{"count":3,"href":"https:\/\/instytutpolski.pl\/bratislava\/wp-json\/wp\/v2\/pages\/673\/revisions"}],"predecessor-version":[{"id":5258,"href":"https:\/\/instytutpolski.pl\/bratislava\/wp-json\/wp\/v2\/pages\/673\/revisions\/5258"}],"up":[{"embeddable":true,"href":"https:\/\/instytutpolski.pl\/bratislava\/wp-json\/wp\/v2\/pages\/650"}],"wp:attachment":[{"href":"https:\/\/instytutpolski.pl\/bratislava\/wp-json\/wp\/v2\/media?parent=673"}],"curies":[{"name":"wp","href":"https:\/\/api.w.org\/{rel}","templated":true}]}}