{"version":"1.0","provider_name":"Instytut Polski w Brukseli","provider_url":"https:\/\/instytutpolski.pl\/brussels","author_name":"poltowiczk","author_url":"https:\/\/instytutpolski.pl\/brussels\/author\/poltowiczk\/","title":"Illustration : Joanna Concejo et la librairie Quartier Libre - Instytut Polski w Brukseli","type":"rich","width":600,"height":338,"html":"<blockquote class=\"wp-embedded-content\" data-secret=\"AFa6lZK3wV\"><a href=\"https:\/\/instytutpolski.pl\/brussels\/2025\/12\/31\/joanna-concejo-et-la-librairie-quartier-libre\/\">Illustration : Joanna Concejo et la librairie Quartier Libre<\/a><\/blockquote><iframe sandbox=\"allow-scripts\" security=\"restricted\" src=\"https:\/\/instytutpolski.pl\/brussels\/2025\/12\/31\/joanna-concejo-et-la-librairie-quartier-libre\/embed\/#?secret=AFa6lZK3wV\" width=\"600\" height=\"338\" title=\"&#8222;Illustration : Joanna Concejo et la librairie Quartier Libre&#8221; &#8212; Instytut Polski w Brukseli\" data-secret=\"AFa6lZK3wV\" frameborder=\"0\" marginwidth=\"0\" marginheight=\"0\" scrolling=\"no\" class=\"wp-embedded-content\"><\/iframe><script type=\"text\/javascript\">\n\/* <![CDATA[ *\/\n\/*! This file is auto-generated *\/\n!function(d,l){\"use strict\";l.querySelector&&d.addEventListener&&\"undefined\"!=typeof URL&&(d.wp=d.wp||{},d.wp.receiveEmbedMessage||(d.wp.receiveEmbedMessage=function(e){var t=e.data;if((t||t.secret||t.message||t.value)&&!\/[^a-zA-Z0-9]\/.test(t.secret)){for(var s,r,n,a=l.querySelectorAll('iframe[data-secret=\"'+t.secret+'\"]'),o=l.querySelectorAll('blockquote[data-secret=\"'+t.secret+'\"]'),c=new RegExp(\"^https?:$\",\"i\"),i=0;i<o.length;i++)o[i].style.display=\"none\";for(i=0;i<a.length;i++)s=a[i],e.source===s.contentWindow&&(s.removeAttribute(\"style\"),\"height\"===t.message?(1e3<(r=parseInt(t.value,10))?r=1e3:~~r<200&&(r=200),s.height=r):\"link\"===t.message&&(r=new URL(s.getAttribute(\"src\")),n=new URL(t.value),c.test(n.protocol))&&n.host===r.host&&l.activeElement===s&&(d.top.location.href=t.value))}},d.addEventListener(\"message\",d.wp.receiveEmbedMessage,!1),l.addEventListener(\"DOMContentLoaded\",function(){for(var e,t,s=l.querySelectorAll(\"iframe.wp-embedded-content\"),r=0;r<s.length;r++)(t=(e=s[r]).getAttribute(\"data-secret\"))||(t=Math.random().toString(36).substring(2,12),e.src+=\"#?secret=\"+t,e.setAttribute(\"data-secret\",t)),e.contentWindow.postMessage({message:\"ready\",secret:t},\"*\")},!1)))}(window,document);\n\/* ]]> *\/\n<\/script>\n","thumbnail_url":"https:\/\/instytutpolski.pl\/brussels\/wp-content\/uploads\/sites\/4\/2025\/12\/QL_MARQUE-PAGE_03.jpg","thumbnail_width":856,"thumbnail_height":426,"description":"L\u2019art de l\u2019illustration au c\u0153ur de Bruxelles \u00c0 l\u2019approche des f\u00eates de fin d\u2019ann\u00e9e, la librairie bruxelloise Quartier Libre \u2013 le lieu du livre renouvelle une fois encore son dialogue entre litt\u00e9rature et illustration, en invitant une artiste \u00e0 cr\u00e9er un marque-page et un sticker offerts avec chaque livre achet\u00e9. Cette ann\u00e9e, ce projet d\u00e9licat [&hellip;]"}

L’art de l’illustration au cœur de Bruxelles À l’approche des fêtes de fin d’année, la librairie bruxelloise Quartier Libre – le lieu du livre renouvelle une fois encore son dialogue entre littérature et illustration, en invitant une artiste à créer un marque-page et un sticker offerts avec chaque livre acheté. Cette année, ce projet délicat [&hellip;]
