{"id":15682,"date":"2025-02-14T13:24:23","date_gmt":"2025-02-14T12:24:23","guid":{"rendered":"https:\/\/instytutpolski.pl\/brussels\/?page_id=15682"},"modified":"2025-03-20T11:17:18","modified_gmt":"2025-03-20T10:17:18","slug":"polish-presidency-of-the-council-of-the-european-union","status":"publish","type":"page","link":"https:\/\/instytutpolski.pl\/brussels\/en\/polish-presidency-of-the-council-of-the-european-union\/","title":{"rendered":"POLISH PRESIDENCY OF THE COUNCIL OF THE EUROPEAN UNION"},"content":{"rendered":"\n<h4 style=\"text-align: center\"><strong><br \/>Calendar of cultural events of the Polish Institute Brussels and the Adam Mickiewicz Institute during the <\/strong><strong>the Polish presidency of the Council of the European Union 2025<br \/><br \/><\/strong><\/h4>\n<p style=\"text-align: center\">In the first half of 2025, Poland will take centre stage on the European cultural scene, presenting a vibrant and diverse artistic programme. For six months, Polish art, theatre, film, music, and literature will bring people together. The programme underscores culture\u2019s ability to act as a bridge connecting various traditions, languages, and experiences. Each event offers a unique opportunity to experience Polish culture firsthand and connect with talented Polish artists and creators. The programme takes particular emphasis on young creators who bring freshness and a modern perspective, while connecting generations and cultures in a dialogue about the future of Europe.<\/p>\n<p style=\"text-align: center\">The cultural events program, part of Poland\u2019s presidency of the Council of the European Union includes projects taking place across many European countries. Below, we\u2019ve selected the official and accompanying events happening in Belgium. The projects initiated and carried out by the Polish Institute Brussels are highlighted in red. The full list of events under the theme \u201cCulture Sparks Unity\u201d can we found on the website <a href=\"https:\/\/poland2025eu.culture.pl\/\">https:\/\/poland2025eu.culture.pl\/<\/a> coordinated by Adam Mickiewicz Institute.<\/p>\n<p style=\"text-align: center\">More information about Poland\u2019s presidency of the Council of the EU: <a href=\"http:\/\/poland25.eu\/\">http:\/\/poland25.eu\/<\/a><\/p>\n<h4 style=\"text-align: center\"><strong>January 2025<\/strong><\/h4>\n<ul style=\"list-style-type: disc\">\n<li><span style=\"color: #ff0000\"><strong>7 January 2025: <\/strong>Concert of the Karski Quartet as part of the series \u2018Poland&#8217;s Next Generation of Classical Music\u2019 in collaboration with the European Parliament (Brussels) &#8211; Polish Institute Brussels<\/span><\/li>\n<li><strong>14 January \u2013 30 June 2025: <\/strong>Exhibition of Polish design, graphics, and illustration at the Council of the European Union and the European Parliament exploring the theme of \u201cRegeneration\u201d (curator: Aleksandra K\u0119dziorek) &#8211; The Adam Mickiewicz Institute<br \/>&#8211; Presentation of Polish design, graphics, and illustration at the headquarters of the Council of the European Union and the European Parliament (interior design by Katarzyna Baumiller, Justus Lipsius, \u201cEuropa\u201d buildings, European Parliament, Brussels)<br \/>&#8211; Installation by Alicja Patanowska, <em>We are the Weather<\/em> (Justus Lipsius, Brussels)<br \/>&#8211; Installation by Alicja Bia\u0142a <em>Underneath the Hard Ground, Soft Ground<\/em> at the headquarters of the Council of the European Union (Europa Building, Brussels)<br \/>&#8211; Exhibition of Polish art from the collection of the European Union Parliament and Polish collections (European Parliament, Brussels)\u00a0<\/li>\n<li><strong>13 \u2013 17 January 2025:<\/strong> <em>Women and the Vote <\/em>exhibition (European Parliament, Brussels) &#8211; Adam Mickiewicz Institute<\/li>\n<li><span style=\"color: #ff0000\"><strong>16 January &#8211; 28 February <\/strong><strong>2025<\/strong><strong>: <\/strong>\u201cLandscape Archive\u201d exhibition by the Zapomniane Foundation at the <a style=\"color: #ff0000\" href=\"https:\/\/www.bing.com\/alink\/link?url=http:\/\/cclj.be\/&amp;source=serp-local&amp;h=\/CNOmHVrXfhNbbAhHa+RDmDjKVCk\/clJMk4wil4dwEY=&amp;p=lw_lstpt&amp;ig=AA2F5CA3356F4F5F94F147524C0F00E4&amp;ypid=YN7997x11479217916782774547\">Centre Communautaire La\u00efc Juif<\/a> (Brussels) &#8211; Polish Institute Brussels<\/span><\/li>\n<li><span style=\"color: #ff0000\"><strong>16 January &#8211; 1 March <\/strong><strong>2025<\/strong><strong>: <\/strong>Exhibition of works by Tatiana Wolska at Irene Laub Gallery (Brussels) &#8211; Polish Institute Brussels<\/span><\/li>\n<li><span style=\"color: #ff0000\"><strong>23 January:<\/strong> Panel discussion: Design Stories \/ Brussels at the Design Museum Brussels- Polish Institute Brussels<\/span><\/li>\n<li><span style=\"color: #ff0000\"><strong>23 January \u2013 23 February 2025 :<\/strong> <em>Post Tourism<\/em> \u2013 Ada Zieli\u0144ska\u2019s exhibition at La Nombreuse Gallery (Photo Brussels Festival, Brussels) as part of the series <em>Photography \u2013 Beyond Reality. The Art of Imaging. <\/em>(in collaboration with the Polish Institute Brussels)- Polish Institute Brussels<br \/><\/span><\/li>\n<li><span style=\"color: #ff0000\"><strong>29 January &#8211; 28 February <\/strong><strong>2025<\/strong><strong>: <\/strong>\u201cLandscape Archive\u201d exhibition by the Zapomniane Foundation at the Norway House (Brussels)- Polish Institute Brussels<\/span><\/li>\n<\/ul>\n<h4 style=\"text-align: center\"><strong>February 2025 <\/strong><\/h4>\n<ul>\n<li><span style=\"color: #ff0000\"><strong>4 February 2025: <\/strong>Jazz concert by Amelia Umeda and Micha\u0142 Aftyka as part of the series \u2018Poland&#8217;s Next Generation of Classical Music\u2019 in collaboration with the European Parliament (Brussels) &#8211; Polish Institute Brussels<\/span><\/li>\n<li><strong>5 February:<\/strong> In conversation with Olga Tokarczuk, (Henry Le Boeuf Hall at the Bozar Centre for Fine Arts, Brussels) &#8211; Adam Mickiewicz Institute<\/li>\n<li><span style=\"color: #ff0000\"><strong>13 &#8211; 16 February 2025: <\/strong>Mapping by Elektro Moon Vision on the facade of the House of European History at the Bright Festival 2025 (Brussels) &#8211; Polish Institute Brussels<\/span><\/li>\n<li><span style=\"color: #ff0000\"><strong>13 -14 February 2025:<\/strong> Performance: 375 0908 2334. The body you are calling is currently not available by Igor Shugaleev &amp; Sergey Shabohin at the Festival de Li\u00e8ge, (Li\u00e8ge, Belgium)- Polish Institute Brussels<\/span><\/li>\n<li><strong>14 \u2013 15 February 2025:<\/strong> Unsound Festival (Terarken Hall at the Bozar Centre for Fine Arts, Reset Club, Brussels) &#8211; Adam Mickiewicz Institute<\/li>\n<li><span style=\"color: #ff0000\"><strong>15-16 February 2025:<\/strong> Dance: Every Minute Motherland by Maciej Ku\u017ami\u0144ski Company at the Festival de Li\u00e8ge, (Li\u00e8ge, Belgium) &#8211; Polish Institute Brussels<\/span><\/li>\n<li><span style=\"color: #ff0000\"><strong>28 <\/strong><strong>February \u2013 9 March 2025: <\/strong>The Anima animated film festival &#8211; screening of four Polish productions and co-productions \u201cSleeplessness of Jutka\u201d, \u201cJoko\u201d, \u201cLola and the Sound Piano\u201d, \u201c[S]\u201d (Brussels)- Polish Institute Brussels<br \/><br \/><\/span><\/li>\n<\/ul>\n<h4 style=\"text-align: center\"><strong>March 2025 <\/strong><\/h4>\n<ul>\n<li><span style=\"color: #ff0000\"><span style=\"color: #000000\">TBA: Exhibition of works by Magdalena Abakanowicz at the Court of Justice of the European Union, Luxembourg<\/span> <span style=\"color: #000000\">(The Adam Mickiewicz Institute<\/span> in collaboration with the Polish Institute Brussels)<\/span><\/li>\n<li><strong>5 March:<\/strong> <em>Solidarity on Screen: The Polish Presidency Film Review, NEW VOICES:<\/em> Damian Kocur (cinema at the Bozar Centre for Fine Arts, Brussels) &#8211; Adam Mickiewicz Institute<\/li>\n<li><span style=\"color: #ff0000\"><strong>11 March 2025: <\/strong>Polish Cello Quartet concert as part of the series \u201cPoland&#8217;s Next Generation of Classical Music\u201d in cooperation with the European Parliament (Brussels)- Polish Institute Brussels<\/span><\/li>\n<li><span style=\"color: #ff0000\"><strong>13 &#8211; 16 March 2025:<\/strong> The French-language book fair Foire du Livre &#8211; presentations of Polish books and meetings with authors (Brussels) &#8211; Polish Institute Brussels<\/span><\/li>\n<li><strong>4 March \u2013 29 June 2025:<\/strong> (Accompanying programme) <em>Familiar Strangers. The Eastern Europeans<\/em>, curated by Joanna Warsza (Bozar Centre for Fine Arts, Brussels) &#8211; The Adam Mickiewicz Institute<\/li>\n<li><strong>25 March:<\/strong> <em>Stabat Mater <\/em>performed by the National Polish Radio Symphony Orchestra (NOSPR) and the National Forum of Music Choir (NFM), conducted by Marin Alsop (Henry Le Boeuf Hall in the Bozar Centre for Fine Arts, Brussels) &#8211; Adam Mickiewicz Institute<\/li>\n<li><strong>26 \u2013 30 March 2025:<\/strong> Solidarity on Screen: The Polish Presidency Film Review, CLOSE-UP: Ma\u0142gorzata Szumowska &amp; Micha\u0142 Englert (cinema at the Bozar Centre for Fine Arts, Brussels) &#8211; Adam Mickiewicz Institute<\/li>\n<li><span style=\"color: #ff0000\"><strong>30 March 2025:<\/strong> Writer Agnieszka Szpila at Passa Porta Festival (Brussels) &#8211; Polish Institute Brussels<br \/><\/span><\/li>\n<\/ul>\n<h4 style=\"text-align: center\"><strong>April 2025 <\/strong><\/h4>\n<ul>\n<li><span style=\"color: #ff0000\"><span style=\"color: #000000\"><strong>25 \u2013 26 April 2025:<\/strong> Quanta, directed by \u0141ukasz Twarkowski as part of the series Selected Polish Performances at European Theatre Festivals<\/span> <span style=\"color: #000000\">(The Adam Mickiewicz Institute<\/span> in collaboration with the Polish Institute Brussels, <span style=\"color: #000000\">DeSingel International Arts Centre, Antwerp)<\/span><br \/><br \/><\/span><\/li>\n<\/ul>\n<h4 style=\"text-align: center\"><strong>May 2025 <\/strong><\/h4>\n<ul>\n<li><span style=\"color: #ff0000\"><strong>9 May &#8211; 28 September 2025<\/strong><strong>: <\/strong>Exhibition \u201cLooking Through Objects\u201d at the Design Museum Brussels &#8211; presentation of the works of 16 young Polish designers. Curators: Jacobson-Cielecka, Gian Luca Amadei, Dario Lombardii, we wsp\u00f3\u0142pracy z Muzeum Designu w Brukseli i USWPS School of Form (Brussels) &#8211; Polish Institute Brussels<\/span><\/li>\n<li><span style=\"color: #ff0000\"><strong><span style=\"color: #000000\">9 May \u2013 30 June 2025:<\/span><\/strong><span style=\"color: #000000\"> Exhibition of work by Ma\u0142gorzata Mirga-Tas<\/span> <span style=\"color: #000000\">(The Adam Mickiewicz Institute<\/span> in collaboration with the Polish Institute Brussels, <span style=\"color: #000000\">Royal Museum of Art and History, Brussels)<\/span><\/span><\/li>\n<li><span style=\"color: #ff0000\"><strong>15 May \u2013 September 2025:<\/strong> Exhibition of Tatiana Wolska&#8217;s series of monumental sculptures in Tournay-Solvay Park, in collaboration with the EU Space Sculpture (Watermael-Boitsfort, Belgia) &#8211; Polish Institute Brussels<\/span><\/li>\n<li><span style=\"color: #ff0000\"><strong>22 May <\/strong><strong>2025<\/strong><strong>: <\/strong>Violin concerto by Adam Suska as part of the Summer Concert series at the European Parliament&#8217;s Citizens&#8217; Garden- Polish Institute Brussels<br \/><\/span><\/li>\n<\/ul>\n<h4 style=\"text-align: center\"><strong>June 2025 <\/strong><\/h4>\n<ul>\n<li><strong>18 June:<\/strong> Tomasz Sta\u0144ko Experience concert (Studio 4 at Flagey, Brussels) &#8211; Adam Mickiewicz Institute<\/li>\n<li><span style=\"color: #ff0000\"><strong>24 June <\/strong><strong>2025<\/strong><strong>: <\/strong>Concert by the baroque trio R\u00e9gence sonore as part of the Summer Concert series at the European Parliament&#8217;s Citizens&#8217; Garden &#8211; Polish Institute Brussels<\/span><\/li>\n<li><strong>24 June:<\/strong> The Closing Gala of the International Cultural Programme of the Polish Presidency of the Council of the European Union. The premiere performance of Unity, composed by Aleksander D\u0119bicz especially for the Polish Presidency of the EU Council, with the participation of the acclaimed countertenor Jakub J\u00f3zef Orli\u0144ski and celebrated Polish instrumentalists (Studio 4 in Flagey, Brussels) &#8211; Adam Mickiewicz Institute<\/li>\n<\/ul>\n<p>\u00a0<\/p>\n<table style=\"border-collapse: collapse;width: 100%;height: 167px\">\n<tbody>\n<tr style=\"height: 167px\">\n<td style=\"width: 33.3333%;height: 167px\"><img loading=\"lazy\" decoding=\"async\" class=\"alignnone size-medium wp-image-15358\" src=\"https:\/\/instytutpolski.pl\/brussels\/wp-content\/uploads\/sites\/4\/2024\/12\/IAM_color_eng-300x99.png\" alt=\"\" width=\"300\" height=\"99\" srcset=\"https:\/\/instytutpolski.pl\/brussels\/wp-content\/uploads\/sites\/4\/2024\/12\/IAM_color_eng-300x99.png 300w, https:\/\/instytutpolski.pl\/brussels\/wp-content\/uploads\/sites\/4\/2024\/12\/IAM_color_eng.png 512w\" sizes=\"auto, (max-width: 300px) 100vw, 300px\" \/><\/td>\n<td style=\"width: 33.3333%;height: 167px\">\u00a0 \u00a0 \u00a0 \u00a0 \u00a0<img loading=\"lazy\" decoding=\"async\" class=\"alignnone  wp-image-15437\" src=\"https:\/\/instytutpolski.pl\/brussels\/wp-content\/uploads\/sites\/4\/2024\/12\/4-Brussels-CMYK_page-0001-300x210.jpg\" alt=\"\" width=\"200\" height=\"140\" srcset=\"https:\/\/instytutpolski.pl\/brussels\/wp-content\/uploads\/sites\/4\/2024\/12\/4-Brussels-CMYK_page-0001-300x210.jpg 300w, https:\/\/instytutpolski.pl\/brussels\/wp-content\/uploads\/sites\/4\/2024\/12\/4-Brussels-CMYK_page-0001-1024x716.jpg 1024w, https:\/\/instytutpolski.pl\/brussels\/wp-content\/uploads\/sites\/4\/2024\/12\/4-Brussels-CMYK_page-0001-768x537.jpg 768w, https:\/\/instytutpolski.pl\/brussels\/wp-content\/uploads\/sites\/4\/2024\/12\/4-Brussels-CMYK_page-0001.jpg 1182w\" sizes=\"auto, (max-width: 200px) 100vw, 200px\" \/><\/td>\n<td style=\"width: 33.3333%;height: 167px\"><img loading=\"lazy\" decoding=\"async\" class=\"alignnone size-medium wp-image-15684\" src=\"https:\/\/instytutpolski.pl\/brussels\/wp-content\/uploads\/sites\/4\/2025\/01\/EU_nazwa_poziom_kolor.pdf-Witryna-internetowa-e1737381175593-300x116.png\" alt=\"\" width=\"300\" height=\"116\" srcset=\"https:\/\/instytutpolski.pl\/brussels\/wp-content\/uploads\/sites\/4\/2025\/01\/EU_nazwa_poziom_kolor.pdf-Witryna-internetowa-e1737381175593-300x116.png 300w, https:\/\/instytutpolski.pl\/brussels\/wp-content\/uploads\/sites\/4\/2025\/01\/EU_nazwa_poziom_kolor.pdf-Witryna-internetowa-e1737381175593-1024x395.png 1024w, https:\/\/instytutpolski.pl\/brussels\/wp-content\/uploads\/sites\/4\/2025\/01\/EU_nazwa_poziom_kolor.pdf-Witryna-internetowa-e1737381175593-768x296.png 768w, https:\/\/instytutpolski.pl\/brussels\/wp-content\/uploads\/sites\/4\/2025\/01\/EU_nazwa_poziom_kolor.pdf-Witryna-internetowa-e1737381175593-1536x592.png 1536w, https:\/\/instytutpolski.pl\/brussels\/wp-content\/uploads\/sites\/4\/2025\/01\/EU_nazwa_poziom_kolor.pdf-Witryna-internetowa-e1737381175593-2048x789.png 2048w\" sizes=\"auto, (max-width: 300px) 100vw, 300px\" \/><\/td>\n<\/tr>\n<\/tbody>\n<\/table>\n<p><strong>\u00a0<\/strong><\/p>\n<p><strong>\u00a0<\/strong><\/p>\n\n\n\n<p><strong>\u00a0<\/strong><\/p>\n","protected":false},"excerpt":{"rendered":"<p>Calendar of cultural events of the Polish Institute Brussels and the Adam Mickiewicz Institute during the the Polish presidency of the Council of the European Union 2025 In the first half of 2025, Poland will take centre stage on the European cultural scene, presenting a vibrant and diverse artistic programme. For six months, Polish art, [&hellip;]<\/p>\n","protected":false},"author":212,"featured_media":15691,"parent":0,"menu_order":0,"comment_status":"closed","ping_status":"closed","template":"","meta":{"inline_featured_image":false,"_monsterinsights_skip_tracking":false,"_monsterinsights_sitenote_active":false,"_monsterinsights_sitenote_note":"","_monsterinsights_sitenote_category":0,"footnotes":""},"class_list":["post-15682","page","type-page","status-publish","has-post-thumbnail","hentry"],"yoast_head":"<!-- This site is optimized with the Yoast SEO plugin v24.6 - https:\/\/yoast.com\/wordpress\/plugins\/seo\/ -->\n<title>POLISH PRESIDENCY OF THE COUNCIL OF THE EUROPEAN UNION - Instytut Polski w Brukseli<\/title>\n<meta name=\"robots\" content=\"index, follow, max-snippet:-1, max-image-preview:large, max-video-preview:-1\" \/>\n<link rel=\"canonical\" href=\"https:\/\/instytutpolski.pl\/brussels\/en\/polish-presidency-of-the-council-of-the-european-union\/\" \/>\n<meta property=\"og:locale\" content=\"pl_PL\" \/>\n<meta property=\"og:type\" content=\"article\" \/>\n<meta property=\"og:title\" content=\"POLISH PRESIDENCY OF THE COUNCIL OF THE EUROPEAN UNION - Instytut Polski w Brukseli\" \/>\n<meta property=\"og:description\" content=\"Calendar of cultural events of the Polish Institute Brussels and the Adam Mickiewicz Institute during the the Polish presidency of the Council of the European Union 2025 In the first half of 2025, Poland will take centre stage on the European cultural scene, presenting a vibrant and diverse artistic programme. For six months, Polish art, [&hellip;]\" \/>\n<meta property=\"og:url\" content=\"https:\/\/instytutpolski.pl\/brussels\/en\/polish-presidency-of-the-council-of-the-european-union\/\" \/>\n<meta property=\"og:site_name\" content=\"Instytut Polski w Brukseli\" \/>\n<meta property=\"article:modified_time\" content=\"2025-03-20T10:17:18+00:00\" \/>\n<meta property=\"og:image\" content=\"https:\/\/instytutpolski.pl\/brussels\/wp-content\/uploads\/sites\/4\/2025\/01\/Obraz11.png\" \/>\n\t<meta property=\"og:image:width\" content=\"2002\" \/>\n\t<meta property=\"og:image:height\" content=\"1127\" \/>\n\t<meta property=\"og:image:type\" content=\"image\/png\" \/>\n<meta name=\"twitter:card\" content=\"summary_large_image\" \/>\n<meta name=\"twitter:label1\" content=\"Szacowany czas czytania\" \/>\n\t<meta name=\"twitter:data1\" content=\"8 minut\" \/>\n<script type=\"application\/ld+json\" class=\"yoast-schema-graph\">{\"@context\":\"https:\/\/schema.org\",\"@graph\":[{\"@type\":\"WebPage\",\"@id\":\"https:\/\/instytutpolski.pl\/brussels\/en\/polish-presidency-of-the-council-of-the-european-union\/\",\"url\":\"https:\/\/instytutpolski.pl\/brussels\/en\/polish-presidency-of-the-council-of-the-european-union\/\",\"name\":\"POLISH PRESIDENCY OF THE COUNCIL OF THE EUROPEAN UNION - Instytut Polski w Brukseli\",\"isPartOf\":{\"@id\":\"https:\/\/instytutpolski.pl\/brussels\/#website\"},\"primaryImageOfPage\":{\"@id\":\"https:\/\/instytutpolski.pl\/brussels\/en\/polish-presidency-of-the-council-of-the-european-union\/#primaryimage\"},\"image\":{\"@id\":\"https:\/\/instytutpolski.pl\/brussels\/en\/polish-presidency-of-the-council-of-the-european-union\/#primaryimage\"},\"thumbnailUrl\":\"https:\/\/instytutpolski.pl\/brussels\/wp-content\/uploads\/sites\/4\/2025\/01\/Obraz11.png\",\"datePublished\":\"2025-02-14T12:24:23+00:00\",\"dateModified\":\"2025-03-20T10:17:18+00:00\",\"breadcrumb\":{\"@id\":\"https:\/\/instytutpolski.pl\/brussels\/en\/polish-presidency-of-the-council-of-the-european-union\/#breadcrumb\"},\"inLanguage\":\"pl-PL\",\"potentialAction\":[{\"@type\":\"ReadAction\",\"target\":[\"https:\/\/instytutpolski.pl\/brussels\/en\/polish-presidency-of-the-council-of-the-european-union\/\"]}]},{\"@type\":\"ImageObject\",\"inLanguage\":\"pl-PL\",\"@id\":\"https:\/\/instytutpolski.pl\/brussels\/en\/polish-presidency-of-the-council-of-the-european-union\/#primaryimage\",\"url\":\"https:\/\/instytutpolski.pl\/brussels\/wp-content\/uploads\/sites\/4\/2025\/01\/Obraz11.png\",\"contentUrl\":\"https:\/\/instytutpolski.pl\/brussels\/wp-content\/uploads\/sites\/4\/2025\/01\/Obraz11.png\",\"width\":2002,\"height\":1127},{\"@type\":\"BreadcrumbList\",\"@id\":\"https:\/\/instytutpolski.pl\/brussels\/en\/polish-presidency-of-the-council-of-the-european-union\/#breadcrumb\",\"itemListElement\":[{\"@type\":\"ListItem\",\"position\":1,\"name\":\"Home\",\"item\":\"https:\/\/instytutpolski.pl\/brussels\/\"},{\"@type\":\"ListItem\",\"position\":2,\"name\":\"POLISH PRESIDENCY OF THE COUNCIL OF THE EUROPEAN UNION\"}]},{\"@type\":\"WebSite\",\"@id\":\"https:\/\/instytutpolski.pl\/brussels\/#website\",\"url\":\"https:\/\/instytutpolski.pl\/brussels\/\",\"name\":\"Instytut Polski w Brukseli\",\"description\":\"Instytuty Polskie\",\"potentialAction\":[{\"@type\":\"SearchAction\",\"target\":{\"@type\":\"EntryPoint\",\"urlTemplate\":\"https:\/\/instytutpolski.pl\/brussels\/?s={search_term_string}\"},\"query-input\":{\"@type\":\"PropertyValueSpecification\",\"valueRequired\":true,\"valueName\":\"search_term_string\"}}],\"inLanguage\":\"pl-PL\"}]}<\/script>\n<!-- \/ Yoast SEO plugin. -->","yoast_head_json":{"title":"POLISH PRESIDENCY OF THE COUNCIL OF THE EUROPEAN UNION - Instytut Polski w Brukseli","robots":{"index":"index","follow":"follow","max-snippet":"max-snippet:-1","max-image-preview":"max-image-preview:large","max-video-preview":"max-video-preview:-1"},"canonical":"https:\/\/instytutpolski.pl\/brussels\/en\/polish-presidency-of-the-council-of-the-european-union\/","og_locale":"pl_PL","og_type":"article","og_title":"POLISH PRESIDENCY OF THE COUNCIL OF THE EUROPEAN UNION - Instytut Polski w Brukseli","og_description":"Calendar of cultural events of the Polish Institute Brussels and the Adam Mickiewicz Institute during the the Polish presidency of the Council of the European Union 2025 In the first half of 2025, Poland will take centre stage on the European cultural scene, presenting a vibrant and diverse artistic programme. For six months, Polish art, [&hellip;]","og_url":"https:\/\/instytutpolski.pl\/brussels\/en\/polish-presidency-of-the-council-of-the-european-union\/","og_site_name":"Instytut Polski w Brukseli","article_modified_time":"2025-03-20T10:17:18+00:00","og_image":[{"width":2002,"height":1127,"url":"https:\/\/instytutpolski.pl\/brussels\/wp-content\/uploads\/sites\/4\/2025\/01\/Obraz11.png","type":"image\/png"}],"twitter_card":"summary_large_image","twitter_misc":{"Szacowany czas czytania":"8 minut"},"schema":{"@context":"https:\/\/schema.org","@graph":[{"@type":"WebPage","@id":"https:\/\/instytutpolski.pl\/brussels\/en\/polish-presidency-of-the-council-of-the-european-union\/","url":"https:\/\/instytutpolski.pl\/brussels\/en\/polish-presidency-of-the-council-of-the-european-union\/","name":"POLISH PRESIDENCY OF THE COUNCIL OF THE EUROPEAN UNION - Instytut Polski w Brukseli","isPartOf":{"@id":"https:\/\/instytutpolski.pl\/brussels\/#website"},"primaryImageOfPage":{"@id":"https:\/\/instytutpolski.pl\/brussels\/en\/polish-presidency-of-the-council-of-the-european-union\/#primaryimage"},"image":{"@id":"https:\/\/instytutpolski.pl\/brussels\/en\/polish-presidency-of-the-council-of-the-european-union\/#primaryimage"},"thumbnailUrl":"https:\/\/instytutpolski.pl\/brussels\/wp-content\/uploads\/sites\/4\/2025\/01\/Obraz11.png","datePublished":"2025-02-14T12:24:23+00:00","dateModified":"2025-03-20T10:17:18+00:00","breadcrumb":{"@id":"https:\/\/instytutpolski.pl\/brussels\/en\/polish-presidency-of-the-council-of-the-european-union\/#breadcrumb"},"inLanguage":"pl-PL","potentialAction":[{"@type":"ReadAction","target":["https:\/\/instytutpolski.pl\/brussels\/en\/polish-presidency-of-the-council-of-the-european-union\/"]}]},{"@type":"ImageObject","inLanguage":"pl-PL","@id":"https:\/\/instytutpolski.pl\/brussels\/en\/polish-presidency-of-the-council-of-the-european-union\/#primaryimage","url":"https:\/\/instytutpolski.pl\/brussels\/wp-content\/uploads\/sites\/4\/2025\/01\/Obraz11.png","contentUrl":"https:\/\/instytutpolski.pl\/brussels\/wp-content\/uploads\/sites\/4\/2025\/01\/Obraz11.png","width":2002,"height":1127},{"@type":"BreadcrumbList","@id":"https:\/\/instytutpolski.pl\/brussels\/en\/polish-presidency-of-the-council-of-the-european-union\/#breadcrumb","itemListElement":[{"@type":"ListItem","position":1,"name":"Home","item":"https:\/\/instytutpolski.pl\/brussels\/"},{"@type":"ListItem","position":2,"name":"POLISH PRESIDENCY OF THE COUNCIL OF THE EUROPEAN UNION"}]},{"@type":"WebSite","@id":"https:\/\/instytutpolski.pl\/brussels\/#website","url":"https:\/\/instytutpolski.pl\/brussels\/","name":"Instytut Polski w Brukseli","description":"Instytuty Polskie","potentialAction":[{"@type":"SearchAction","target":{"@type":"EntryPoint","urlTemplate":"https:\/\/instytutpolski.pl\/brussels\/?s={search_term_string}"},"query-input":{"@type":"PropertyValueSpecification","valueRequired":true,"valueName":"search_term_string"}}],"inLanguage":"pl-PL"}]}},"_links":{"self":[{"href":"https:\/\/instytutpolski.pl\/brussels\/wp-json\/wp\/v2\/pages\/15682","targetHints":{"allow":["GET"]}}],"collection":[{"href":"https:\/\/instytutpolski.pl\/brussels\/wp-json\/wp\/v2\/pages"}],"about":[{"href":"https:\/\/instytutpolski.pl\/brussels\/wp-json\/wp\/v2\/types\/page"}],"author":[{"embeddable":true,"href":"https:\/\/instytutpolski.pl\/brussels\/wp-json\/wp\/v2\/users\/212"}],"replies":[{"embeddable":true,"href":"https:\/\/instytutpolski.pl\/brussels\/wp-json\/wp\/v2\/comments?post=15682"}],"version-history":[{"count":33,"href":"https:\/\/instytutpolski.pl\/brussels\/wp-json\/wp\/v2\/pages\/15682\/revisions"}],"predecessor-version":[{"id":16678,"href":"https:\/\/instytutpolski.pl\/brussels\/wp-json\/wp\/v2\/pages\/15682\/revisions\/16678"}],"wp:featuredmedia":[{"embeddable":true,"href":"https:\/\/instytutpolski.pl\/brussels\/wp-json\/wp\/v2\/media\/15691"}],"wp:attachment":[{"href":"https:\/\/instytutpolski.pl\/brussels\/wp-json\/wp\/v2\/media?parent=15682"}],"curies":[{"name":"wp","href":"https:\/\/api.w.org\/{rel}","templated":true}]}}