{"id":15694,"date":"2025-02-14T13:24:23","date_gmt":"2025-02-14T12:24:23","guid":{"rendered":"https:\/\/instytutpolski.pl\/brussels\/?page_id=15694"},"modified":"2025-04-17T18:29:42","modified_gmt":"2025-04-17T16:29:42","slug":"presidence-polonaise-du-conseil-de-lue","status":"publish","type":"page","link":"https:\/\/instytutpolski.pl\/brussels\/presidence-polonaise-du-conseil-de-lue\/","title":{"rendered":"Pr\u00e9sidence polonaise du Conseil de l&#8217;UE"},"content":{"rendered":"\n<h4 style=\"text-align: center\"><strong>CALENDRIER DES \u00c9V\u00c9NEMENTS CULTURELS DE L&#8217;INSTITUT POLONAIS DE BRUXELLES ET DE L&#8217;INSTITUT ADAM MICKIEWICZ (ET AUTRES) PENDANT LA PR\u00c9SIDENCE POLONAISE DU CONSEIL DE L&#8217;UNION EUROP\u00c9ENNE 2025<\/strong><\/h4>\n<p style=\"text-align: center\">Au cours du premier semestre 2025, la Pologne occupera le devant de la sc\u00e8ne culturelle europ\u00e9enne en pr\u00e9sentant un programme artistique dynamique et vari\u00e9. Pendant six mois, l&#8217;art, le th\u00e9\u00e2tre, le cin\u00e9ma, la musique et la litt\u00e9rature polonais rassembleront les publics. Ce programme met en avant le pouvoir de la culture en tant que pont reliant diff\u00e9rentes traditions, langues et exp\u00e9riences. Chaque \u00e9v\u00e9nement offre une occasion unique de d\u00e9couvrir la culture polonaise de premi\u00e8re main et d\u2019\u00e9changer avec des artistes et cr\u00e9ateurs polonais talentueux.<\/p>\n<p style=\"text-align: center\"><a href=\"https:\/\/poland2025eu.culture.pl\/\">Retrouvez la liste compl\u00e8te des \u00e9v\u00e9nements sous le th\u00e8me \u00ab La culture stimule l\u2019unit\u00e9 \u00bb, coordonn\u00e9s par l\u2019Institut Adam Mickiewicz<\/a><br \/><a href=\"http:\/\/poland25.eu\/\">Plus d&#8217;informations sur la pr\u00e9sidence polonaise du Conseil de l&#8217;UE<\/a><\/p>\n<p style=\"text-align: center\"><strong>Janvier 2025<\/strong><\/p>\n<p><span style=\"color: #ff0000\"><strong>7 janvier 2025 :<\/strong> Concert du Quatuor Karski dans le cadre de la s\u00e9rie \u00ab Poland&#8217;s Next Generation of Classical Music \u00bb en collaboration avec le Parlement europ\u00e9en (Bruxelles) \u2013 Institut Polonais de Bruxelles<\/span><\/p>\n<p><strong>14 janvier\u201330 juin 2025 :<\/strong> Exposition du design, du graphisme et de l&#8217;illustration polonais au Conseil de l&#8217;Union europ\u00e9enne et au Parlement europ\u00e9en sur le th\u00e8me de la \u00ab R\u00e9g\u00e9n\u00e9ration \u00bb (commissaire : Aleksandra K\u0119dziorek) \u2013 Institut Adam Mickiewicz<br \/>&#8211; Pr\u00e9sentation du design, du graphisme et de l&#8217;illustration polonais au si\u00e8ge du Conseil de l&#8217;Union europ\u00e9enne et du Parlement europ\u00e9en (d\u00e9coration int\u00e9rieure par Katarzyna Baumiller, Justus Lipsius, b\u00e2timents \u00ab Europa \u00bb, Parlement europ\u00e9en, Bruxelles).<br \/>&#8211; Installation d&#8217;Alicja Patanowska, <em>We are the Weather<\/em> (Justus Lipsius, Bruxelles)<br \/>&#8211; Installation d&#8217;Alicja Bia\u0142a <em>Underneath the Hard Ground, Soft Ground<\/em> au si\u00e8ge du Conseil de l&#8217;Union europ\u00e9enne (b\u00e2timent Europa, Bruxelles)<br \/>&#8211; Exposition de l&#8217;art polonais provenant de la collection du Parlement de l&#8217;Union europ\u00e9enne et de collections polonaises (Parlement europ\u00e9en, Bruxelles)<\/p>\n<p><strong>13\u201317 janvier 2025 :<\/strong> Exposition <em>Women and the Vote<\/em> (Parlement europ\u00e9en, Bruxelles) \u2013 Institut Adam Mickiewicz<\/p>\n<p><span style=\"color: #ff0000\"><strong>16 janvier\u201328 f\u00e9vrier 2025 :<\/strong> Exposition \u00ab Landscape Archive \u00bb par la Fondation Zapomniane au Centre Communautaire La\u00efc Juif CCLJ (Bruxelles) \u2013 Institut Polonais de Bruxelles<\/span><\/p>\n<p><span style=\"color: #ff0000\"><strong>16 janvier\u20131 mars 2025 :<\/strong> Exposition d&#8217;\u0153uvres de Tatiana Wolska \u00e0 la Galerie Irene Laub (Bruxelles) \u2013 Institut Polonais Bruxelles<\/span><\/p>\n<p><span style=\"color: #ff0000\"><strong>23 janvier <\/strong>: Table ronde : Design Stories \/ Brussels au Design Museum Brussels \u2013 Institut polonais de Bruxelles<\/span><\/p>\n<p><span style=\"color: #ff0000\"><strong>23 janvier\u201323 f\u00e9vrier 2025 :<\/strong> Post Tourism \u2013 exposition d&#8217;Ada Zieli\u0144ska \u00e0 la galerie La Nombreuse (Photo Brussels Festival, Bruxelles) dans le cadre de la s\u00e9rie <em>Photography \u2013 Beyond Reality<\/em>. <em>The Art of Imaging<\/em> (en collaboration avec l&#8217;Institut polonais de Bruxelles) \u2013 Institut polonais de Bruxelles<\/span><\/p>\n<p><span style=\"color: #ff0000\"><strong>29 janvier\u201328 f\u00e9vrier 2025<\/strong> : Exposition \u00ab Landscape Archive \u00bb par la Fondation Zapomniane \u00e0 la Maison de la Norv\u00e8ge (Bruxelles) \u2013 Institut Polonais de Bruxelles<\/span><\/p>\n<p style=\"text-align: center\"><strong>F\u00e9vrier 2025<\/strong><\/p>\n<p><span style=\"color: #ff0000\"><strong>4 f\u00e9vrier 2025 :<\/strong> Concert de jazz par Amelia Umeda et Micha\u0142 Aftyka dans le cadre de la s\u00e9rie \u00ab Poland&#8217;s Next Generation of Classical Music \u00bb en collaboration avec le Parlement europ\u00e9en (Bruxelles) \u2013 Polish Institute Brussels<\/span><\/p>\n<p><strong>5 f\u00e9vrier 2025 :<\/strong> En conversation avec Olga Tokarczuk, (Salle Henry Le Boeuf au Bozar Centre for Fine Arts, Bruxelles) \u2013 Institut Adam Mickiewicz<\/p>\n<p><span style=\"color: #ff0000\"><strong>13\u201316 f\u00e9vrier 2025 :<\/strong> Cartographie par Elektro Moon Vision sur la fa\u00e7ade de la Maison de l&#8217;histoire europ\u00e9enne au Bright Festival 2025 (Bruxelles) \u2013 Institut Polonais de Bruxelles<\/span><\/p>\n<p><span style=\"color: #ff0000\"><strong>13\u201314 f\u00e9vrier 2025 :<\/strong> Performance : 375 0908 2334. Le corps que vous appelez n&#8217;est pas disponible actuellement par Igor Shugaleev &amp; Sergey Shabohin au Festival de Li\u00e8ge, (Li\u00e8ge, Belgique) \u2013 Institut Polonais de Bruxelles<\/span><\/p>\n<p><strong>14\u201315 f\u00e9vrier 2025 :<\/strong> Unsound Festival (Salle Terarken du Bozar Centre for Fine Arts, Reset Club, Bruxelles) \u2013 Institut Adam Mickiewicz<br \/><br \/><span style=\"color: #ff0000\"><strong>15\u201316 f\u00e9vrier 2025 :<\/strong> Danse : Every Minute Motherland par la compagnie Maciej Ku\u017ami\u0144ski au Festival de Li\u00e8ge, (Li\u00e8ge, Belgique) \u2013 Institut Polonais de Bruxelles<\/span><\/p>\n<p><span style=\"color: #ff0000\"><strong>28 f\u00e9vrier\u20139 mars 2025 :<\/strong> Festival du film d&#8217;animation Anima \u2013 pr\u00e9sentation de quatre productions polonaises et de coproductions \u00ab Sleeplessness of Jutka \u00bb, \u00ab Joko \u00bb, \u00ab Lola and the Sound Piano \u00bb, \u00ab [S] \u00bb (Bruxelles) \u2013 Institut Polonais de Bruxelles<\/span><\/p>\n<p style=\"text-align: center\"><strong>Mars 2025<\/strong><\/p>\n<p>A CONFIRMER : Exposition d&#8217;\u0153uvres de Magdalena Abakanowicz \u00e0 la Cour de justice de l&#8217;Union europ\u00e9enne, Luxembourg (Institut Adam Mickiewicz en collaboration avec<span style=\"color: #ff0000\"> l&#8217;Institut polonais de Bruxelles<\/span>).<\/p>\n<p><strong>5 mars : <\/strong><em>Solidarity on Screen: The Polish Presidency Film Review, NEW VOICES <\/em>: Damian Kocur (cin\u00e9ma au Bozar Centre for Fine Arts, Bruxelles) \u2013 Institut Adam Mickiewicz<\/p>\n<p><span style=\"color: #ff0000\"><strong>11 mars 2025 : <\/strong>Concert du quatuor de violoncelles polonais dans le cadre de la s\u00e9rie \u00ab Poland&#8217;s Next Generation of Classical Music \u00bb en coop\u00e9ration avec le Parlement europ\u00e9en (Bruxelles) \u2013 Institut Polonais de Bruxelles<\/span><\/p>\n<p><span style=\"color: #ff0000\"><strong>13\u201316 mars 2025 : <\/strong>Foire du Livre en langue fran\u00e7aise \u2013 pr\u00e9sentations de livres polonais et rencontres avec les auteurs (Bruxelles) \u2013 Institut Polonais de Bruxelles. Patryk Pufelski, Justyna Soko\u0142owska pr\u00e9sentent leur livre \u00ab Une maison en moi \u00bb\/&#8217;To jest Maks \u00bb &amp; exposition des illustrations du livre. Mateusz Paku\u0142a parle de son livre \u00ab Comment je n&#8217;ai pas tu\u00e9 mon p\u00e8re et combien je le regrette \u00bb \/ \u00ab Dlaczego nie zabi\u0142em swojego ojca i jak bardzo tego \u017ca\u0142uj\u0119 \u00bb.<\/span><\/p>\n<p><strong>14 mars\u201329 juin 2025 : <\/strong><em>Familiar Strangers<\/em>. <em>The Eastern Europeans<\/em>,, sous la direction de Joanna Warsza (Bozar Centre for Fine Arts, Bruxelles) \u2013 L&#8217;Institut Adam Mickiewicz<\/p>\n<p><strong>25 mars : <\/strong><em>Stabat Mater<\/em> interpr\u00e9t\u00e9 par l&#8217;Orchestre symphonique de la Radio nationale polonaise (NOSPR) et le Ch\u0153ur du Forum national de la musique (NFM), sous la direction de Marin Alsop (salle Henry Le B\u0153uf du Bozar Centre for Fine Arts,, Bruxelles) \u2013 Institut Adam Mickiewicz<\/p>\n<p><strong>26\u201330 mars 2025 :<\/strong> Solidarit\u00e9 \u00e0 l&#8217;\u00e9cran : <strong>La Revue Cin\u00e9matographique de la Pr\u00e9sidence Polonaise<\/strong>, CLOSE-UP : Ma\u0142gorzata Szumowska &amp; Micha\u0142 Englert (cin\u00e9ma au Bozar Centre for Fine Arts, Bruxelles) \u2013 Institut Adam Mickiewicz<\/p>\n<p><span style=\"color: #ff0000\"><strong>30 mars 2025 :<\/strong> \u00c9crivaine Agnieszka Szpila au Festival Passa Porta (Bruxelles). \u00c9crivaine Marta Hermarnowicz au Festival Passa Porta Institut Polonais de Bruxelles<\/span><\/p>\n<p style=\"text-align: center\"><strong>Avril 2025<\/strong><\/p>\n<p><strong>25\u201326 avril 2025 :<\/strong> Quanta, mis en sc\u00e8ne par \u0141ukasz Twarkowski dans le cadre de la s\u00e9rie Performances Polonaises S\u00e9lectionn\u00e9es aux Festivals Europ\u00e9ens de Th\u00e9\u00e2tre (Institut Adam Mickiewicz en collaboration avec <span style=\"color: #ff0000\">l&#8217;Institut Polonais de Bruxelles<\/span>, DeSingel International Arts Centre, Anvers).<\/p>\n<p style=\"text-align: center\"><strong>Mai 2025<\/strong><\/p>\n<p><strong>6 mai\u201330 juin 2025:<\/strong> l&#8217;exposition The Landscape Archive \u00e0 la Kazerne Dossin, Malines \u2013 Institut polonais de Bruxelles avec la fondation Urban Memory et la fondation \u00ab Zapomniane \u00bb et Kazerne Dossin<\/p>\n<p><span style=\"color: #ff0000\"><strong>9 mai\u201328 septembre 2025<\/strong> : Exposition \u00ab Looking Through Objects \u00bb au Design Museum Brussels \u2013 pr\u00e9sentation des travaux de 16 jeunes designers polonais. Commissaires : Jacobson-Cielecka, Gian Luca Amadei, Dario Lombardi, en collaboration avec le Design Museum Brussels et l&#8217;USWPS School of Form (Bruxelles) \u2013 Institut Polonais de Bruxelles.<\/span><\/p>\n<p><strong>9 mai\u201330 juin 2025 :<\/strong> Exposition d&#8217;\u0153uvres de Ma\u0142gorzata Mirga-Tas (Institut Adam Mickiewicz en collaboration avec <span style=\"color: #ff0000\">l&#8217;Institut polonais de Bruxelles<\/span>, Mus\u00e9es royaux d&#8217;Art et d&#8217;Histoire, Bruxelles).<\/p>\n<p><span style=\"color: #ff0000\"><strong>15 mai\u2013septembre 2025 :<\/strong> Exposition de la s\u00e9rie de sculptures monumentales de Tatiana Wolska dans le parc de Tournay-Solvay, en collaboration avec EU Space Sculpture (Watermael-Boitsfort, Belgique) \u2013 Institut polonais de Bruxelles.<\/span><\/p>\n<p><span style=\"color: #ff0000\"><strong>22 mai 2025 :<\/strong> Concerto pour violon d&#8217;Adam Suska dans le cadre de la s\u00e9rie de concerts d&#8217;\u00e9t\u00e9 au Jardin des citoyens du Parlement europ\u00e9en \u2013 Institut polonais de Bruxelles.<\/span><\/p>\n<p style=\"text-align: center\"><strong>Juin 2025<\/strong><\/p>\n<p><strong>18 juin 2025 : <\/strong>Experience concert de Tomasz Sta\u0144ko (Studio 4 \u00e0 Flagey, Bruxelles) \u2013 Institut Adam Mickiewicz<\/p>\n<p><span style=\"color: #ff0000\"><strong>24 juin 2025 : <\/strong>Concert du trio baroque R\u00e9gence sonore dans le cadre de la s\u00e9rie de concerts d&#8217;\u00e9t\u00e9 au Jardin des Citoyens du Parlement europ\u00e9en \u2013 Institut Polonais de Bruxelles<\/span><\/p>\n<p><strong>24 juin : <\/strong>Gala de cl\u00f4ture du programme culturel international de la pr\u00e9sidence polonaise du Conseil de l&#8217;Union europ\u00e9enne. La premi\u00e8re repr\u00e9sentation d\u2019Unity, compos\u00e9 par Aleksander D\u0119bicz sp\u00e9cialement pour la pr\u00e9sidence polonaise du Conseil de l&#8217;UE, avec la participation du c\u00e9l\u00e8bre contre-t\u00e9nor Jakub J\u00f3zef Orli\u0144ski et de c\u00e9l\u00e8bres instrumentistes polonais (Studio 4 \u00e0 Flagey, Bruxelles) \u2013 Institut Adam Mickiewicz<\/p>\n<p>\u00a0<\/p>\n<p>\u00a0<\/p>\n","protected":false},"excerpt":{"rendered":"<p>CALENDRIER DES \u00c9V\u00c9NEMENTS CULTURELS DE L&#8217;INSTITUT POLONAIS DE BRUXELLES ET DE L&#8217;INSTITUT ADAM MICKIEWICZ (ET AUTRES) PENDANT LA PR\u00c9SIDENCE POLONAISE DU CONSEIL DE L&#8217;UNION EUROP\u00c9ENNE 2025 Au cours du premier semestre 2025, la Pologne occupera le devant de la sc\u00e8ne culturelle europ\u00e9enne en pr\u00e9sentant un programme artistique dynamique et vari\u00e9. Pendant six mois, l&#8217;art, le [&hellip;]<\/p>\n","protected":false},"author":212,"featured_media":15691,"parent":0,"menu_order":0,"comment_status":"closed","ping_status":"closed","template":"","meta":{"inline_featured_image":false,"_monsterinsights_skip_tracking":false,"_monsterinsights_sitenote_active":false,"_monsterinsights_sitenote_note":"","_monsterinsights_sitenote_category":0,"footnotes":""},"class_list":["post-15694","page","type-page","status-publish","has-post-thumbnail","hentry"],"yoast_head":"<!-- This site is optimized with the Yoast SEO plugin v24.6 - https:\/\/yoast.com\/wordpress\/plugins\/seo\/ -->\n<title>Pr\u00e9sidence polonaise du Conseil de l&#039;UE - Instytut Polski w Brukseli<\/title>\n<meta name=\"robots\" content=\"index, follow, max-snippet:-1, max-image-preview:large, max-video-preview:-1\" \/>\n<link rel=\"canonical\" href=\"https:\/\/instytutpolski.pl\/brussels\/presidence-polonaise-du-conseil-de-lue\/\" \/>\n<meta property=\"og:locale\" content=\"pl_PL\" \/>\n<meta property=\"og:type\" content=\"article\" \/>\n<meta property=\"og:title\" content=\"Pr\u00e9sidence polonaise du Conseil de l&#039;UE - Instytut Polski w Brukseli\" \/>\n<meta property=\"og:description\" content=\"CALENDRIER DES \u00c9V\u00c9NEMENTS CULTURELS DE L&#8217;INSTITUT POLONAIS DE BRUXELLES ET DE L&#8217;INSTITUT ADAM MICKIEWICZ (ET AUTRES) PENDANT LA PR\u00c9SIDENCE POLONAISE DU CONSEIL DE L&#8217;UNION EUROP\u00c9ENNE 2025 Au cours du premier semestre 2025, la Pologne occupera le devant de la sc\u00e8ne culturelle europ\u00e9enne en pr\u00e9sentant un programme artistique dynamique et vari\u00e9. Pendant six mois, l&#8217;art, le [&hellip;]\" \/>\n<meta property=\"og:url\" content=\"https:\/\/instytutpolski.pl\/brussels\/presidence-polonaise-du-conseil-de-lue\/\" \/>\n<meta property=\"og:site_name\" content=\"Instytut Polski w Brukseli\" \/>\n<meta property=\"article:modified_time\" content=\"2025-04-17T16:29:42+00:00\" \/>\n<meta property=\"og:image\" content=\"https:\/\/instytutpolski.pl\/brussels\/wp-content\/uploads\/sites\/4\/2025\/01\/Obraz11.png\" \/>\n\t<meta property=\"og:image:width\" content=\"2002\" \/>\n\t<meta property=\"og:image:height\" content=\"1127\" \/>\n\t<meta property=\"og:image:type\" content=\"image\/png\" \/>\n<meta name=\"twitter:card\" content=\"summary_large_image\" \/>\n<meta name=\"twitter:label1\" content=\"Szacowany czas czytania\" \/>\n\t<meta name=\"twitter:data1\" content=\"8 minut\" \/>\n<script type=\"application\/ld+json\" class=\"yoast-schema-graph\">{\"@context\":\"https:\/\/schema.org\",\"@graph\":[{\"@type\":\"WebPage\",\"@id\":\"https:\/\/instytutpolski.pl\/brussels\/presidence-polonaise-du-conseil-de-lue\/\",\"url\":\"https:\/\/instytutpolski.pl\/brussels\/presidence-polonaise-du-conseil-de-lue\/\",\"name\":\"Pr\u00e9sidence polonaise du Conseil de l'UE - Instytut Polski w Brukseli\",\"isPartOf\":{\"@id\":\"https:\/\/instytutpolski.pl\/brussels\/#website\"},\"primaryImageOfPage\":{\"@id\":\"https:\/\/instytutpolski.pl\/brussels\/presidence-polonaise-du-conseil-de-lue\/#primaryimage\"},\"image\":{\"@id\":\"https:\/\/instytutpolski.pl\/brussels\/presidence-polonaise-du-conseil-de-lue\/#primaryimage\"},\"thumbnailUrl\":\"https:\/\/instytutpolski.pl\/brussels\/wp-content\/uploads\/sites\/4\/2025\/01\/Obraz11.png\",\"datePublished\":\"2025-02-14T12:24:23+00:00\",\"dateModified\":\"2025-04-17T16:29:42+00:00\",\"breadcrumb\":{\"@id\":\"https:\/\/instytutpolski.pl\/brussels\/presidence-polonaise-du-conseil-de-lue\/#breadcrumb\"},\"inLanguage\":\"pl-PL\",\"potentialAction\":[{\"@type\":\"ReadAction\",\"target\":[\"https:\/\/instytutpolski.pl\/brussels\/presidence-polonaise-du-conseil-de-lue\/\"]}]},{\"@type\":\"ImageObject\",\"inLanguage\":\"pl-PL\",\"@id\":\"https:\/\/instytutpolski.pl\/brussels\/presidence-polonaise-du-conseil-de-lue\/#primaryimage\",\"url\":\"https:\/\/instytutpolski.pl\/brussels\/wp-content\/uploads\/sites\/4\/2025\/01\/Obraz11.png\",\"contentUrl\":\"https:\/\/instytutpolski.pl\/brussels\/wp-content\/uploads\/sites\/4\/2025\/01\/Obraz11.png\",\"width\":2002,\"height\":1127},{\"@type\":\"BreadcrumbList\",\"@id\":\"https:\/\/instytutpolski.pl\/brussels\/presidence-polonaise-du-conseil-de-lue\/#breadcrumb\",\"itemListElement\":[{\"@type\":\"ListItem\",\"position\":1,\"name\":\"Home\",\"item\":\"https:\/\/instytutpolski.pl\/brussels\/\"},{\"@type\":\"ListItem\",\"position\":2,\"name\":\"Pr\u00e9sidence polonaise du Conseil de l&#8217;UE\"}]},{\"@type\":\"WebSite\",\"@id\":\"https:\/\/instytutpolski.pl\/brussels\/#website\",\"url\":\"https:\/\/instytutpolski.pl\/brussels\/\",\"name\":\"Instytut Polski w Brukseli\",\"description\":\"Instytuty Polskie\",\"potentialAction\":[{\"@type\":\"SearchAction\",\"target\":{\"@type\":\"EntryPoint\",\"urlTemplate\":\"https:\/\/instytutpolski.pl\/brussels\/?s={search_term_string}\"},\"query-input\":{\"@type\":\"PropertyValueSpecification\",\"valueRequired\":true,\"valueName\":\"search_term_string\"}}],\"inLanguage\":\"pl-PL\"}]}<\/script>\n<!-- \/ Yoast SEO plugin. -->","yoast_head_json":{"title":"Pr\u00e9sidence polonaise du Conseil de l'UE - Instytut Polski w Brukseli","robots":{"index":"index","follow":"follow","max-snippet":"max-snippet:-1","max-image-preview":"max-image-preview:large","max-video-preview":"max-video-preview:-1"},"canonical":"https:\/\/instytutpolski.pl\/brussels\/presidence-polonaise-du-conseil-de-lue\/","og_locale":"pl_PL","og_type":"article","og_title":"Pr\u00e9sidence polonaise du Conseil de l'UE - Instytut Polski w Brukseli","og_description":"CALENDRIER DES \u00c9V\u00c9NEMENTS CULTURELS DE L&#8217;INSTITUT POLONAIS DE BRUXELLES ET DE L&#8217;INSTITUT ADAM MICKIEWICZ (ET AUTRES) PENDANT LA PR\u00c9SIDENCE POLONAISE DU CONSEIL DE L&#8217;UNION EUROP\u00c9ENNE 2025 Au cours du premier semestre 2025, la Pologne occupera le devant de la sc\u00e8ne culturelle europ\u00e9enne en pr\u00e9sentant un programme artistique dynamique et vari\u00e9. Pendant six mois, l&#8217;art, le [&hellip;]","og_url":"https:\/\/instytutpolski.pl\/brussels\/presidence-polonaise-du-conseil-de-lue\/","og_site_name":"Instytut Polski w Brukseli","article_modified_time":"2025-04-17T16:29:42+00:00","og_image":[{"width":2002,"height":1127,"url":"https:\/\/instytutpolski.pl\/brussels\/wp-content\/uploads\/sites\/4\/2025\/01\/Obraz11.png","type":"image\/png"}],"twitter_card":"summary_large_image","twitter_misc":{"Szacowany czas czytania":"8 minut"},"schema":{"@context":"https:\/\/schema.org","@graph":[{"@type":"WebPage","@id":"https:\/\/instytutpolski.pl\/brussels\/presidence-polonaise-du-conseil-de-lue\/","url":"https:\/\/instytutpolski.pl\/brussels\/presidence-polonaise-du-conseil-de-lue\/","name":"Pr\u00e9sidence polonaise du Conseil de l'UE - Instytut Polski w Brukseli","isPartOf":{"@id":"https:\/\/instytutpolski.pl\/brussels\/#website"},"primaryImageOfPage":{"@id":"https:\/\/instytutpolski.pl\/brussels\/presidence-polonaise-du-conseil-de-lue\/#primaryimage"},"image":{"@id":"https:\/\/instytutpolski.pl\/brussels\/presidence-polonaise-du-conseil-de-lue\/#primaryimage"},"thumbnailUrl":"https:\/\/instytutpolski.pl\/brussels\/wp-content\/uploads\/sites\/4\/2025\/01\/Obraz11.png","datePublished":"2025-02-14T12:24:23+00:00","dateModified":"2025-04-17T16:29:42+00:00","breadcrumb":{"@id":"https:\/\/instytutpolski.pl\/brussels\/presidence-polonaise-du-conseil-de-lue\/#breadcrumb"},"inLanguage":"pl-PL","potentialAction":[{"@type":"ReadAction","target":["https:\/\/instytutpolski.pl\/brussels\/presidence-polonaise-du-conseil-de-lue\/"]}]},{"@type":"ImageObject","inLanguage":"pl-PL","@id":"https:\/\/instytutpolski.pl\/brussels\/presidence-polonaise-du-conseil-de-lue\/#primaryimage","url":"https:\/\/instytutpolski.pl\/brussels\/wp-content\/uploads\/sites\/4\/2025\/01\/Obraz11.png","contentUrl":"https:\/\/instytutpolski.pl\/brussels\/wp-content\/uploads\/sites\/4\/2025\/01\/Obraz11.png","width":2002,"height":1127},{"@type":"BreadcrumbList","@id":"https:\/\/instytutpolski.pl\/brussels\/presidence-polonaise-du-conseil-de-lue\/#breadcrumb","itemListElement":[{"@type":"ListItem","position":1,"name":"Home","item":"https:\/\/instytutpolski.pl\/brussels\/"},{"@type":"ListItem","position":2,"name":"Pr\u00e9sidence polonaise du Conseil de l&#8217;UE"}]},{"@type":"WebSite","@id":"https:\/\/instytutpolski.pl\/brussels\/#website","url":"https:\/\/instytutpolski.pl\/brussels\/","name":"Instytut Polski w Brukseli","description":"Instytuty Polskie","potentialAction":[{"@type":"SearchAction","target":{"@type":"EntryPoint","urlTemplate":"https:\/\/instytutpolski.pl\/brussels\/?s={search_term_string}"},"query-input":{"@type":"PropertyValueSpecification","valueRequired":true,"valueName":"search_term_string"}}],"inLanguage":"pl-PL"}]}},"_links":{"self":[{"href":"https:\/\/instytutpolski.pl\/brussels\/wp-json\/wp\/v2\/pages\/15694","targetHints":{"allow":["GET"]}}],"collection":[{"href":"https:\/\/instytutpolski.pl\/brussels\/wp-json\/wp\/v2\/pages"}],"about":[{"href":"https:\/\/instytutpolski.pl\/brussels\/wp-json\/wp\/v2\/types\/page"}],"author":[{"embeddable":true,"href":"https:\/\/instytutpolski.pl\/brussels\/wp-json\/wp\/v2\/users\/212"}],"replies":[{"embeddable":true,"href":"https:\/\/instytutpolski.pl\/brussels\/wp-json\/wp\/v2\/comments?post=15694"}],"version-history":[{"count":3,"href":"https:\/\/instytutpolski.pl\/brussels\/wp-json\/wp\/v2\/pages\/15694\/revisions"}],"predecessor-version":[{"id":16895,"href":"https:\/\/instytutpolski.pl\/brussels\/wp-json\/wp\/v2\/pages\/15694\/revisions\/16895"}],"wp:featuredmedia":[{"embeddable":true,"href":"https:\/\/instytutpolski.pl\/brussels\/wp-json\/wp\/v2\/media\/15691"}],"wp:attachment":[{"href":"https:\/\/instytutpolski.pl\/brussels\/wp-json\/wp\/v2\/media?parent=15694"}],"curies":[{"name":"wp","href":"https:\/\/api.w.org\/{rel}","templated":true}]}}