{"id":491,"date":"2019-05-24T12:15:15","date_gmt":"2019-05-24T10:15:15","guid":{"rendered":"https:\/\/instytutpolski.pl\/bruksela\/?page_id=491"},"modified":"2019-05-24T12:31:14","modified_gmt":"2019-05-24T10:31:14","slug":"studeren-in-polen","status":"publish","type":"page","link":"https:\/\/instytutpolski.pl\/brussels\/nl\/studeren-in-polen\/","title":{"rendered":"Studeren in Polen"},"content":{"rendered":"\n<p>1.\u00a0Zoekportaal<br \/>2.\u00a0Beurzen (Poolse en Belgische)<br \/>3.\u00a0Onthaaluniversiteiten<br \/>4.\u00a0Taalscholen van het universitaire type voor buitenlandse studenten in Polen<br \/>5.\u00a0Taalstages in Polen (Belgische niet-gouvernementele programma\u2019s)<br \/><br \/><\/p>\n<hr \/>\n<p><br \/><strong>1.\u00a0Zoekportaal<br \/><br \/><\/strong>Informatie over studeren in Polen :<strong><br \/><\/strong><\/p>\n<p><a title=\"Go Poland\" href=\"http:\/\/www.go-poland.pl\/\" target=\"_blank\" rel=\"noopener\">http:\/\/www.go-poland.pl\/<\/a><\/p>\n<p><strong>2. Beurzen (Poolse en Belgische)<\/strong><br \/><br \/>&gt;&gt;&gt; Gelieve contact op te nemen met de Dienst Cultuur van de Ambassade van Polen \/\u00a0<a href=\"mailto:brussel@instytutpolski.org\">brussel@instytutpolski.org<\/a>\u00a0<\/p>\n<p>&gt;&gt;&gt; Ministerie van Wetenschap en Hoger Onderwijs \/\u00a0<a title=\"Ministerstwo Nauki i Szkolnictwa Wy\u017cszego\" href=\"https:\/\/www.nauka.gov.pl\/dla-studentow-i-doktorantow\/\" target=\"_blank\" rel=\"noopener\">http:\/\/www.nauka.gov.pl\/<\/a><\/p>\n<p>&gt;&gt;&gt; Poolse staatsbeurzen (kunst):\u00a0<br \/>Site van het Poolse Ministerie van Cultuur en Nationaal Erfgoed (Ministerstwo Kultury i Dziedzictwa Narodowego, MkiDN) \/\u00a0<a href=\"http:\/\/www.mkidn.gov.pl\/pages\/strona-glowna\/uczniowie-i-studenci\/stypendia\/stypendia-dla-studentow-i-doktorantow.php\" target=\"_blank\" rel=\"noopener\">http:\/\/www.mkidn.gov.pl\/<\/a><a href=\"http:\/\/www.mkidn.gov.pl\/\" target=\"_blank\" rel=\"noopener\"><br \/><\/a><br \/>&gt;&gt;&gt; Poolse staatsbeurzen (geneeskunde)\u00a0<br \/>Site van het Poolse Ministerie van Volksgezondheid (Ministerstwo Zdrowia, MZ) \/\u00a0<a href=\"https:\/\/www.gov.pl\/zdrowie\/ksztalcenie-cudzoziemcow-w-jezyku-polskim\" target=\"_blank\" rel=\"noopener\">http:\/\/www.mz.gov.pl\/<\/a><a href=\"http:\/\/www.mz.gov.pl\/\" target=\"_blank\" rel=\"noopener\"><br \/><\/a><br \/>&gt;&gt;&gt; Poolse staatsbeurzen (behalve kunst en geneeskunde):<br \/>Formulieren te downloaden via de site van het Polish National Agency for Academic Exchange (Narodowa Agencja Wymiany Akademickiej) \/\u00a0<a href=\"https:\/\/nawa.gov.pl\/en\/\">https:\/\/nawa.gov.pl\/en\/<\/a>\u00a0<br \/><br \/>&gt;&gt;&gt; Beurzen van de Vlaamse Gemeenschap van Belgi\u00eb (Infolijn Onderwijs) \/\u00a0<a href=\"http:\/\/onderwijs.vlaanderen.be\/\" target=\"_blank\" rel=\"noopener\">http:\/\/onderwijs.vlaanderen.be\/<\/a><br \/><br \/>&gt;&gt;&gt; UE Portal on Learning Opportunities throughout the European Space (PLOTEUS) \/\u00a0<a href=\"http:\/\/ec.europa.eu\/ploteus\/home.jsp?language=nl\" target=\"_blank\" rel=\"noopener\">http:\/\/ec.europa.eu\/ploteus\/<\/a>\u00a0<br \/><br \/><\/p>\n<hr \/>\n<p><br \/><strong>3. Onthaaluniversiteiten<\/strong><br \/>Overzicht van Poolse universiteiten die buitenlandse studenten verwelkomen (alle studiegebieden, alle talen, alle Poolse universiteiten):<br \/>\u00ab Study in Poland \u00bb:\u00a0<a href=\"http:\/\/www.studyinpoland.pl\/\" target=\"_blank\" rel=\"noopener\">http:\/\/www.studyinpoland.pl<\/a>\u00a0<br \/>+++ Meer over het studentenleven:\u00a0<a href=\"http:\/\/www.studyfun.pl\/\">http:\/\/www.studyfun.pl\/<\/a><br \/><br \/><\/p>\n<hr \/>\n<p><br \/><strong>4. Taalscholen van het universitaire type voor buitenlandse studenten in Polen<\/strong><br \/><br \/>&gt;&gt;&gt; Casimir de Groteuniversiteit te Bydgoszcz \/\u00a0<strong>Uniwersytet Kazimierza Wielkiego w Bydgoszczy<\/strong>\u00a0\/ \u00a0<a href=\"http:\/\/www.ukw.edu.pl\/\" target=\"_blank\" rel=\"noopener\">http:\/\/www.ukw.edu.pl\/<\/a>\u00a0<br \/>+\u00a0<a href=\"https:\/\/polski.ukw.edu.pl\/jednostka\/nauczanie_jezyka_polskiego\" target=\"_blank\" rel=\"noopener\">Centrum Nauczania J\u0119zyka Polskiego\u00a0dla Obcokrajowc\u00f3w<br \/><\/a><br \/>&gt;&gt;&gt; Jagiellonische Universiteit te Krakau \/\u00a0<strong>Uniwersytet Jagiello\u0144ski w Krakowie<\/strong>\u00a0\/\u00a0<a href=\"http:\/\/www.uj.edu.pl\/\" target=\"_blank\" rel=\"noopener\">http:\/\/www.uj.edu.pl<\/a>\u00a0<br \/><strong>+\u00a0<a href=\"http:\/\/www.kurspolskiego.pl%20\/\" target=\"_blank\" rel=\"noopener\">Centrum J\u0119zyka Polskiego\u00a0Varia<\/a><br \/>++<a href=\"http:\/\/https\/\/www.varia-course.com\/en\/Polish_courses\/online-lessons\" target=\"_blank\" rel=\"noopener\">LEARN POLISH ONLINE<\/a>\u00a0<\/strong><br \/><br \/>&gt;&gt;&gt;\u00a0Universiteit van Silezi\u00eb, Katowice \/\u00a0<strong>Uniwersytet \u015al\u0105ski w Katowicach<\/strong>\u00a0\/\u00a0<a href=\"http:\/\/www.us.edu.pl\/\" target=\"_blank\" rel=\"noopener\">http:\/\/www.us.edu.pl<\/a>\u00a0<br \/>+ talenschool:\u00a0<a href=\"http:\/\/www.sjikp.us.edu.pl\/\" target=\"_blank\" rel=\"noopener\">Szko\u0142a J\u0119zyka i Kultury Polskiej<\/a><br \/><br \/>&gt;&gt;&gt; Universiteit te \u0141\u00f3d\u017a \/\u00a0<strong>Uniwersytet \u0141\u00f3dzki<\/strong>\u00a0\/\u00a0<a href=\"http:\/\/www.uni.lodz.pl\/\" target=\"_blank\" rel=\"noopener\">http:\/\/www.uni.lodz.pl<\/a>\u00a0<br \/>+ talenschool:\u00a0<a href=\"http:\/\/www.sjpdc.uni.lodz.pl\/\" target=\"_blank\" rel=\"noopener\">School of Polish for Foreigners at the University of \u0141\u00f3d\u017c<\/a><br \/><br \/>&gt;&gt;&gt; Katholieke Universiteit Lublin \/\u00a0<strong>Katolicki Uniwersytet Lubelski Jana Paw\u0142a II<\/strong>\u00a0\/\u00a0<a href=\"http:\/\/www.kul.pl\/\" target=\"_blank\" rel=\"noopener\">http:\/\/www.kul.pl<\/a>\u00a0<br \/>+ talenschool:\u00a0<a href=\"http:\/\/www.kul.pl\/11594.html\" target=\"_blank\" rel=\"noopener\">Szko\u0142a J\u0119zyka i Kultury Polskiej<\/a><br \/><br \/>&gt;&gt;&gt; Marie Curie-Sk\u0142odowskauniversiteit te Lublin \/\u00a0<strong>Uniwersytet Marii Curie-Sk\u0142odowskiej w Lublinie<\/strong>\u00a0\/\u00a0<a href=\"http:\/\/www.umcs.lublin.pl\/\" target=\"_blank\" rel=\"noopener\">http:\/\/www.umcs.lublin.pl\/<\/a>\u00a0<br \/>+ talenschool:\u00a0<a href=\"http:\/\/www.cjkp.umcs.lublin.pl\/\" target=\"_blank\" rel=\"noopener\">Centrum J\u0119zyka i Kultury Polskiej dla Polonii i Cudzoziemc\u00f3w UMCS<\/a><br \/><br \/>&gt;&gt;&gt; Adam Mickiewiczuniversiteit te Pozna\u0144 \/\u00a0<strong>Uniwersytet Adama Mickiewicza w Poznaniu<\/strong>\u00a0\/\u00a0<a href=\"http:\/\/amu.edu.pl\/\" target=\"_blank\" rel=\"noopener\">http:\/\/amu.edu.pl\/<\/a>\u00a0<br \/>+ talenschool:\u00a0<a href=\"http:\/\/schoolpl.amu.edu.pl\/\" target=\"_blank\" rel=\"noopener\">Studium J\u0119zyka i Kultury Polskiej dla Cudzoziemc\u00f3w<\/a><br \/><br \/>&gt;&gt;&gt; Universiteit te Rzesz\u00f3w \/\u00a0<strong>Uniwersytet Rzeszowski<\/strong>\u00a0\/\u00a0<a href=\"http:\/\/www.univ.rzeszow.pl\/\" target=\"_blank\" rel=\"noopener\">http:\/\/www.univ.rzeszow.pl\/<\/a>\u00a0<br \/>+\u00a0<a href=\"http:\/\/www.ur.edu.pl\/uniwersytet\/jednostki\/jednostki-pozawydzialowe\/centrum-kultury-i-jezyka-polskiego-dla-polakow-z-zagranicy-i-cudzoziemcow-polonus\" target=\"_blank\" rel=\"noopener\">Centrum Kultury i J\u0119zyka Polskiego\u00a0dla Polak\u00f3w z Zagranicy i Cudzoziemc\u00f3w &#8222;Polonus&#8221;<\/a><br \/><br \/>&gt;&gt;&gt; Nicolaas Copernicusuniversiteit te Toru\u0144 \/\u00a0<strong>Uniwersytet Miko\u0142aja Kopernika w Toruniu<\/strong>\u00a0\/\u00a0<a href=\"http:\/\/www.umk.pl\/\" target=\"_blank\" rel=\"noopener\">http:\/\/www.umk.pl\/<\/a>\u00a0<br \/>+\u00a0<a href=\"https:\/\/www.umk.pl\/uczelnia\/dydaktyczne\/skjpo\/\" target=\"_blank\" rel=\"noopener\">Studium Kultury i J\u0119zyka Polskiego dla Obcokrajowc\u00f3w<br \/><\/a><br \/>&gt;&gt;&gt; Universiteit van Warschau \/\u00a0<strong>Uniwersytet Warszawski<\/strong>\u00a0\/\u00a0<a href=\"http:\/\/www.uw.edu.pl\/\" target=\"_blank\" rel=\"noopener\">http:\/\/www.uw.edu.pl\/<\/a>\u00a0<br \/>+ talenschool:\u00a0<a href=\"http:\/\/www.polonicum.uw.edu.pl\/\" target=\"_blank\" rel=\"noopener\">Centrum J\u0119zyka Polskiego i Kultury Polskiej dla Cudzoziemc\u00f3w POLONICUM<\/a><br \/><br \/>&gt;&gt;&gt; Universiteit van Wroc\u0142aw \/\u00a0<strong>Uniwersytet Wroc\u0142awski<\/strong>\u00a0\/\u00a0<a href=\"http:\/\/www.uni.wroc.pl\/\" target=\"_blank\" rel=\"noopener\">http:\/\/www.uni.wroc.pl\/<\/a>\u00a0<br \/>+ talenschool:\u00a0<a href=\"http:\/\/www.sjpik.uni.wroc.pl\/\" target=\"_blank\" rel=\"noopener\">Szko\u0142a J\u0119zyka Polskiego i Kultury dla Cudzoziemc\u00f3w<\/a><br \/><br \/><\/p>\n<hr \/>\n<p><br \/><strong>5. Taalstages in Polen (Belgische niet-gouvernementele programma\u2019s)<br \/><br \/><\/strong>&gt;&gt;&gt;<strong>\u00a0Easy Languagues<br \/><\/strong><a href=\"http:\/\/taalreizen.com\/taalcursus\" target=\"_blank\" rel=\"noopener\">http:\/\/taalreizen.com\/taalcursus<\/a>\u00a0<br \/>Stage voor zakenmensen, volwassenen en studenten \/ gastgezin\u00a0\/ les in een talenschool<br \/><br \/>&gt;&gt;&gt;<strong>\u00a0Youth for Understanding Bruxelles-Wallonie YFU<br \/><\/strong><a href=\"http:\/\/www.yfu-belgique.be\/\" target=\"_blank\" rel=\"noopener\">http:\/\/www.yfu-belgique.be\/<\/a>\u00a0<br \/>Stage voor jongeren van 15 tot 21 jaar \/ gastgezin\u00a0\/ les in een talenschool<br \/>+ In Polen:\u00a0<a href=\"http:\/\/www.yfu-belgique.be\/pologne\" target=\"_blank\" rel=\"noopener\">klik HIER<\/a>\u00a0<br \/><br \/>&gt;&gt;&gt;<strong>\u00a0AILS \u2013 Agency for International Language Study<br \/><\/strong><a href=\"http:\/\/www.sejours-linguistiques.com\/\">http:\/\/www.sejours-linguistiques.com\/<\/a><br \/>Stage voor volwassenen \/ verblijf bij een taalleraar<\/p>\n\n\n\n<p><strong>Links<\/strong><\/p>\n\n\n<div class=\"partner\" id=\"partner-block_5ce7c784af91b\">\r\n\r\n                <div class=\"row align-items-center mb-2\">\r\n                <div class=\"col-4\"><a href=\"http:\/\/www.go-poland.pl\/\"><img decoding=\"async\" src=\"https:\/\/instytutpolski.pl\/brussels\/wp-content\/uploads\/sites\/4\/2019\/05\/gopoland.jpg\" \/><\/a><\/div>\r\n                <div class=\"col-8\"><strong>Go Poland:<\/strong><\/div>\r\n\r\n            <\/div>\r\n                    <div class=\"row align-items-center mb-2\">\r\n                <div class=\"col-4\"><a href=\"http:\/\/www.studyinpoland.pl\/\"><img decoding=\"async\" src=\"https:\/\/instytutpolski.pl\/brussels\/wp-content\/uploads\/sites\/4\/2019\/05\/studyinpoland.jpg\" \/><\/a><\/div>\r\n                <div class=\"col-8\"><strong>Study in Poland:<\/strong><\/div>\r\n\r\n            <\/div>\r\n        \r\n\r\n<\/div>\r\n","protected":false},"excerpt":{"rendered":"<p>1.\u00a0Zoekportaal2.\u00a0Beurzen (Poolse en Belgische)3.\u00a0Onthaaluniversiteiten4.\u00a0Taalscholen van het universitaire type voor buitenlandse studenten in Polen5.\u00a0Taalstages in Polen (Belgische niet-gouvernementele programma\u2019s) 1.\u00a0Zoekportaal Informatie over studeren in Polen : http:\/\/www.go-poland.pl\/ 2. Beurzen (Poolse en Belgische) &gt;&gt;&gt; Gelieve contact op te nemen met de Dienst Cultuur van de Ambassade van Polen \/\u00a0brussel@instytutpolski.org\u00a0 &gt;&gt;&gt; Ministerie van Wetenschap en Hoger Onderwijs \/\u00a0http:\/\/www.nauka.gov.pl\/ [&hellip;]<\/p>\n","protected":false},"author":1,"featured_media":0,"parent":0,"menu_order":0,"comment_status":"closed","ping_status":"closed","template":"","meta":{"inline_featured_image":false,"_monsterinsights_skip_tracking":false,"_monsterinsights_sitenote_active":false,"_monsterinsights_sitenote_note":"","_monsterinsights_sitenote_category":0,"footnotes":""},"class_list":["post-491","page","type-page","status-publish","hentry"],"yoast_head":"<!-- This site is optimized with the Yoast SEO plugin v24.6 - https:\/\/yoast.com\/wordpress\/plugins\/seo\/ -->\n<title>Studeren in Polen - Instytut Polski w Brukseli<\/title>\n<meta name=\"robots\" content=\"index, follow, max-snippet:-1, max-image-preview:large, max-video-preview:-1\" \/>\n<link rel=\"canonical\" href=\"https:\/\/instytutpolski.pl\/brussels\/nl\/studeren-in-polen\/\" \/>\n<meta property=\"og:locale\" content=\"pl_PL\" \/>\n<meta property=\"og:type\" content=\"article\" \/>\n<meta property=\"og:title\" content=\"Studeren in Polen - Instytut Polski w Brukseli\" \/>\n<meta property=\"og:description\" content=\"1.\u00a0Zoekportaal2.\u00a0Beurzen (Poolse en Belgische)3.\u00a0Onthaaluniversiteiten4.\u00a0Taalscholen van het universitaire type voor buitenlandse studenten in Polen5.\u00a0Taalstages in Polen (Belgische niet-gouvernementele programma\u2019s) 1.\u00a0Zoekportaal Informatie over studeren in Polen : http:\/\/www.go-poland.pl\/ 2. Beurzen (Poolse en Belgische) &gt;&gt;&gt; Gelieve contact op te nemen met de Dienst Cultuur van de Ambassade van Polen \/\u00a0brussel@instytutpolski.org\u00a0 &gt;&gt;&gt; Ministerie van Wetenschap en Hoger Onderwijs \/\u00a0http:\/\/www.nauka.gov.pl\/ [&hellip;]\" \/>\n<meta property=\"og:url\" content=\"https:\/\/instytutpolski.pl\/brussels\/nl\/studeren-in-polen\/\" \/>\n<meta property=\"og:site_name\" content=\"Instytut Polski w Brukseli\" \/>\n<meta property=\"article:modified_time\" content=\"2019-05-24T10:31:14+00:00\" \/>\n<meta name=\"twitter:card\" content=\"summary_large_image\" \/>\n<meta name=\"twitter:label1\" content=\"Szacowany czas czytania\" \/>\n\t<meta name=\"twitter:data1\" content=\"3 minuty\" \/>\n<script type=\"application\/ld+json\" class=\"yoast-schema-graph\">{\"@context\":\"https:\/\/schema.org\",\"@graph\":[{\"@type\":\"WebPage\",\"@id\":\"https:\/\/instytutpolski.pl\/brussels\/nl\/studeren-in-polen\/\",\"url\":\"https:\/\/instytutpolski.pl\/brussels\/nl\/studeren-in-polen\/\",\"name\":\"Studeren in Polen - Instytut Polski w Brukseli\",\"isPartOf\":{\"@id\":\"https:\/\/instytutpolski.pl\/brussels\/#website\"},\"datePublished\":\"2019-05-24T10:15:15+00:00\",\"dateModified\":\"2019-05-24T10:31:14+00:00\",\"breadcrumb\":{\"@id\":\"https:\/\/instytutpolski.pl\/brussels\/nl\/studeren-in-polen\/#breadcrumb\"},\"inLanguage\":\"pl-PL\",\"potentialAction\":[{\"@type\":\"ReadAction\",\"target\":[\"https:\/\/instytutpolski.pl\/brussels\/nl\/studeren-in-polen\/\"]}]},{\"@type\":\"BreadcrumbList\",\"@id\":\"https:\/\/instytutpolski.pl\/brussels\/nl\/studeren-in-polen\/#breadcrumb\",\"itemListElement\":[{\"@type\":\"ListItem\",\"position\":1,\"name\":\"Home\",\"item\":\"https:\/\/instytutpolski.pl\/brussels\/\"},{\"@type\":\"ListItem\",\"position\":2,\"name\":\"Studeren in Polen\"}]},{\"@type\":\"WebSite\",\"@id\":\"https:\/\/instytutpolski.pl\/brussels\/#website\",\"url\":\"https:\/\/instytutpolski.pl\/brussels\/\",\"name\":\"Instytut Polski w Brukseli\",\"description\":\"Instytuty Polskie\",\"potentialAction\":[{\"@type\":\"SearchAction\",\"target\":{\"@type\":\"EntryPoint\",\"urlTemplate\":\"https:\/\/instytutpolski.pl\/brussels\/?s={search_term_string}\"},\"query-input\":{\"@type\":\"PropertyValueSpecification\",\"valueRequired\":true,\"valueName\":\"search_term_string\"}}],\"inLanguage\":\"pl-PL\"}]}<\/script>\n<!-- \/ Yoast SEO plugin. -->","yoast_head_json":{"title":"Studeren in Polen - Instytut Polski w Brukseli","robots":{"index":"index","follow":"follow","max-snippet":"max-snippet:-1","max-image-preview":"max-image-preview:large","max-video-preview":"max-video-preview:-1"},"canonical":"https:\/\/instytutpolski.pl\/brussels\/nl\/studeren-in-polen\/","og_locale":"pl_PL","og_type":"article","og_title":"Studeren in Polen - Instytut Polski w Brukseli","og_description":"1.\u00a0Zoekportaal2.\u00a0Beurzen (Poolse en Belgische)3.\u00a0Onthaaluniversiteiten4.\u00a0Taalscholen van het universitaire type voor buitenlandse studenten in Polen5.\u00a0Taalstages in Polen (Belgische niet-gouvernementele programma\u2019s) 1.\u00a0Zoekportaal Informatie over studeren in Polen : http:\/\/www.go-poland.pl\/ 2. Beurzen (Poolse en Belgische) &gt;&gt;&gt; Gelieve contact op te nemen met de Dienst Cultuur van de Ambassade van Polen \/\u00a0brussel@instytutpolski.org\u00a0 &gt;&gt;&gt; Ministerie van Wetenschap en Hoger Onderwijs \/\u00a0http:\/\/www.nauka.gov.pl\/ [&hellip;]","og_url":"https:\/\/instytutpolski.pl\/brussels\/nl\/studeren-in-polen\/","og_site_name":"Instytut Polski w Brukseli","article_modified_time":"2019-05-24T10:31:14+00:00","twitter_card":"summary_large_image","twitter_misc":{"Szacowany czas czytania":"3 minuty"},"schema":{"@context":"https:\/\/schema.org","@graph":[{"@type":"WebPage","@id":"https:\/\/instytutpolski.pl\/brussels\/nl\/studeren-in-polen\/","url":"https:\/\/instytutpolski.pl\/brussels\/nl\/studeren-in-polen\/","name":"Studeren in Polen - Instytut Polski w Brukseli","isPartOf":{"@id":"https:\/\/instytutpolski.pl\/brussels\/#website"},"datePublished":"2019-05-24T10:15:15+00:00","dateModified":"2019-05-24T10:31:14+00:00","breadcrumb":{"@id":"https:\/\/instytutpolski.pl\/brussels\/nl\/studeren-in-polen\/#breadcrumb"},"inLanguage":"pl-PL","potentialAction":[{"@type":"ReadAction","target":["https:\/\/instytutpolski.pl\/brussels\/nl\/studeren-in-polen\/"]}]},{"@type":"BreadcrumbList","@id":"https:\/\/instytutpolski.pl\/brussels\/nl\/studeren-in-polen\/#breadcrumb","itemListElement":[{"@type":"ListItem","position":1,"name":"Home","item":"https:\/\/instytutpolski.pl\/brussels\/"},{"@type":"ListItem","position":2,"name":"Studeren in Polen"}]},{"@type":"WebSite","@id":"https:\/\/instytutpolski.pl\/brussels\/#website","url":"https:\/\/instytutpolski.pl\/brussels\/","name":"Instytut Polski w Brukseli","description":"Instytuty Polskie","potentialAction":[{"@type":"SearchAction","target":{"@type":"EntryPoint","urlTemplate":"https:\/\/instytutpolski.pl\/brussels\/?s={search_term_string}"},"query-input":{"@type":"PropertyValueSpecification","valueRequired":true,"valueName":"search_term_string"}}],"inLanguage":"pl-PL"}]}},"_links":{"self":[{"href":"https:\/\/instytutpolski.pl\/brussels\/wp-json\/wp\/v2\/pages\/491","targetHints":{"allow":["GET"]}}],"collection":[{"href":"https:\/\/instytutpolski.pl\/brussels\/wp-json\/wp\/v2\/pages"}],"about":[{"href":"https:\/\/instytutpolski.pl\/brussels\/wp-json\/wp\/v2\/types\/page"}],"author":[{"embeddable":true,"href":"https:\/\/instytutpolski.pl\/brussels\/wp-json\/wp\/v2\/users\/1"}],"replies":[{"embeddable":true,"href":"https:\/\/instytutpolski.pl\/brussels\/wp-json\/wp\/v2\/comments?post=491"}],"version-history":[{"count":4,"href":"https:\/\/instytutpolski.pl\/brussels\/wp-json\/wp\/v2\/pages\/491\/revisions"}],"predecessor-version":[{"id":497,"href":"https:\/\/instytutpolski.pl\/brussels\/wp-json\/wp\/v2\/pages\/491\/revisions\/497"}],"wp:attachment":[{"href":"https:\/\/instytutpolski.pl\/brussels\/wp-json\/wp\/v2\/media?parent=491"}],"curies":[{"name":"wp","href":"https:\/\/api.w.org\/{rel}","templated":true}]}}