{"id":4968,"date":"2020-06-01T20:02:34","date_gmt":"2020-06-01T18:02:34","guid":{"rendered":"https:\/\/instytutpolski.pl\/brussels\/?page_id=4968"},"modified":"2020-06-01T20:02:35","modified_gmt":"2020-06-01T18:02:35","slug":"politique-en-matiere-de-cookies","status":"publish","type":"page","link":"https:\/\/instytutpolski.pl\/brussels\/politique-en-matiere-de-cookies\/","title":{"rendered":"Politique en mati\u00e8re de cookies"},"content":{"rendered":"\n<p>Afin de fournir des services au plus haut niveau, nous utilisons des cookies. L&#8217;utilisation de notre site signifie qu&#8217;ils seront plac\u00e9s sur votre appareil. Vous pouvez \u00e0 tout moment modifier cet acc\u00e8s param\u00e8tres de votre navigateur.\u00a0<\/p>\n<p>Veillant \u00e0 votre confort, le service instytutpolski.pl, appartenant au minist\u00e8re des Affaires \u00e9trang\u00e8res de la R\u00e9publique de Pologne, utilise des cookies afin d&#8217;adapter le service aux besoins des utilisateurs, ainsi qu&#8217;\u00e0 des fins statistiques.<\/p>\n<p>Les cookies sont de petits fichiers texte envoy\u00e9s par le site web visit\u00e9 \u00e0 l&#8217;appareil de l&#8217;internaute (ordinateur, smartphone, etc.). Ils ne contiennent aucune donn\u00e9e personnelle.<\/p>\n<p>Le site internet instytutpolski.pl utilise deux types de cookies :\u00a0<\/p>\n<p>1) les cookies de performance (qui collectent des informations sur la mani\u00e8re dont les visiteurs utilisent le site web, par exemple les pages les plus fr\u00e9quemment visit\u00e9es ou les messages d&#8217;erreur, etc,)<\/p>\n<p>2) les cookies fonctionnelles (sauvegarde des param\u00e8tres de l&#8217;utilisateur, par exemple la langue, le consentement, etc. comme :<\/p>\n<p>\u2014 Les cookies de google-analytics.com \u2014 utilis\u00e9s pour garder des statistiques pour le site web <a href=\"http:\/\/instytutpolski.pl\">instytutpolski.pl<\/a>. La m\u00e9thode exacte et la politique de confidentialit\u00e9 de Google Analytics peuvent \u00eatre trouv\u00e9es \u00e0 l&#8217;adresse :\u00a0http:\/\/www.google.com\/analytics\/learn\/privacy.html,<\/p>\n<p>\u2014 Les cookies de session \u2014 il s&#8217;agit d&#8217;informations temporaires stock\u00e9es dans la m\u00e9moire du navigateur jusqu&#8217;\u00e0 la fin de la session, c&#8217;est-\u00e0-dire sa fermeture.<\/p>\n<p>Les sites web \u00e9trangers, auxquels le site instytutpolski.pl fait parfois r\u00e9f\u00e9rence, peuvent \u00e9galement utiliser d&#8217;autres cookies que ceux mentionn\u00e9s ci-dessus, y compris notamment ceux permettant de se connecter et de fournir des publicit\u00e9s correspondant aux pr\u00e9f\u00e9rences et aux comportements de l&#8217;utilisateur. Ces types de cookies sont :<\/p>\n<ul>\n<li>sur com &#8211; Cookies contenant vos pr\u00e9f\u00e9rences, et le nombre de clics.\u00a0 La politique de confidentialit\u00e9 de YouTube peut \u00eatre trouv\u00e9e ici : \u00a0<a href=\"http:\/\/www.google.pl\/intl\/pl\/policies\/privacy\/\">http:\/\/www.google.pl\/intl\/pl\/policies\/privacy\/<\/a>,<\/li>\n<li>sur player.vimeo.com et av.vimeo.com &#8211; vous permettant de vous connecter, ainsi que les cookies plac\u00e9s par les annonceurs afin d&#8217;ajuster le contenu et les formes de publicit\u00e9. La politique de Vimeo en mati\u00e8re de cookies est disponible ici : <a href=\"http:\/\/vimeo.com\/cookie_policy\">http:\/\/vimeo.com\/cookie_policy<\/a>.<\/li>\n<\/ul>\n<p>\u00a0<\/p>\n<p>Dans la plupart des navigateurs web, vous pouvez : supprimer les cookies du disque dur de votre ordinateur (\u00e0 partir des param\u00e8tres de votre navigateur), bloquer tous les cookies qui vous sont envoy\u00e9s ou d\u00e9finir un avertissement qu\u2019ils soient enregistr\u00e9s sur votre disque.\u00a0<\/p>\n<p>Veuillez noter que les modifications apport\u00e9es aux param\u00e8tres de cookies, consistant \u00e0 la limitation leur utilisation, peuvent affecter certaines fonctionnalit\u00e9s des les sites web qui les utilisent, par exemple en rendant impossible la connexion \u00e0 un compte de courrier \u00e9lectronique.\u00a0Ne pas modifier ces param\u00e8tres signifie accepter l&#8217;utilisation de cookies.<\/p>\n<p>Nous indiquons ci-dessous comment modifier les param\u00e8tres des cookies dans les moteurs de recherche les plus utilis\u00e9s :<\/p>\n<p><strong>Google Chrome<\/strong><\/p>\n<p>Menu &gt; Param\u00e8tres &gt; Afficher les param\u00e8tres avanc\u00e9s &gt; Vie priv\u00e9e &gt; Param\u00e8tres de contenu &gt; Cookies &#8211; s\u00e9lectionnez l&#8217;option appropri\u00e9e.<\/p>\n<p><strong>Internet Explorer <\/strong><\/p>\n<p>Menu<strong> &gt;<\/strong> Outils &gt; Options Internet &gt; Confidentialit\u00e9 &#8211; s\u00e9lectionnez l&#8217;option appropri\u00e9e.<\/p>\n<p><strong>Mozilla Firefox<\/strong><\/p>\n<p>Menu &gt; Options &gt; Vie priv\u00e9e &gt; Historique &#8211; s\u00e9lectionnez l&#8217;option appropri\u00e9e.<\/p>\n<p><strong>Opera<\/strong><\/p>\n<p>Menu &gt; Pr\u00e9f\u00e9rences &gt; Avanc\u00e9 &gt; Cookies &#8211; s\u00e9lectionnez l&#8217;option appropri\u00e9e.<\/p>\n<p><strong>Safari<\/strong><\/p>\n<p>Menu&gt; Pr\u00e9f\u00e9rences &gt; Confidentialit\u00e9 &gt; Cookies &#8211; s\u00e9lectionnez l&#8217;option appropri\u00e9e.<\/p>\n","protected":false},"excerpt":{"rendered":"<p>Afin de fournir des services au plus haut niveau, nous utilisons des cookies. L&#8217;utilisation de notre site signifie qu&#8217;ils seront plac\u00e9s sur votre appareil. Vous pouvez \u00e0 tout moment modifier cet acc\u00e8s param\u00e8tres de votre navigateur.\u00a0 Veillant \u00e0 votre confort, le service instytutpolski.pl, appartenant au minist\u00e8re des Affaires \u00e9trang\u00e8res de la R\u00e9publique de Pologne, utilise [&hellip;]<\/p>\n","protected":false},"author":26,"featured_media":4969,"parent":0,"menu_order":0,"comment_status":"closed","ping_status":"closed","template":"","meta":{"inline_featured_image":false,"_monsterinsights_skip_tracking":false,"_monsterinsights_sitenote_active":false,"_monsterinsights_sitenote_note":"","_monsterinsights_sitenote_category":0,"footnotes":""},"class_list":["post-4968","page","type-page","status-publish","has-post-thumbnail","hentry"],"yoast_head":"<!-- This site is optimized with the Yoast SEO plugin v24.6 - https:\/\/yoast.com\/wordpress\/plugins\/seo\/ -->\n<title>Politique en mati\u00e8re de cookies - Instytut Polski w Brukseli<\/title>\n<meta name=\"robots\" content=\"index, follow, max-snippet:-1, max-image-preview:large, max-video-preview:-1\" \/>\n<link rel=\"canonical\" href=\"https:\/\/instytutpolski.pl\/brussels\/politique-en-matiere-de-cookies\/\" \/>\n<meta property=\"og:locale\" content=\"pl_PL\" \/>\n<meta property=\"og:type\" content=\"article\" \/>\n<meta property=\"og:title\" content=\"Politique en mati\u00e8re de cookies - Instytut Polski w Brukseli\" \/>\n<meta property=\"og:description\" content=\"Afin de fournir des services au plus haut niveau, nous utilisons des cookies. L&#8217;utilisation de notre site signifie qu&#8217;ils seront plac\u00e9s sur votre appareil. Vous pouvez \u00e0 tout moment modifier cet acc\u00e8s param\u00e8tres de votre navigateur.\u00a0 Veillant \u00e0 votre confort, le service instytutpolski.pl, appartenant au minist\u00e8re des Affaires \u00e9trang\u00e8res de la R\u00e9publique de Pologne, utilise [&hellip;]\" \/>\n<meta property=\"og:url\" content=\"https:\/\/instytutpolski.pl\/brussels\/politique-en-matiere-de-cookies\/\" \/>\n<meta property=\"og:site_name\" content=\"Instytut Polski w Brukseli\" \/>\n<meta property=\"article:modified_time\" content=\"2020-06-01T18:02:35+00:00\" \/>\n<meta property=\"og:image\" content=\"https:\/\/instytutpolski.pl\/brussels\/wp-content\/uploads\/sites\/4\/2020\/06\/Krokusy-2.jpg\" \/>\n\t<meta property=\"og:image:width\" content=\"2048\" \/>\n\t<meta property=\"og:image:height\" content=\"1365\" \/>\n\t<meta property=\"og:image:type\" content=\"image\/jpeg\" \/>\n<meta name=\"twitter:card\" content=\"summary_large_image\" \/>\n<meta name=\"twitter:label1\" content=\"Szacowany czas czytania\" \/>\n\t<meta name=\"twitter:data1\" content=\"3 minuty\" \/>\n<script type=\"application\/ld+json\" class=\"yoast-schema-graph\">{\"@context\":\"https:\/\/schema.org\",\"@graph\":[{\"@type\":\"WebPage\",\"@id\":\"https:\/\/instytutpolski.pl\/brussels\/politique-en-matiere-de-cookies\/\",\"url\":\"https:\/\/instytutpolski.pl\/brussels\/politique-en-matiere-de-cookies\/\",\"name\":\"Politique en mati\u00e8re de cookies - Instytut Polski w Brukseli\",\"isPartOf\":{\"@id\":\"https:\/\/instytutpolski.pl\/brussels\/#website\"},\"primaryImageOfPage\":{\"@id\":\"https:\/\/instytutpolski.pl\/brussels\/politique-en-matiere-de-cookies\/#primaryimage\"},\"image\":{\"@id\":\"https:\/\/instytutpolski.pl\/brussels\/politique-en-matiere-de-cookies\/#primaryimage\"},\"thumbnailUrl\":\"https:\/\/instytutpolski.pl\/brussels\/wp-content\/uploads\/sites\/4\/2020\/06\/Krokusy-2.jpg\",\"datePublished\":\"2020-06-01T18:02:34+00:00\",\"dateModified\":\"2020-06-01T18:02:35+00:00\",\"breadcrumb\":{\"@id\":\"https:\/\/instytutpolski.pl\/brussels\/politique-en-matiere-de-cookies\/#breadcrumb\"},\"inLanguage\":\"pl-PL\",\"potentialAction\":[{\"@type\":\"ReadAction\",\"target\":[\"https:\/\/instytutpolski.pl\/brussels\/politique-en-matiere-de-cookies\/\"]}]},{\"@type\":\"ImageObject\",\"inLanguage\":\"pl-PL\",\"@id\":\"https:\/\/instytutpolski.pl\/brussels\/politique-en-matiere-de-cookies\/#primaryimage\",\"url\":\"https:\/\/instytutpolski.pl\/brussels\/wp-content\/uploads\/sites\/4\/2020\/06\/Krokusy-2.jpg\",\"contentUrl\":\"https:\/\/instytutpolski.pl\/brussels\/wp-content\/uploads\/sites\/4\/2020\/06\/Krokusy-2.jpg\",\"width\":2048,\"height\":1365},{\"@type\":\"BreadcrumbList\",\"@id\":\"https:\/\/instytutpolski.pl\/brussels\/politique-en-matiere-de-cookies\/#breadcrumb\",\"itemListElement\":[{\"@type\":\"ListItem\",\"position\":1,\"name\":\"Home\",\"item\":\"https:\/\/instytutpolski.pl\/brussels\/\"},{\"@type\":\"ListItem\",\"position\":2,\"name\":\"Politique en mati\u00e8re de cookies\"}]},{\"@type\":\"WebSite\",\"@id\":\"https:\/\/instytutpolski.pl\/brussels\/#website\",\"url\":\"https:\/\/instytutpolski.pl\/brussels\/\",\"name\":\"Instytut Polski w Brukseli\",\"description\":\"Instytuty Polskie\",\"potentialAction\":[{\"@type\":\"SearchAction\",\"target\":{\"@type\":\"EntryPoint\",\"urlTemplate\":\"https:\/\/instytutpolski.pl\/brussels\/?s={search_term_string}\"},\"query-input\":{\"@type\":\"PropertyValueSpecification\",\"valueRequired\":true,\"valueName\":\"search_term_string\"}}],\"inLanguage\":\"pl-PL\"}]}<\/script>\n<!-- \/ Yoast SEO plugin. -->","yoast_head_json":{"title":"Politique en mati\u00e8re de cookies - Instytut Polski w Brukseli","robots":{"index":"index","follow":"follow","max-snippet":"max-snippet:-1","max-image-preview":"max-image-preview:large","max-video-preview":"max-video-preview:-1"},"canonical":"https:\/\/instytutpolski.pl\/brussels\/politique-en-matiere-de-cookies\/","og_locale":"pl_PL","og_type":"article","og_title":"Politique en mati\u00e8re de cookies - Instytut Polski w Brukseli","og_description":"Afin de fournir des services au plus haut niveau, nous utilisons des cookies. L&#8217;utilisation de notre site signifie qu&#8217;ils seront plac\u00e9s sur votre appareil. Vous pouvez \u00e0 tout moment modifier cet acc\u00e8s param\u00e8tres de votre navigateur.\u00a0 Veillant \u00e0 votre confort, le service instytutpolski.pl, appartenant au minist\u00e8re des Affaires \u00e9trang\u00e8res de la R\u00e9publique de Pologne, utilise [&hellip;]","og_url":"https:\/\/instytutpolski.pl\/brussels\/politique-en-matiere-de-cookies\/","og_site_name":"Instytut Polski w Brukseli","article_modified_time":"2020-06-01T18:02:35+00:00","og_image":[{"width":2048,"height":1365,"url":"https:\/\/instytutpolski.pl\/brussels\/wp-content\/uploads\/sites\/4\/2020\/06\/Krokusy-2.jpg","type":"image\/jpeg"}],"twitter_card":"summary_large_image","twitter_misc":{"Szacowany czas czytania":"3 minuty"},"schema":{"@context":"https:\/\/schema.org","@graph":[{"@type":"WebPage","@id":"https:\/\/instytutpolski.pl\/brussels\/politique-en-matiere-de-cookies\/","url":"https:\/\/instytutpolski.pl\/brussels\/politique-en-matiere-de-cookies\/","name":"Politique en mati\u00e8re de cookies - Instytut Polski w Brukseli","isPartOf":{"@id":"https:\/\/instytutpolski.pl\/brussels\/#website"},"primaryImageOfPage":{"@id":"https:\/\/instytutpolski.pl\/brussels\/politique-en-matiere-de-cookies\/#primaryimage"},"image":{"@id":"https:\/\/instytutpolski.pl\/brussels\/politique-en-matiere-de-cookies\/#primaryimage"},"thumbnailUrl":"https:\/\/instytutpolski.pl\/brussels\/wp-content\/uploads\/sites\/4\/2020\/06\/Krokusy-2.jpg","datePublished":"2020-06-01T18:02:34+00:00","dateModified":"2020-06-01T18:02:35+00:00","breadcrumb":{"@id":"https:\/\/instytutpolski.pl\/brussels\/politique-en-matiere-de-cookies\/#breadcrumb"},"inLanguage":"pl-PL","potentialAction":[{"@type":"ReadAction","target":["https:\/\/instytutpolski.pl\/brussels\/politique-en-matiere-de-cookies\/"]}]},{"@type":"ImageObject","inLanguage":"pl-PL","@id":"https:\/\/instytutpolski.pl\/brussels\/politique-en-matiere-de-cookies\/#primaryimage","url":"https:\/\/instytutpolski.pl\/brussels\/wp-content\/uploads\/sites\/4\/2020\/06\/Krokusy-2.jpg","contentUrl":"https:\/\/instytutpolski.pl\/brussels\/wp-content\/uploads\/sites\/4\/2020\/06\/Krokusy-2.jpg","width":2048,"height":1365},{"@type":"BreadcrumbList","@id":"https:\/\/instytutpolski.pl\/brussels\/politique-en-matiere-de-cookies\/#breadcrumb","itemListElement":[{"@type":"ListItem","position":1,"name":"Home","item":"https:\/\/instytutpolski.pl\/brussels\/"},{"@type":"ListItem","position":2,"name":"Politique en mati\u00e8re de cookies"}]},{"@type":"WebSite","@id":"https:\/\/instytutpolski.pl\/brussels\/#website","url":"https:\/\/instytutpolski.pl\/brussels\/","name":"Instytut Polski w Brukseli","description":"Instytuty Polskie","potentialAction":[{"@type":"SearchAction","target":{"@type":"EntryPoint","urlTemplate":"https:\/\/instytutpolski.pl\/brussels\/?s={search_term_string}"},"query-input":{"@type":"PropertyValueSpecification","valueRequired":true,"valueName":"search_term_string"}}],"inLanguage":"pl-PL"}]}},"_links":{"self":[{"href":"https:\/\/instytutpolski.pl\/brussels\/wp-json\/wp\/v2\/pages\/4968","targetHints":{"allow":["GET"]}}],"collection":[{"href":"https:\/\/instytutpolski.pl\/brussels\/wp-json\/wp\/v2\/pages"}],"about":[{"href":"https:\/\/instytutpolski.pl\/brussels\/wp-json\/wp\/v2\/types\/page"}],"author":[{"embeddable":true,"href":"https:\/\/instytutpolski.pl\/brussels\/wp-json\/wp\/v2\/users\/26"}],"replies":[{"embeddable":true,"href":"https:\/\/instytutpolski.pl\/brussels\/wp-json\/wp\/v2\/comments?post=4968"}],"version-history":[{"count":2,"href":"https:\/\/instytutpolski.pl\/brussels\/wp-json\/wp\/v2\/pages\/4968\/revisions"}],"predecessor-version":[{"id":4971,"href":"https:\/\/instytutpolski.pl\/brussels\/wp-json\/wp\/v2\/pages\/4968\/revisions\/4971"}],"wp:featuredmedia":[{"embeddable":true,"href":"https:\/\/instytutpolski.pl\/brussels\/wp-json\/wp\/v2\/media\/4969"}],"wp:attachment":[{"href":"https:\/\/instytutpolski.pl\/brussels\/wp-json\/wp\/v2\/media?parent=4968"}],"curies":[{"name":"wp","href":"https:\/\/api.w.org\/{rel}","templated":true}]}}