{"id":508,"date":"2019-05-24T13:01:01","date_gmt":"2019-05-24T11:01:01","guid":{"rendered":"https:\/\/instytutpolski.pl\/bruksela\/?page_id=508"},"modified":"2020-03-18T11:36:19","modified_gmt":"2020-03-18T10:36:19","slug":"pools-leren","status":"publish","type":"page","link":"https:\/\/instytutpolski.pl\/brussels\/nl\/pools-leren\/","title":{"rendered":"Pools Leren"},"content":{"rendered":"\n<strong>1. <\/strong><a href=\"http:\/\/www.culturepolonaise.eu\/2,1,19,nl,Pools_Leren#par1\"><strong>In Belgi\u00eb<\/strong><\/a> <br \/><strong>\u00a0 \u00a0 \u00a0a. <\/strong>Volledig universitair talencurriculum, Poolse literatuur en cultuur <br \/><strong> \u00a0 \u00a0 \u00a0b. <\/strong>Pools in het kader van universitaire studies <br \/><strong> \u00a0 \u00a0 \u00a0c. <\/strong>Pools avondonderwijs (universitair type) <br \/><strong> \u00a0 \u00a0 \u00a0d. <\/strong>Andere vormen van taalonderwijs Pools (avondonderwijs, sociale promotie, cursussen op maat) <br \/><strong> \u00a0 \u00a0 \u00a0 \u00a0 \u00a0 \u00a0A. <\/strong>Vlaanderen<br \/><strong> \u00a0 \u00a0 \u00a0 \u00a0 \u00a0 \u00a0B. <\/strong>Brussel<br \/><strong> \u00a0 \u00a0 \u00a0 \u00a0 \u00a0 \u00a0C. <\/strong>Walloni\u00eb<br \/><strong> \u00a0 \u00a0 \u00a0e. <\/strong>Telefonisch onderwijs <br \/><strong> \u00a0 \u00a0 \u00a0f. <\/strong>Pools leren online <br \/><strong>2. <\/strong><a href=\"http:\/\/www.culturepolonaise.eu\/2,1,19,nl,Pools_Leren#par2\"><strong>Taalstages en -scholen in Polen<\/strong><\/a> <br \/><strong> \u00a0 \u00a0 \u00a0a.<\/strong> Taalscholen van het universitaire type voor buitenlandse studenten in Polen <br \/><strong> \u00a0 \u00a0 \u00a0b.<\/strong> Taalstages in Polen (Belgische niet-gouvernementele programma&#8217;s)<hr \/>\n<p><br \/><a name=\"par1\"><\/a><strong>1. In Belgi\u00eb<\/strong> <br \/>a. <strong>Volledig universitair talencurriculum, Poolse literatuur en cultuur<\/strong><br \/><br \/>&gt;&gt; Universit\u00e9 Libre de Bruxelles (ULB) \/\u00a0\u00a0<a href=\"http:\/\/dll.ulb.ac.be\/2012\/03\/slav-presentation-de-la-filiere\/\" target=\"_blank\" rel=\"noopener noreferrer\">http:\/\/dll.ulb.ac.be\/2012\/03\/slav-presentation-de-la-filiere\/<\/a>\u00a0\/\u00a0<a href=\"http:\/\/dll.ulb.ac.be\/co-diplomation\/\" target=\"_blank\" rel=\"noopener noreferrer\">http:\/\/dll.ulb.ac.be\/co-diplomation\/<\/a><\/p>\n<hr \/>\n<p><br \/>&gt;b. <strong>Pools in het kader van universitaire studies <\/strong><br \/><br \/>&gt;&gt; Universit\u00e9 de Mons (UMons) \/ Derde taal \/ Vakgroep tolken en vertalen <br \/><a href=\"http:\/\/portail.umons.ac.be\/FR\/universite\/facultes\/fti\/Pages\/default.aspx\" target=\"_blank\" rel=\"noopener noreferrer\">http:\/\/portail.umons.ac.be\/FR\/universite\/facultes\/fti\/Pages\/default.aspx<\/a><\/p>\n<hr \/>\n<p>\u00a0<\/p>\n<p><br \/>&gt;c. <strong>Andere vormen van taalonderwijs Pools <\/strong>(avondonderwijs, sociale promotie, cursussen op maat) <br \/><br \/><strong>Vlaanderen<\/strong> <br \/><br \/><strong>Aarschot<\/strong> <br \/>&gt;&gt; CVO Hageland \/ cursussen op maat \/ <a href=\"http:\/\/cvohageland.sjca.be\/\" target=\"_blank\" rel=\"noopener noreferrer\">http:\/\/cvohageland.sjca.be\/<\/a> <br \/><strong>Antwerpen<\/strong> <br \/>&gt;&gt; Berlitz \/ cursussen op maat \/ <a href=\"http:\/\/www.berlitz.be\/\" target=\"_blank\" rel=\"noopener noreferrer\">http:\/\/www.berlitz.be\/<\/a> <br \/>&gt;&gt; SCVO-Talen \/ dag- en avondonderwijs \/ <a href=\"https:\/\/www.stedelijkonderwijs.be\/encora\/opleiding\/pools-1\" target=\"_blank\" rel=\"noopener noreferrer\">http:\/\/www.scvo-talen.be\/<\/a> <br \/><strong>Brugge<\/strong> <br \/>&gt;&gt; IVO Sint-Michiels \/ avondonderwijs \/ <a href=\"http:\/\/www.ivobrugge.be\/\" target=\"_blank\" rel=\"noopener noreferrer\">http:\/\/www.ivobrugge.be\/<\/a> <br \/><strong>Dendermonde<\/strong> <br \/>&gt;&gt;\u00a0CVO Leerstad \/ evening classes \/\u00a0<a href=\"https:\/\/leerstad.be\/index.php\/15-cursusaanbod\/talen\/189-pools\" target=\"_blank\" rel=\"noopener noreferrer\">http:\/\/leerstaad.be\/<\/a><br \/><strong>Maasmechelen<\/strong> <br \/>&gt;&gt; Qrios Campus De Helix \/ avondonderwijs \/\u00a0<a href=\"https:\/\/www.qrios.be\/\">https:\/\/www.qrios.be\/<\/a><br \/><strong>Geel<\/strong> <br \/>&gt;&gt; CVO H.I.Kempen \/ avondonderwijs \/ <a href=\"http:\/\/www.hik.be\/\" target=\"_blank\" rel=\"noopener noreferrer\">http:\/\/www.hik.be\/<\/a> <br \/><strong>Gent<\/strong> <br \/>&gt;&gt; Berlitz \/ cursussen op maat \/ <a href=\"http:\/\/www.berlitz.be\/\" target=\"_blank\" rel=\"noopener noreferrer\">http:\/\/www.berlitz.be\/<\/a> <br \/>&gt;&gt; Het perspectief \/ avondonderwijs \/ <a href=\"https:\/\/hetperspectief.net\/pools\" target=\"_blank\" rel=\"noopener noreferrer\">http:\/\/www.hetperspectief.net\/<\/a> <br \/><strong>Hasselt<\/strong> <br \/>&gt;&gt; PCVO Moderne Talen Hasselt \/ avondonderwijs \/ <a href=\"http:\/\/www.modernetalen.be\/\" target=\"_blank\" rel=\"noopener noreferrer\">http:\/\/www.modernetalen.be\/<\/a> <br \/><strong>Herentals<\/strong> <br \/>&gt;&gt; DTL \/ avondonderwijs \/ <a href=\"https:\/\/www.dtl.be\" target=\"_blank\" rel=\"noopener noreferrer\">https:\/\/www.dtl.be<\/a> <br \/><strong>Leuven <\/strong><br \/>&gt;&gt; Centrum voor levende talen \/ avondonderwijs \/ <a href=\"https:\/\/www.clt.be\/CLTSite2016\/index.php?mi=23&amp;si=128&amp;tlid=14\" target=\"_blank\" rel=\"noopener noreferrer\">http:\/\/www.clt.be\/<\/a> <br \/>&gt;&gt; Poolse School \/ Pools voor anderstaligen \/ <a href=\"http:\/\/polskaszkolaleuven.eu\/pools-voor-anderstaligen\/\" target=\"_blank\" rel=\"noopener noreferrer\">http:\/\/polskaszkolaleuven.eu<\/a><br \/><strong>Mechelen<\/strong> <br \/>&gt;&gt; CVO Crescendo \/ avondonderwijs \/\u00a0<a href=\"http:\/\/www.cvo-crescendo.be\" target=\"_blank\" rel=\"noopener noreferrer\">www.cvo-crescendo.be<\/a> <br \/><strong>Meise<\/strong> <br \/>&gt;&gt; CVO Meise-Jette \/ avondonderwijs \/ <a href=\"http:\/\/www.cvomj.be\/\" target=\"_blank\" rel=\"noopener noreferrer\">http:\/\/www.cvomj.be\/<\/a> <br \/><strong>Sint-Genesius-Rode <\/strong><br \/>&gt;&gt; GLTT \/ dag- en avondonderwijs \/ <a href=\"https:\/\/www.gltt.be\/en\/courses\/language-courses\/polish\" target=\"_blank\" rel=\"noopener noreferrer\">http:\/\/www.gltt.be<\/a> <br \/><strong>Zelzate<\/strong> <br \/>&gt;&gt; CVO ISBO \/ avondonderwijs \/ <a href=\"http:\/\/www.isbo.be\/opleidingen\/talen\/pools\/\" target=\"_blank\" rel=\"noopener noreferrer\">http:\/\/www.isbo.be\/<\/a> <br \/><br \/><strong>Brussel<\/strong> <br \/>&gt;&gt; Berlitz (Louizalaan) \/ cursussen op maat \/ <a href=\"http:\/\/www.berlitz.be\/\" target=\"_blank\" rel=\"noopener noreferrer\">http:\/\/www.berlitz.be\/<br \/><\/a>&gt;&gt; Berlitz (Tervuerenlaan) \/ cursussen op maat \/ <a href=\"http:\/\/www.berlitz.be\/\" target=\"_blank\" rel=\"noopener noreferrer\">http:\/\/www.berlitz.be\/<\/a><br \/>&gt;&gt; Call International \/ cursussen op maat \/ <a href=\"http:\/\/www.callinter.com\/\" target=\"_blank\" rel=\"noopener noreferrer\">http:\/\/www.callinter.com\/<br \/><\/a>&gt;&gt; CVO Meise-Jette \/ avondonderwijs \/ <a href=\"https:\/\/www.cvomj.be\/nl\/talen\/cursussen-pools.php?taalniv=Breakthrough\" target=\"_blank\" rel=\"noopener noreferrer\">http:\/\/www.cvomj.be\/<br \/><\/a>&gt;&gt;\u00a0Europa Language School Brussels \/ Cours priv\u00e9s et cours de groupe \u00e0 la carte \/\u00a0<a href=\"http:\/\/www.elsb.be\/polish-courses-brussels\/\" target=\"_blank\" rel=\"noopener noreferrer\">http:\/\/www.elsb.be\/polish-courses-brussels\/<\/a><br \/>&gt;&gt; GLTT \/ dag- en avondonderwijs \/ <a href=\"https:\/\/www.gltt.be\/en\/courses\/language-courses\/polish\" target=\"_blank\" rel=\"noopener noreferrer\">http:\/\/www.gltt.be<\/a><br \/>&gt;&gt; LC Language Centre \/ cursussen op maat \/ <a href=\"http:\/\/www.lclanguagecentre.com\/\" target=\"_blank\" rel=\"noopener noreferrer\">http:\/\/www.lclanguagecentre.com\/<br \/><\/a>&gt;&gt; Liren International Institute \/ cursussen op maat \/ <a href=\"http:\/\/www.liren.be\/\" target=\"_blank\" rel=\"noopener noreferrer\">http:\/\/www.liren.be\/<\/a> <br \/><br \/><strong>Walloni\u00eb<\/strong> <br \/>&gt;&gt; Klik <a href=\"http:\/\/culturepolonaise.eu\/2,1,19,fr#par1\" target=\"_self\" rel=\"noopener noreferrer\">hier<\/a><\/p>\n<hr \/>\n<p><br \/>&gt;e. <strong>Telefonisch onderwijs <\/strong><br \/><br \/>&gt;&gt; Phone Languages \/ <a href=\"http:\/\/www.phonelanguages.com\/\" target=\"_blank\" rel=\"noopener noreferrer\">http:\/\/www.phonelanguages.com\/<\/a><\/p>\n<hr \/>\n<p><br \/>&gt;f. <strong>Pools leren online <\/strong><br \/><br \/>&gt;&gt; Oneless on-line language courses \/ <a href=\"https:\/\/www.up2europe.eu\/european\/projects\/oneness-on-line-language-courses-for-less-used-languages_120797.html\">https:\/\/www.up2europe.eu\/<\/a><br \/>&gt;&gt; \u201eMisja Krak\u00f3w\u201d (detectivespel) in Mission Europe \/ <a href=\"https:\/\/www.dw.com\/en\/learn-german\/mission-europe\/s-9831\">https:\/\/www.dw.com\/en\/<\/a><br \/>+ Link Misja Krak\u00f3w \/ klik <a href=\"https:\/\/www.dw.com\/en\/learn-german\/misja-krak%C3%B3w-episodes\/s-9835\" target=\"_blank\" rel=\"noopener noreferrer\">hier<\/a><\/p>\n<hr \/>\n<p><br \/>&gt;<a name=\"par2\"><\/a><strong>2. Taalstages en -scholen in Polen<\/strong><br \/>a. <strong>Taalscholen van het universitaire type voor buitenlandse studenten in Polen<\/strong> <br \/><br \/>&gt;&gt; Casimir de Groteuniversiteit te Bydgoszcz \/ <strong>Uniwersytet Kazimierza Wielkiego w Bydgoszczy <br \/><\/strong><a href=\"http:\/\/www.ukw.edu.pl\/\" target=\"_blank\" rel=\"noopener noreferrer\">http:\/\/www.ukw.edu.pl\/<\/a><br \/>+ taalschool : <a href=\"http:\/\/www.ukw.edu.pl\/pokazStrone.php?idStr=60907cc6b78860f120fb&amp;idMenu=a630bb0da24aac6ee9f2\" target=\"_blank\" rel=\"noopener noreferrer\">Centrum Nauczania J\u0119zyka Polskiego dla Obcokrajowc\u00f3w (CNJP)<\/a> <br \/><br \/>&gt;&gt; Jagiellonische Universiteit te Krakau \/ <strong>Uniwersytet Jagiello\u0144ski w Krakowie <\/strong><a href=\"http:\/\/www.uj.edu.pl\/\" target=\"_blank\" rel=\"noopener noreferrer\"><br \/>http:\/\/www.uj.edu.pl\/<br \/><\/a>+ taalschool : <a href=\"http:\/\/www.uj.edu.pl\/SL\/pl\/\" target=\"_blank\" rel=\"noopener noreferrer\">Szko\u0142a J\u0119zyka i Kultury Polskiej<\/a> <br \/><br \/>&gt;&gt; Universiteit van Silezi\u00eb te Katowice \/ <strong>Uniwersytet \u015al\u0105ski w Katowicach<br \/><\/strong><a href=\"http:\/\/www.us.edu.pl\/\" target=\"_blank\" rel=\"noopener noreferrer\">http:\/\/www.us.edu.pl\/<\/a><br \/>+ taalschool : <a href=\"http:\/\/www.sjikp.us.edu.pl\/\" target=\"_blank\" rel=\"noopener noreferrer\">Szko\u0142a j\u0119zyka i kultury polskiej uniwersytet \u015bl\u0105ski, Katowice<\/a> <br \/><br \/>&gt;&gt; Universiteit te \u0141\u00f3d\u017a \/ <strong>Uniwersytet \u0141\u00f3dzki<br \/><\/strong><a href=\"http:\/\/www.uni.lodz.pl\/\" target=\"_blank\" rel=\"noopener noreferrer\">http:\/\/www.uni.lodz.pl\/<br \/><\/a>+ taalschool : <a href=\"http:\/\/www.sjpdc.uni.lodz.pl\/\" target=\"_blank\" rel=\"noopener noreferrer\">School of Polish for Foreigners at the University of \u0141\u00f3d\u017c<\/a><br \/><br \/>&gt;&gt; Katholieke Universiteit Lublin \/ <strong>Katolicki Uniwersytet Lubelski Jana Paw\u0142a II <\/strong><br \/><a href=\"http:\/\/www.kul.pl\/\" target=\"_blank\" rel=\"noopener noreferrer\">http:\/\/www.kul.pl\/<br \/><\/a>+ taalschool : <a href=\"http:\/\/www.kul.pl\/11594.html\" target=\"_blank\" rel=\"noopener noreferrer\">Szko\u0142a J\u0119zyka i Kultury Polskiej<\/a> <br \/><br \/>&gt;&gt; Marie Curie-Sk\u0142odowskauniversiteit te Lublin \/ <strong>Uniwersytet Marii Curie-Sk\u0142odowskiej w Lublinie <br \/><\/strong><a href=\"http:\/\/www.umcs.lublin.pl\/\" target=\"_blank\" rel=\"noopener noreferrer\">http:\/\/www.umcs.lublin.pl\/<\/a><br \/>+ taalschool : <a href=\"http:\/\/www.cjkp.umcs.lublin.pl\/\" target=\"_blank\" rel=\"noopener noreferrer\">Centrum J\u0119zyka i Kultury Polskiej dla Polonii i Cudzoziemc\u00f3w UMCS<\/a> <br \/><br \/>&gt;&gt; Adam Mickiewiczuniversiteit te Pozna\u0144 \/ <strong>Uniwersytet Adama Mickiewicza w Poznaniu<\/strong> <br \/><a href=\"http:\/\/amu.edu.pl\/\" target=\"_blank\" rel=\"noopener noreferrer\">http:\/\/amu.edu.pl\/<\/a><br \/>+ taalschool : <a href=\"http:\/\/www.staff.amu.edu.pl\/~schoolpl\/\" target=\"_blank\" rel=\"noopener noreferrer\">Studium J\u0119zyka i Kultury Polskiej dla Cudzoziemc\u00f3w<\/a> <br \/><br \/>&gt;&gt; Universiteit te Rzesz\u00f3w \/ <strong>Uniwersytet Rzeszowski <br \/><\/strong><a href=\"http:\/\/www.univ.rzeszow.pl\/\" target=\"_blank\" rel=\"noopener noreferrer\">http:\/\/www.univ.rzeszow.pl\/<\/a><br \/>+ taalschool : <a href=\"http:\/\/www.univ.rzeszow.pl\/studenci\/ects0607.php?id=ogolne_informacje\" target=\"_blank\" rel=\"noopener noreferrer\">Centrum Kultury i J\u0119zyka Polskiego dla Polak\u00f3w z Zagranicy i Cudzoziemc\u00f3w POLONUS<\/a><br \/><br \/>&gt;&gt; Nicolaas Copernicusuniversiteit te Toru\u0144 \/ <strong>Uniwersytet Miko\u0142aja Kopernika w Toruniu<\/strong> <br \/><a href=\"http:\/\/www.umk.pl\/\" target=\"_blank\" rel=\"noopener noreferrer\">http:\/\/www.umk.pl\/ <br \/><\/a>+ taalschool : <a href=\"http:\/\/www.fil.umk.pl\/skijpdo\/\" target=\"_blank\" rel=\"noopener noreferrer\">Studium Kultury i J\u0119zyka Polskiego dla Obcokrajowc\u00f3w<\/a><br \/><br \/>&gt;&gt; Universiteit van Warschau \/ <strong>Uniwersytet Warszawski <br \/><\/strong><a href=\"http:\/\/www.uw.edu.pl\/\" target=\"_blank\" rel=\"noopener noreferrer\">http:\/\/www.uw.edu.pl\/ <br \/><\/a>+ taalschool : <a href=\"http:\/\/www.polonicum.uw.edu.pl\/\" target=\"_blank\" rel=\"noopener noreferrer\">Centrum J\u0119zyka Polskiego i Kultury Polskiej dla Cudzoziemc\u00f3w POLONICUM<\/a><br \/><br \/>&gt;&gt; Universiteit van Wroc\u0142aw \/ <strong>Uniwersytet Wroc\u0142awski<\/strong> <br \/><a href=\"http:\/\/www.uni.wroc.pl\/\" target=\"_blank\" rel=\"noopener noreferrer\">http:\/\/www.uni.wroc.pl\/<\/a> <br \/>+ taalschool : <a href=\"http:\/\/www.sjpik.uni.wroc.pl\/\" target=\"_blank\" rel=\"noopener noreferrer\">Szko\u0142a J\u0119zyka Polskiego i Kultury dla Cudzoziemc\u00f3w<\/a><\/p>\n<hr \/>\n<p><br \/>&gt;b. <strong>Taalstages in Polen<\/strong> (Belgische niet-gouvernementele programma\u2019s)<br \/><br \/>&gt;&gt; &#8222;Langues Vivantes&#8221;<br \/><a href=\"http:\/\/taalreizen.com\/taalcursus\" target=\"_blank\" rel=\"noopener noreferrer\">http:\/\/taalreizen.com\/taalcursus<\/a><br \/>Stage voor zakenmensen, volwassenen en studenten \/ gastgezin + les in een talenschool<br \/>+ Voor Krakau, clik <a href=\"http:\/\/taalreizen.com\/taalcursus\/pools\/polen\/krakau\/pools-in-krakau\" target=\"_blank\" rel=\"noopener noreferrer\">HIER<\/a><br \/><br \/>&gt;&gt; Youth for Understanding Bruxelles-Wallonie YFU<br \/><a href=\"http:\/\/www.yfu-belgique.be\/\" target=\"_blank\" rel=\"noopener noreferrer\">http:\/\/www.yfu-belgique.be\/<\/a><br \/>Stage voor jongeren van 15 tot 21 jaar \/ gastgezin + les in een talenschool<br \/>+ In Polen: klik <a href=\"http:\/\/www.yfu-belgique.be\/yfu\/pages\/pays\/pologne.php?id_menu=2\" target=\"_blank\" rel=\"noopener noreferrer\">HIER<\/a><br \/><br \/>&gt;&gt; AILS &#8211; Agency for International Language Study <br \/><a href=\"http:\/\/www.sejours-linguistiques.com\/\" target=\"_blank\" rel=\"noopener noreferrer\">http:\/\/www.sejours-linguistiques.com\/<\/a> <br \/>Stage voor volwassenen \/ verblijf bij een taalleraar <br \/>+ In Polen: klik <a href=\"http:\/\/www.sejours-linguistiques.com\/sejour-linguistique-etudiants-adultes\/cours-professeur\/professeur-europe-de-l-est\/hli.html\" target=\"_blank\" rel=\"noopener noreferrer\">HIER<\/a><\/p>\n","protected":false},"excerpt":{"rendered":"<p>1. In Belgi\u00eb \u00a0 \u00a0 \u00a0a. Volledig universitair talencurriculum, Poolse literatuur en cultuur \u00a0 \u00a0 \u00a0b. Pools in het kader van universitaire studies \u00a0 \u00a0 \u00a0c. Pools avondonderwijs (universitair type) \u00a0 \u00a0 \u00a0d. Andere vormen van taalonderwijs Pools (avondonderwijs, sociale promotie, cursussen op maat) \u00a0 \u00a0 \u00a0 \u00a0 \u00a0 \u00a0A. Vlaanderen \u00a0 \u00a0 \u00a0 \u00a0 [&hellip;]<\/p>\n","protected":false},"author":1,"featured_media":842,"parent":0,"menu_order":0,"comment_status":"closed","ping_status":"closed","template":"","meta":{"inline_featured_image":false,"_monsterinsights_skip_tracking":false,"_monsterinsights_sitenote_active":false,"_monsterinsights_sitenote_note":"","_monsterinsights_sitenote_category":0,"footnotes":""},"class_list":["post-508","page","type-page","status-publish","has-post-thumbnail","hentry"],"yoast_head":"<!-- This site is optimized with the Yoast SEO plugin v24.6 - https:\/\/yoast.com\/wordpress\/plugins\/seo\/ -->\n<title>Pools Leren - Instytut Polski w Brukseli<\/title>\n<meta name=\"robots\" content=\"index, follow, max-snippet:-1, max-image-preview:large, max-video-preview:-1\" \/>\n<link rel=\"canonical\" href=\"https:\/\/instytutpolski.pl\/brussels\/nl\/pools-leren\/\" \/>\n<meta property=\"og:locale\" content=\"pl_PL\" \/>\n<meta property=\"og:type\" content=\"article\" \/>\n<meta property=\"og:title\" content=\"Pools Leren - Instytut Polski w Brukseli\" \/>\n<meta property=\"og:description\" content=\"1. In Belgi\u00eb \u00a0 \u00a0 \u00a0a. Volledig universitair talencurriculum, Poolse literatuur en cultuur \u00a0 \u00a0 \u00a0b. Pools in het kader van universitaire studies \u00a0 \u00a0 \u00a0c. Pools avondonderwijs (universitair type) \u00a0 \u00a0 \u00a0d. Andere vormen van taalonderwijs Pools (avondonderwijs, sociale promotie, cursussen op maat) \u00a0 \u00a0 \u00a0 \u00a0 \u00a0 \u00a0A. Vlaanderen \u00a0 \u00a0 \u00a0 \u00a0 [&hellip;]\" \/>\n<meta property=\"og:url\" content=\"https:\/\/instytutpolski.pl\/brussels\/nl\/pools-leren\/\" \/>\n<meta property=\"og:site_name\" content=\"Instytut Polski w Brukseli\" \/>\n<meta property=\"article:modified_time\" content=\"2020-03-18T10:36:19+00:00\" \/>\n<meta property=\"og:image\" content=\"https:\/\/instytutpolski.pl\/brussels\/wp-content\/uploads\/sites\/4\/2019\/06\/jezyk-polski.jpg\" \/>\n\t<meta property=\"og:image:width\" content=\"1920\" \/>\n\t<meta property=\"og:image:height\" content=\"700\" \/>\n\t<meta property=\"og:image:type\" content=\"image\/jpeg\" \/>\n<meta name=\"twitter:card\" content=\"summary_large_image\" \/>\n<meta name=\"twitter:label1\" content=\"Szacowany czas czytania\" \/>\n\t<meta name=\"twitter:data1\" content=\"4 minuty\" \/>\n<script type=\"application\/ld+json\" class=\"yoast-schema-graph\">{\"@context\":\"https:\/\/schema.org\",\"@graph\":[{\"@type\":\"WebPage\",\"@id\":\"https:\/\/instytutpolski.pl\/brussels\/nl\/pools-leren\/\",\"url\":\"https:\/\/instytutpolski.pl\/brussels\/nl\/pools-leren\/\",\"name\":\"Pools Leren - Instytut Polski w Brukseli\",\"isPartOf\":{\"@id\":\"https:\/\/instytutpolski.pl\/brussels\/#website\"},\"primaryImageOfPage\":{\"@id\":\"https:\/\/instytutpolski.pl\/brussels\/nl\/pools-leren\/#primaryimage\"},\"image\":{\"@id\":\"https:\/\/instytutpolski.pl\/brussels\/nl\/pools-leren\/#primaryimage\"},\"thumbnailUrl\":\"https:\/\/instytutpolski.pl\/brussels\/wp-content\/uploads\/sites\/4\/2019\/06\/jezyk-polski.jpg\",\"datePublished\":\"2019-05-24T11:01:01+00:00\",\"dateModified\":\"2020-03-18T10:36:19+00:00\",\"breadcrumb\":{\"@id\":\"https:\/\/instytutpolski.pl\/brussels\/nl\/pools-leren\/#breadcrumb\"},\"inLanguage\":\"pl-PL\",\"potentialAction\":[{\"@type\":\"ReadAction\",\"target\":[\"https:\/\/instytutpolski.pl\/brussels\/nl\/pools-leren\/\"]}]},{\"@type\":\"ImageObject\",\"inLanguage\":\"pl-PL\",\"@id\":\"https:\/\/instytutpolski.pl\/brussels\/nl\/pools-leren\/#primaryimage\",\"url\":\"https:\/\/instytutpolski.pl\/brussels\/wp-content\/uploads\/sites\/4\/2019\/06\/jezyk-polski.jpg\",\"contentUrl\":\"https:\/\/instytutpolski.pl\/brussels\/wp-content\/uploads\/sites\/4\/2019\/06\/jezyk-polski.jpg\",\"width\":1920,\"height\":700},{\"@type\":\"BreadcrumbList\",\"@id\":\"https:\/\/instytutpolski.pl\/brussels\/nl\/pools-leren\/#breadcrumb\",\"itemListElement\":[{\"@type\":\"ListItem\",\"position\":1,\"name\":\"Home\",\"item\":\"https:\/\/instytutpolski.pl\/brussels\/\"},{\"@type\":\"ListItem\",\"position\":2,\"name\":\"Pools Leren\"}]},{\"@type\":\"WebSite\",\"@id\":\"https:\/\/instytutpolski.pl\/brussels\/#website\",\"url\":\"https:\/\/instytutpolski.pl\/brussels\/\",\"name\":\"Instytut Polski w Brukseli\",\"description\":\"Instytuty Polskie\",\"potentialAction\":[{\"@type\":\"SearchAction\",\"target\":{\"@type\":\"EntryPoint\",\"urlTemplate\":\"https:\/\/instytutpolski.pl\/brussels\/?s={search_term_string}\"},\"query-input\":{\"@type\":\"PropertyValueSpecification\",\"valueRequired\":true,\"valueName\":\"search_term_string\"}}],\"inLanguage\":\"pl-PL\"}]}<\/script>\n<!-- \/ Yoast SEO plugin. -->","yoast_head_json":{"title":"Pools Leren - Instytut Polski w Brukseli","robots":{"index":"index","follow":"follow","max-snippet":"max-snippet:-1","max-image-preview":"max-image-preview:large","max-video-preview":"max-video-preview:-1"},"canonical":"https:\/\/instytutpolski.pl\/brussels\/nl\/pools-leren\/","og_locale":"pl_PL","og_type":"article","og_title":"Pools Leren - Instytut Polski w Brukseli","og_description":"1. In Belgi\u00eb \u00a0 \u00a0 \u00a0a. Volledig universitair talencurriculum, Poolse literatuur en cultuur \u00a0 \u00a0 \u00a0b. Pools in het kader van universitaire studies \u00a0 \u00a0 \u00a0c. Pools avondonderwijs (universitair type) \u00a0 \u00a0 \u00a0d. Andere vormen van taalonderwijs Pools (avondonderwijs, sociale promotie, cursussen op maat) \u00a0 \u00a0 \u00a0 \u00a0 \u00a0 \u00a0A. Vlaanderen \u00a0 \u00a0 \u00a0 \u00a0 [&hellip;]","og_url":"https:\/\/instytutpolski.pl\/brussels\/nl\/pools-leren\/","og_site_name":"Instytut Polski w Brukseli","article_modified_time":"2020-03-18T10:36:19+00:00","og_image":[{"width":1920,"height":700,"url":"https:\/\/instytutpolski.pl\/brussels\/wp-content\/uploads\/sites\/4\/2019\/06\/jezyk-polski.jpg","type":"image\/jpeg"}],"twitter_card":"summary_large_image","twitter_misc":{"Szacowany czas czytania":"4 minuty"},"schema":{"@context":"https:\/\/schema.org","@graph":[{"@type":"WebPage","@id":"https:\/\/instytutpolski.pl\/brussels\/nl\/pools-leren\/","url":"https:\/\/instytutpolski.pl\/brussels\/nl\/pools-leren\/","name":"Pools Leren - Instytut Polski w Brukseli","isPartOf":{"@id":"https:\/\/instytutpolski.pl\/brussels\/#website"},"primaryImageOfPage":{"@id":"https:\/\/instytutpolski.pl\/brussels\/nl\/pools-leren\/#primaryimage"},"image":{"@id":"https:\/\/instytutpolski.pl\/brussels\/nl\/pools-leren\/#primaryimage"},"thumbnailUrl":"https:\/\/instytutpolski.pl\/brussels\/wp-content\/uploads\/sites\/4\/2019\/06\/jezyk-polski.jpg","datePublished":"2019-05-24T11:01:01+00:00","dateModified":"2020-03-18T10:36:19+00:00","breadcrumb":{"@id":"https:\/\/instytutpolski.pl\/brussels\/nl\/pools-leren\/#breadcrumb"},"inLanguage":"pl-PL","potentialAction":[{"@type":"ReadAction","target":["https:\/\/instytutpolski.pl\/brussels\/nl\/pools-leren\/"]}]},{"@type":"ImageObject","inLanguage":"pl-PL","@id":"https:\/\/instytutpolski.pl\/brussels\/nl\/pools-leren\/#primaryimage","url":"https:\/\/instytutpolski.pl\/brussels\/wp-content\/uploads\/sites\/4\/2019\/06\/jezyk-polski.jpg","contentUrl":"https:\/\/instytutpolski.pl\/brussels\/wp-content\/uploads\/sites\/4\/2019\/06\/jezyk-polski.jpg","width":1920,"height":700},{"@type":"BreadcrumbList","@id":"https:\/\/instytutpolski.pl\/brussels\/nl\/pools-leren\/#breadcrumb","itemListElement":[{"@type":"ListItem","position":1,"name":"Home","item":"https:\/\/instytutpolski.pl\/brussels\/"},{"@type":"ListItem","position":2,"name":"Pools Leren"}]},{"@type":"WebSite","@id":"https:\/\/instytutpolski.pl\/brussels\/#website","url":"https:\/\/instytutpolski.pl\/brussels\/","name":"Instytut Polski w Brukseli","description":"Instytuty Polskie","potentialAction":[{"@type":"SearchAction","target":{"@type":"EntryPoint","urlTemplate":"https:\/\/instytutpolski.pl\/brussels\/?s={search_term_string}"},"query-input":{"@type":"PropertyValueSpecification","valueRequired":true,"valueName":"search_term_string"}}],"inLanguage":"pl-PL"}]}},"_links":{"self":[{"href":"https:\/\/instytutpolski.pl\/brussels\/wp-json\/wp\/v2\/pages\/508","targetHints":{"allow":["GET"]}}],"collection":[{"href":"https:\/\/instytutpolski.pl\/brussels\/wp-json\/wp\/v2\/pages"}],"about":[{"href":"https:\/\/instytutpolski.pl\/brussels\/wp-json\/wp\/v2\/types\/page"}],"author":[{"embeddable":true,"href":"https:\/\/instytutpolski.pl\/brussels\/wp-json\/wp\/v2\/users\/1"}],"replies":[{"embeddable":true,"href":"https:\/\/instytutpolski.pl\/brussels\/wp-json\/wp\/v2\/comments?post=508"}],"version-history":[{"count":2,"href":"https:\/\/instytutpolski.pl\/brussels\/wp-json\/wp\/v2\/pages\/508\/revisions"}],"predecessor-version":[{"id":1958,"href":"https:\/\/instytutpolski.pl\/brussels\/wp-json\/wp\/v2\/pages\/508\/revisions\/1958"}],"wp:featuredmedia":[{"embeddable":true,"href":"https:\/\/instytutpolski.pl\/brussels\/wp-json\/wp\/v2\/media\/842"}],"wp:attachment":[{"href":"https:\/\/instytutpolski.pl\/brussels\/wp-json\/wp\/v2\/media?parent=508"}],"curies":[{"name":"wp","href":"https:\/\/api.w.org\/{rel}","templated":true}]}}