{"id":5138,"date":"2020-06-01T00:03:00","date_gmt":"2020-05-31T22:03:00","guid":{"rendered":"https:\/\/instytutpolski.pl\/brussels\/?page_id=5138"},"modified":"2020-06-09T00:50:54","modified_gmt":"2020-06-08T22:50:54","slug":"declaration-daccessibilite","status":"publish","type":"page","link":"https:\/\/instytutpolski.pl\/brussels\/declaration-daccessibilite\/","title":{"rendered":"D\u00e9claration d\u2019accessibilit\u00e9"},"content":{"rendered":"\n<h3><b>D\u00e9claration d&#8217;accessibilit\u00e9 aux services du minist\u00e8re des Affaires \u00e9trang\u00e8res : instytutpolski.pl\/brussels<\/b><\/h3>\n<p id=\"a11y-wstep\"><span id=\"\u201ea11y-podmiot\u201d\">Le minist\u00e8re des Affaires \u00e9trang\u00e8res<\/span> s&#8217;engage \u00e0 assurer la disponibilit\u00e9 de son site web conform\u00e9ment aux dispositions de la loi du 4 avril 2019 sur l&#8217;accessibilit\u00e9 num\u00e9rique des sites web et des applications mobiles des entit\u00e9s pu-bliques. La d\u00e9claration de disponibilit\u00e9 s&#8217;applique au <a id=\"\u201da11y-url\u201d\" href=\"https:\/\/instytutpolski.pl\/brussels\"> site web du minist\u00e8re des affaires \u00e9trang\u00e8res <\/a>.<\/p>\n<p id=\"\u201da11y-data-publikacja\u201d\">Date de publication du site web : 1er juin 2020<\/p>\n<p id=\"\u201da11y-data-aktualizacja\u201d\">Date de la derni\u00e8re grande mise \u00e0 jour : 28 mai 2020<\/p>\n<p>Le site web est partiellement conforme \u00e0 la loi sur l&#8217;accessibilit\u00e9 num\u00e9rique des sites web et des applications mobiles des organismes publics en raison de la non-conformit\u00e9 ou des exclusions \u00e9num\u00e9r\u00e9es ci-dessous.<\/p>\n<p><br \/>Le site web peut contenir des vid\u00e9os qui n&#8217;ont pas \u00e9t\u00e9 sous-titr\u00e9es pour les personnes malenten-dantes. Si vous avez besoin de communiquer sous l&#8217;une des trois formes suivantes Langue des signes polo-naise (PJM), Polonais sign\u00e9 (SJM), ou autres moyens de communication pour les personnes sourdes-muettes (SKOGN), veuillez nous contacter \u00e0 l&#8217;adresse suivante : <a href=\"mailto:bazi.tlumaczenia@msz.gov.pl\">bazi.tlumaczenia@msz.gov.pl<\/a>.<\/p>\n<p>La d\u00e9claration a \u00e9t\u00e9 faite le <span id=\"\u201da11y-data-sporzadzenie\u201d\">2020-05-29<\/span><\/p>\n<p id=\"\u201da11y-audytor\u201d\">La d\u00e9claration a \u00e9t\u00e9 faite sur la base d&#8217;une auto-\u00e9valuation effectu\u00e9e par l\u2019entit\u00e9 publique.<\/p>\n<p>Des raccourcis clavier standard peuvent \u00eatre utilis\u00e9s sur le site web.<\/p>\n<h3 id=\"\u201da11y-kontakt\u201d\"><b>Retour d\u2019information, remarques et coordonn\u00e9es<\/b><\/h3>\n<p>Si vous avez des probl\u00e8mes d&#8217;accessibilit\u00e9 au site web, veuillez nous contacter \u00e0 l&#8217;adresse suivante : <a href=\"http:\/\/redakcja@msz.gov.pl\">redakcja@msz.gov.pl<\/a> ou appelez le <span id=\"\u201da11y-telefon\u201d\">48 22 523 93 56<\/span>. Veuillez utiliser ces coordonn\u00e9es \u00e9galement pour demander des informations qui n&#8217;ont pas \u00e9t\u00e9 mises \u00e0 disposition ou pour d\u00e9poser des plaintes concernant un \u00e9ventuel manque d\u2019accessibilit\u00e9.<\/p>\n<p id=\"\u201da11y-procedura\u201d\">Toute personne a le droit de demander qu&#8217;un site web num\u00e9rique, une application mobile ou toute partie de celui-ci soit rendu accessible. Vous pouvez \u00e9galement demander que des informations soient partag\u00e9es par d&#8217;autres moyens, par exemple en lisant un document inaccessible num\u00e9riquement, en d\u00e9crivant le contenu d&#8217;un film sans description audio, etc. La demande doit inclure les donn\u00e9es personnelles du demandeur, une indication du site web ou de l&#8217;application mobile concern\u00e9 et le moyen de contact pr\u00e9f\u00e9r\u00e9. Si le demandeur a besoin d&#8217;informations par d&#8217;autres moyens, il doit pr\u00e9ciser le moyen qu&#8217;il pr\u00e9f\u00e8re. Une entit\u00e9 publique doit ex\u00e9cuter la demande sans d\u00e9lai, au plus tard 7 jours apr\u00e8s la date de la demande. Si ce d\u00e9lai ne peut \u00eatre respect\u00e9, l&#8217;entit\u00e9 publique doit imm\u00e9diatement informer le demandeur de la date \u00e0 la-quelle la demande sera ex\u00e9cut\u00e9e, cependant le nouveau d\u00e9lai doit \u00eatre respect\u00e9 au plus tard 2 mois \u00e0 compter de la date initiale de la demande. S&#8217;il n&#8217;est pas possible de fournir une accessibilit\u00e9 num\u00e9rique, une entit\u00e9 publique peut proposer un autre moyen d&#8217;acc\u00e9der \u00e0 l&#8217;information. Dans le cas o\u00f9 une entit\u00e9 publique refuse de se conformer \u00e0 une demande d&#8217;accessibilit\u00e9 ou \u00e0 un autre moyen d&#8217;acc\u00e9der \u00e0 l&#8217;information, le demandeur peut d\u00e9poser une plainte concernant l&#8217;accessibilit\u00e9 d&#8217;un site web num\u00e9rique, d&#8217;une application mobile ou d&#8217;un \u00e9l\u00e9ment de site web, ou d&#8217;une application mobile.<\/p>\n<p>Une fois toutes les possibilit\u00e9s \u00e9puis\u00e9es, une plainte peut \u00e9galement \u00eatre d\u00e9pos\u00e9e aupr\u00e8s du <a href=\"https:\/\/www.rpo.gov.pl\/content\/jak-zglosic-sie-do-rzecznika-praw-obywatelskich\"> d\u2019un Ombuds-man.<\/a><\/p>\n<h3 id=\"\u201da11y-architektura\u201d\"><b>D\u00e9claration sur l&#8217;accessibilit\u00e9 des b\u00e2timents<\/b><\/h3>\n<p>En date du 29.05.2020, les locaux de l&#8217;Institut polonais \u00e0 Bruxelles, situ\u00e9s au 29 avenue des Gaulois &#8211; 1040 Bruxelles, au troisi\u00e8me \u00e9tage de l&#8217;Ambassade de Pologne \u00e0 Bruxelles, ne sont pas adapt\u00e9s aux per-sonnes ayant des besoins particuliers conform\u00e9ment \u00e0 la loi du 19 juillet 2019 relative \u00e0 l&#8217;accessibilit\u00e9 des personnes ayant des besoins particuliers.<\/p>\n","protected":false},"excerpt":{"rendered":"<p>D\u00e9claration d&#8217;accessibilit\u00e9 aux services du minist\u00e8re des Affaires \u00e9trang\u00e8res : instytutpolski.pl\/brussels Le minist\u00e8re des Affaires \u00e9trang\u00e8res s&#8217;engage \u00e0 assurer la disponibilit\u00e9 de son site web conform\u00e9ment aux dispositions de la loi du 4 avril 2019 sur l&#8217;accessibilit\u00e9 num\u00e9rique des sites web et des applications mobiles des entit\u00e9s pu-bliques. La d\u00e9claration de disponibilit\u00e9 s&#8217;applique au site [&hellip;]<\/p>\n","protected":false},"author":26,"featured_media":5123,"parent":0,"menu_order":0,"comment_status":"closed","ping_status":"closed","template":"","meta":{"inline_featured_image":false,"_monsterinsights_skip_tracking":false,"_monsterinsights_sitenote_active":false,"_monsterinsights_sitenote_note":"","_monsterinsights_sitenote_category":0,"footnotes":""},"class_list":["post-5138","page","type-page","status-publish","has-post-thumbnail","hentry"],"yoast_head":"<!-- This site is optimized with the Yoast SEO plugin v24.6 - https:\/\/yoast.com\/wordpress\/plugins\/seo\/ -->\n<title>D\u00e9claration d\u2019accessibilit\u00e9 - Instytut Polski w Brukseli<\/title>\n<meta name=\"robots\" content=\"index, follow, max-snippet:-1, max-image-preview:large, max-video-preview:-1\" \/>\n<link rel=\"canonical\" href=\"https:\/\/instytutpolski.pl\/brussels\/declaration-daccessibilite\/\" \/>\n<meta property=\"og:locale\" content=\"pl_PL\" \/>\n<meta property=\"og:type\" content=\"article\" \/>\n<meta property=\"og:title\" content=\"D\u00e9claration d\u2019accessibilit\u00e9 - Instytut Polski w Brukseli\" \/>\n<meta property=\"og:description\" content=\"D\u00e9claration d&#8217;accessibilit\u00e9 aux services du minist\u00e8re des Affaires \u00e9trang\u00e8res : instytutpolski.pl\/brussels Le minist\u00e8re des Affaires \u00e9trang\u00e8res s&#8217;engage \u00e0 assurer la disponibilit\u00e9 de son site web conform\u00e9ment aux dispositions de la loi du 4 avril 2019 sur l&#8217;accessibilit\u00e9 num\u00e9rique des sites web et des applications mobiles des entit\u00e9s pu-bliques. La d\u00e9claration de disponibilit\u00e9 s&#8217;applique au site [&hellip;]\" \/>\n<meta property=\"og:url\" content=\"https:\/\/instytutpolski.pl\/brussels\/declaration-daccessibilite\/\" \/>\n<meta property=\"og:site_name\" content=\"Instytut Polski w Brukseli\" \/>\n<meta property=\"article:modified_time\" content=\"2020-06-08T22:50:54+00:00\" \/>\n<meta property=\"og:image\" content=\"https:\/\/instytutpolski.pl\/brussels\/wp-content\/uploads\/sites\/4\/2020\/06\/1280px-Ambasada_w_Brukseli_3-2.jpg\" \/>\n\t<meta property=\"og:image:width\" content=\"1278\" \/>\n\t<meta property=\"og:image:height\" content=\"713\" \/>\n\t<meta property=\"og:image:type\" content=\"image\/jpeg\" \/>\n<meta name=\"twitter:card\" content=\"summary_large_image\" \/>\n<meta name=\"twitter:label1\" content=\"Szacowany czas czytania\" \/>\n\t<meta name=\"twitter:data1\" content=\"3 minuty\" \/>\n<script type=\"application\/ld+json\" class=\"yoast-schema-graph\">{\"@context\":\"https:\/\/schema.org\",\"@graph\":[{\"@type\":\"WebPage\",\"@id\":\"https:\/\/instytutpolski.pl\/brussels\/declaration-daccessibilite\/\",\"url\":\"https:\/\/instytutpolski.pl\/brussels\/declaration-daccessibilite\/\",\"name\":\"D\u00e9claration d\u2019accessibilit\u00e9 - Instytut Polski w Brukseli\",\"isPartOf\":{\"@id\":\"https:\/\/instytutpolski.pl\/brussels\/#website\"},\"primaryImageOfPage\":{\"@id\":\"https:\/\/instytutpolski.pl\/brussels\/declaration-daccessibilite\/#primaryimage\"},\"image\":{\"@id\":\"https:\/\/instytutpolski.pl\/brussels\/declaration-daccessibilite\/#primaryimage\"},\"thumbnailUrl\":\"https:\/\/instytutpolski.pl\/brussels\/wp-content\/uploads\/sites\/4\/2020\/06\/1280px-Ambasada_w_Brukseli_3-2.jpg\",\"datePublished\":\"2020-05-31T22:03:00+00:00\",\"dateModified\":\"2020-06-08T22:50:54+00:00\",\"breadcrumb\":{\"@id\":\"https:\/\/instytutpolski.pl\/brussels\/declaration-daccessibilite\/#breadcrumb\"},\"inLanguage\":\"pl-PL\",\"potentialAction\":[{\"@type\":\"ReadAction\",\"target\":[\"https:\/\/instytutpolski.pl\/brussels\/declaration-daccessibilite\/\"]}]},{\"@type\":\"ImageObject\",\"inLanguage\":\"pl-PL\",\"@id\":\"https:\/\/instytutpolski.pl\/brussels\/declaration-daccessibilite\/#primaryimage\",\"url\":\"https:\/\/instytutpolski.pl\/brussels\/wp-content\/uploads\/sites\/4\/2020\/06\/1280px-Ambasada_w_Brukseli_3-2.jpg\",\"contentUrl\":\"https:\/\/instytutpolski.pl\/brussels\/wp-content\/uploads\/sites\/4\/2020\/06\/1280px-Ambasada_w_Brukseli_3-2.jpg\",\"width\":1278,\"height\":713},{\"@type\":\"BreadcrumbList\",\"@id\":\"https:\/\/instytutpolski.pl\/brussels\/declaration-daccessibilite\/#breadcrumb\",\"itemListElement\":[{\"@type\":\"ListItem\",\"position\":1,\"name\":\"Home\",\"item\":\"https:\/\/instytutpolski.pl\/brussels\/\"},{\"@type\":\"ListItem\",\"position\":2,\"name\":\"D\u00e9claration d\u2019accessibilit\u00e9\"}]},{\"@type\":\"WebSite\",\"@id\":\"https:\/\/instytutpolski.pl\/brussels\/#website\",\"url\":\"https:\/\/instytutpolski.pl\/brussels\/\",\"name\":\"Instytut Polski w Brukseli\",\"description\":\"Instytuty Polskie\",\"potentialAction\":[{\"@type\":\"SearchAction\",\"target\":{\"@type\":\"EntryPoint\",\"urlTemplate\":\"https:\/\/instytutpolski.pl\/brussels\/?s={search_term_string}\"},\"query-input\":{\"@type\":\"PropertyValueSpecification\",\"valueRequired\":true,\"valueName\":\"search_term_string\"}}],\"inLanguage\":\"pl-PL\"}]}<\/script>\n<!-- \/ Yoast SEO plugin. -->","yoast_head_json":{"title":"D\u00e9claration d\u2019accessibilit\u00e9 - Instytut Polski w Brukseli","robots":{"index":"index","follow":"follow","max-snippet":"max-snippet:-1","max-image-preview":"max-image-preview:large","max-video-preview":"max-video-preview:-1"},"canonical":"https:\/\/instytutpolski.pl\/brussels\/declaration-daccessibilite\/","og_locale":"pl_PL","og_type":"article","og_title":"D\u00e9claration d\u2019accessibilit\u00e9 - Instytut Polski w Brukseli","og_description":"D\u00e9claration d&#8217;accessibilit\u00e9 aux services du minist\u00e8re des Affaires \u00e9trang\u00e8res : instytutpolski.pl\/brussels Le minist\u00e8re des Affaires \u00e9trang\u00e8res s&#8217;engage \u00e0 assurer la disponibilit\u00e9 de son site web conform\u00e9ment aux dispositions de la loi du 4 avril 2019 sur l&#8217;accessibilit\u00e9 num\u00e9rique des sites web et des applications mobiles des entit\u00e9s pu-bliques. La d\u00e9claration de disponibilit\u00e9 s&#8217;applique au site [&hellip;]","og_url":"https:\/\/instytutpolski.pl\/brussels\/declaration-daccessibilite\/","og_site_name":"Instytut Polski w Brukseli","article_modified_time":"2020-06-08T22:50:54+00:00","og_image":[{"width":1278,"height":713,"url":"https:\/\/instytutpolski.pl\/brussels\/wp-content\/uploads\/sites\/4\/2020\/06\/1280px-Ambasada_w_Brukseli_3-2.jpg","type":"image\/jpeg"}],"twitter_card":"summary_large_image","twitter_misc":{"Szacowany czas czytania":"3 minuty"},"schema":{"@context":"https:\/\/schema.org","@graph":[{"@type":"WebPage","@id":"https:\/\/instytutpolski.pl\/brussels\/declaration-daccessibilite\/","url":"https:\/\/instytutpolski.pl\/brussels\/declaration-daccessibilite\/","name":"D\u00e9claration d\u2019accessibilit\u00e9 - Instytut Polski w Brukseli","isPartOf":{"@id":"https:\/\/instytutpolski.pl\/brussels\/#website"},"primaryImageOfPage":{"@id":"https:\/\/instytutpolski.pl\/brussels\/declaration-daccessibilite\/#primaryimage"},"image":{"@id":"https:\/\/instytutpolski.pl\/brussels\/declaration-daccessibilite\/#primaryimage"},"thumbnailUrl":"https:\/\/instytutpolski.pl\/brussels\/wp-content\/uploads\/sites\/4\/2020\/06\/1280px-Ambasada_w_Brukseli_3-2.jpg","datePublished":"2020-05-31T22:03:00+00:00","dateModified":"2020-06-08T22:50:54+00:00","breadcrumb":{"@id":"https:\/\/instytutpolski.pl\/brussels\/declaration-daccessibilite\/#breadcrumb"},"inLanguage":"pl-PL","potentialAction":[{"@type":"ReadAction","target":["https:\/\/instytutpolski.pl\/brussels\/declaration-daccessibilite\/"]}]},{"@type":"ImageObject","inLanguage":"pl-PL","@id":"https:\/\/instytutpolski.pl\/brussels\/declaration-daccessibilite\/#primaryimage","url":"https:\/\/instytutpolski.pl\/brussels\/wp-content\/uploads\/sites\/4\/2020\/06\/1280px-Ambasada_w_Brukseli_3-2.jpg","contentUrl":"https:\/\/instytutpolski.pl\/brussels\/wp-content\/uploads\/sites\/4\/2020\/06\/1280px-Ambasada_w_Brukseli_3-2.jpg","width":1278,"height":713},{"@type":"BreadcrumbList","@id":"https:\/\/instytutpolski.pl\/brussels\/declaration-daccessibilite\/#breadcrumb","itemListElement":[{"@type":"ListItem","position":1,"name":"Home","item":"https:\/\/instytutpolski.pl\/brussels\/"},{"@type":"ListItem","position":2,"name":"D\u00e9claration d\u2019accessibilit\u00e9"}]},{"@type":"WebSite","@id":"https:\/\/instytutpolski.pl\/brussels\/#website","url":"https:\/\/instytutpolski.pl\/brussels\/","name":"Instytut Polski w Brukseli","description":"Instytuty Polskie","potentialAction":[{"@type":"SearchAction","target":{"@type":"EntryPoint","urlTemplate":"https:\/\/instytutpolski.pl\/brussels\/?s={search_term_string}"},"query-input":{"@type":"PropertyValueSpecification","valueRequired":true,"valueName":"search_term_string"}}],"inLanguage":"pl-PL"}]}},"_links":{"self":[{"href":"https:\/\/instytutpolski.pl\/brussels\/wp-json\/wp\/v2\/pages\/5138","targetHints":{"allow":["GET"]}}],"collection":[{"href":"https:\/\/instytutpolski.pl\/brussels\/wp-json\/wp\/v2\/pages"}],"about":[{"href":"https:\/\/instytutpolski.pl\/brussels\/wp-json\/wp\/v2\/types\/page"}],"author":[{"embeddable":true,"href":"https:\/\/instytutpolski.pl\/brussels\/wp-json\/wp\/v2\/users\/26"}],"replies":[{"embeddable":true,"href":"https:\/\/instytutpolski.pl\/brussels\/wp-json\/wp\/v2\/comments?post=5138"}],"version-history":[{"count":1,"href":"https:\/\/instytutpolski.pl\/brussels\/wp-json\/wp\/v2\/pages\/5138\/revisions"}],"predecessor-version":[{"id":5139,"href":"https:\/\/instytutpolski.pl\/brussels\/wp-json\/wp\/v2\/pages\/5138\/revisions\/5139"}],"wp:featuredmedia":[{"embeddable":true,"href":"https:\/\/instytutpolski.pl\/brussels\/wp-json\/wp\/v2\/media\/5123"}],"wp:attachment":[{"href":"https:\/\/instytutpolski.pl\/brussels\/wp-json\/wp\/v2\/media?parent=5138"}],"curies":[{"name":"wp","href":"https:\/\/api.w.org\/{rel}","templated":true}]}}