{"id":544,"date":"2019-05-24T14:35:52","date_gmt":"2019-05-24T12:35:52","guid":{"rendered":"https:\/\/instytutpolski.pl\/bruksela\/?page_id=544"},"modified":"2020-04-28T15:12:20","modified_gmt":"2020-04-28T13:12:20","slug":"autres-liens","status":"publish","type":"page","link":"https:\/\/instytutpolski.pl\/brussels\/autres-liens\/","title":{"rendered":"Institutions culturelles en Pologne"},"content":{"rendered":"\n<p><strong>Sites g\u00e9n\u00e9raux s<\/strong><strong>ur la culture polonaise actuelle<\/strong><br \/><a href=\"http:\/\/www.culture.pl\/en\/culture\/\" target=\"_blank\" rel=\"noopener noreferrer\">http:\/\/www.culture.pl<\/a><br \/><br \/>Festival \u0141\u00f3d\u017a des quatre Cultures<br \/><a href=\"http:\/\/www.4kultury.pl\/?ln=en\" target=\"_blank\" rel=\"noopener noreferrer\">http:\/\/www.4kultury.pl<\/a><br \/><br \/>Centre culturel international de Cracovie<br \/><a href=\"http:\/\/mck.krakow.pl\/\" target=\"_blank\" rel=\"noopener noreferrer\">http:\/\/www.mck.krakow.pl<\/a><br \/><br \/>Institut national de l&#8217;Audiovisuel<br \/><a href=\"http:\/\/nina.gov.pl\/en\/\" target=\"_blank\" rel=\"noopener noreferrer\">http:\/\/www.nina.gov.pl<\/a><br \/><strong><br \/>Patrimoine<\/strong><br \/>Office national d&#8217;\u00e9tudes et de documentation sur les monuments<br \/><a href=\"http:\/\/www.nid.pl\/en\/\">http:\/\/www.nid.pl<\/a><br \/><strong><br \/>Th\u00e9\u00e2tre<\/strong><br \/>Institut th\u00e9\u00e2tral Zbigniew Raszewski<br \/><a href=\"http:\/\/en.instytut-teatralny.pl\/\" target=\"_blank\" rel=\"noopener noreferrer\">http:\/\/www.instytut-teatralny.pl<\/a><br \/><br \/>Cricoth\u00e8que. Centre de Documentation th\u00e9\u00e2trale de Tadeusz Kantor<br \/><a href=\"http:\/\/www.cricoteka.pl\/pl\/en\/\" target=\"_blank\" rel=\"noopener noreferrer\">http:\/\/www.cricoteka.pl<\/a><br \/><br \/>Institut Jerzy Grotowski<br \/><a href=\"http:\/\/en.grotowski-institute.art.pl\/\" target=\"_blank\" rel=\"noopener noreferrer\">http:\/\/www.grotowski-institute.art.pl<\/a><br \/><br \/>Festival th\u00e9\u00e2tral international \u00ab\u00a0Dialog-Wroc\u0142aw\u00a0\u00bb<br \/><a href=\"https:\/\/dialogfestival.pl\/en\/\" target=\"_blank\" rel=\"noopener noreferrer\">http:\/\/www.dialogfestival.pl<\/a><br \/><br \/>TR Warszawa<br \/><a href=\"http:\/\/www.trwarszawa.pl\/en\" target=\"_blank\" rel=\"noopener noreferrer\">http:\/\/www.trwarszawa.pl<\/a><br \/><br \/>Th\u00e9\u00e2tre dramatique de la ville de Varsovie<br \/><a href=\"http:\/\/www.teatrdramatyczny.pl\/\" target=\"_blank\" rel=\"noopener noreferrer\">http:\/\/www.teatrdramatyczny.pl<\/a>\u00a0\u00a0<br \/><br \/>Nouveau Th\u00e9\u00e2tre de Varsovie<br \/><a href=\"http:\/\/www.nowy.pl\/item\/1\/lang\/pl\" target=\"_blank\" rel=\"noopener noreferrer\">http:\/\/www.nowy.pl<\/a><br \/><br \/>Vieux Th\u00e9\u00e2tre de Cracovie<br \/><a href=\"https:\/\/stary.pl\/en\/\" target=\"_blank\" rel=\"noopener noreferrer\">https:\/\/stary.pl<\/a><br \/><br \/>Grand Th\u00e9\u00e2tre &#8211; Op\u00e9ra national<br \/><a href=\"http:\/\/www.teatrwielki.pl\/en.html\" target=\"_blank\" rel=\"noopener noreferrer\">http:\/\/www.teatrwielki.pl<\/a>\u00a0\u00a0<br \/><br \/>Th\u00e9\u00e2tre de marionnettes de Bia\u0142ystok<br \/><a href=\"https:\/\/www.btl.bialystok.pl\/\" target=\"_blank\" rel=\"noopener noreferrer\">https:\/\/www.btl.bialystok.pl<\/a><br \/><strong><br \/>Cin\u00e9ma<\/strong><br \/>Institut polonais d&#8217;Art cin\u00e9matographique<br \/><a href=\"http:\/\/www.pisf.pl\/en\/\" target=\"_blank\" rel=\"noopener noreferrer\">http:\/\/www.pisf.pl<\/a>\u00a0\u00a0<br \/><br \/>Filmoth\u00e8que nationale<br \/><a href=\"http:\/\/www.fn.org.pl\/en.html\" target=\"_blank\" rel=\"noopener noreferrer\">http:\/\/www.fn.org.pl<\/a><br \/><br \/>Festival du film polonais de fiction de Gdynia<br \/><a href=\"http:\/\/www.festiwalgdynia.pl\/en\/\" target=\"_blank\" rel=\"noopener noreferrer\">http:\/\/www.festiwalgdynia.pl<\/a><br \/><br \/>Festival internationale\u00a0<em>Nouveaux horizons<\/em><br \/><a href=\"http:\/\/www.nowehoryzonty.pl\/\" target=\"_blank\" rel=\"noopener noreferrer\">http:\/\/www.nowehoryzonty.pl<\/a><br \/><br \/>Festival du film de Varsovie<br \/><a href=\"https:\/\/wff.pl\/en\/\" target=\"_blank\" rel=\"noopener noreferrer\">http:\/\/www.wff.pl<\/a><br \/><strong><br \/>Musique<\/strong><br \/>Institut national Fr\u00e9d\u00e9ric Chopin<br \/><a href=\"http:\/\/en.chopin.nifc.pl\/institute\/\" target=\"_blank\" rel=\"noopener noreferrer\">http:\/\/pl.chopin.nifc.pl<\/a>\u00a0\u00a0<br \/><br \/>Centre polonais d&#8217;information musicale<br \/><a href=\"http:\/\/www.polmic.pl\/index.php?lang=en\" target=\"_blank\" rel=\"noopener noreferrer\">http:\/\/www.polmic.pl<\/a>\u00a0\u00a0<br \/><br \/>\u00ab\u00a0Automne varsovien\u00a0\u00bb, Festival international de Musique contemporaine<br \/><a href=\"http:\/\/warszawska-jesien.art.pl\/\" target=\"_blank\" rel=\"noopener noreferrer\">http:\/\/www.warsaw-autumn.art.pl<\/a><br \/><br \/>Concours \u00ab\u00a0Fr\u00e9d\u00e9ric Chopin\u00a0\u00bb\u00a0: Concours international de piano<br \/><a href=\"http:\/\/en.chopin.nifc.pl\/institute\/chopincompetition\/info\" target=\"_blank\" rel=\"noopener noreferrer\">http:\/\/en.chopin.nifc.pl<\/a><br \/><br \/>Concours \u00ab\u00a0Henri Wieniawski\u00a0\u00bb\u00a0: Concours international de violon<br \/><a href=\"http:\/\/www.wieniawski.com\/\" target=\"_blank\" rel=\"noopener noreferrer\">http:\/\/www.wieniawski.com<\/a><br \/><br \/>Festival international\u00a0\u00ab\u00a0Wratislavia Cantans\u00a0\u00bb<br \/><a href=\"http:\/\/www.wratislaviacantans.pl\/?lang=en\" target=\"_blank\" rel=\"noopener noreferrer\">http:\/\/www.wratislavia.art.pl<\/a>\u00a0\u00a0<br \/><br \/>Op\u00e9ra de Wroc\u0142aw<br \/><a href=\"http:\/\/www.opera.wroclaw.pl\/1\/index.php?lang=_en\/\" target=\"_blank\" rel=\"noopener noreferrer\">http:\/\/www.opera.wroclaw.pl<\/a>\u00a0\u00a0<br \/><br \/>Orchestre philharmonique national<br \/><a href=\"http:\/\/filharmonia.pl\/strona-glowna_en\/\" target=\"_blank\" rel=\"noopener noreferrer\">http:\/\/filharmonia.pl<\/a><br \/><br \/>Orchestre philharmonique polonais de la Baltique \u00ab\u00a0Fr\u00e9d\u00e9ric Chopin\u00a0\u00bb<br \/><a href=\"http:\/\/www.filharmonia.gda.pl\/index.php?lang=8\" target=\"_blank\" rel=\"noopener noreferrer\">http:\/\/www.filharmonia.gda.pl<\/a>\u00a0\u00a0<br \/><br \/>Orchestre philharmonique \u00ab\u00a0Karol Szymanowski\u00a0\u00bb de Cracovie<br \/><a href=\"http:\/\/www.filharmonia.krakow.pl\/?l=2\" target=\"_blank\" rel=\"noopener noreferrer\">http:\/\/www.filharmonia.krakow.pl<\/a>\u00a0\u00a0<br \/><br \/>\u00ab\u00a0Op\u00e9ra cracovien\u00a0\u00bb de Cracovie<br \/><a href=\"https:\/\/www.opera.krakow.pl\/en\" target=\"_blank\" rel=\"noopener noreferrer\">http:\/\/www.opera.krakow.pl<\/a><br \/><br \/>Orchestre philharmonique \u00ab\u00a0Tadeusz Szeligowski\u00a0\u00bb de Pozna\u0144<br \/><a href=\"http:\/\/www.filharmoniapoznanska.pl\/en\" target=\"_blank\" rel=\"noopener noreferrer\">http:\/\/www.filharmonia.poznan.pl<\/a>\u00a0\u00a0<br \/><strong><br \/>Litt\u00e9rature<\/strong><br \/>Institut du Livre<br \/><a href=\"http:\/\/instytutksiazki.pl\/en\/\" target=\"_blank\" rel=\"noopener noreferrer\">http:\/\/instytutksiazki.pl\/<\/a><br \/><br \/>Filiale varsovienne<br \/>e-mail\u00a0:\u00a0<a href=\"mailto:warszawa@instytutksiazki.pl\">warszawa@instytutksiazki.pl<\/a><br \/><br \/>Biblioth\u00e8que Nationale<br \/><a href=\"http:\/\/www.bn.org.pl\/en\/\" target=\"_blank\" rel=\"noopener noreferrer\">http:\/\/www.bn.org.pl<\/a>\u00a0\u00a0<br \/><br \/>Fonds national \u00ab\u00a0Ossoli\u0144ski\u00a0\u00bb<br \/><a href=\"https:\/\/ossolineum.pl\/index.php\/english\" target=\"_blank\" rel=\"noopener noreferrer\">https:\/\/ossolineum.pl<\/a>\u00a0\u00a0<br \/><br \/>Biblioth\u00e8que Jagellonne de Cracovie<br \/><a href=\"http:\/\/www.bj.uj.edu.pl\/en_GB\/start-en\" target=\"_blank\" rel=\"noopener noreferrer\">http:\/\/www.bj.uj.edu.pl<\/a><br \/><br \/>Institut de Recherche litt\u00e9raire de l&#8217;Acad\u00e9mie polonaise des Sciences<br \/><a href=\"http:\/\/ibl.waw.pl\/en\/start\" target=\"_blank\" rel=\"noopener noreferrer\">http:\/\/www.ibl.waw.pl<\/a>\u00a0\u00a0<br \/><strong><br \/>Arts visuels<\/strong><br \/>Mus\u00e9e national de Varsovie<br \/><a href=\"http:\/\/www.mnw.art.pl\/index.php\/en\/\" target=\"_blank\" rel=\"noopener noreferrer\">http:\/\/www.mnw.art.pl<\/a>\u00a0\u00a0<br \/><br \/>Mus\u00e9e national de Cracovie<br \/><a href=\"http:\/\/www.muzeum.krakow.pl\/?L=1\" target=\"_blank\" rel=\"noopener noreferrer\">http:\/\/www.muzeum.krakow.pl<\/a>\u00a0\u00a0<br \/><br \/>Mus\u00e9e national de Wroclaw<br \/><a href=\"http:\/\/www.en.mnwr.art.pl\/\" target=\"_blank\" rel=\"noopener noreferrer\">http:\/\/www.mnwr.art.pl<\/a>\u00a0\u00a0<br \/><br \/>Galerie nationale d&#8217;Art \u00ab\u00a0Zach\u0119ta\u00a0\u00bb de Varsovie<br \/><a href=\"https:\/\/zacheta.art.pl\/en\" target=\"_blank\" rel=\"noopener noreferrer\">http:\/\/www.zacheta.art.pl<\/a><br \/><br \/>Centre d&#8217;Art contemporain \u00ab\u00a0Ch\u00e2teau Ujazdowski\u00a0\u00bb de Varsovie<br \/><a href=\"http:\/\/u-jazdowski.pl\/en\/main\" target=\"_blank\" rel=\"noopener noreferrer\">http:\/\/u-jazdowski.pl<\/a><br \/><br \/>Centre d&#8217;Art contemporain de Toru\u0144<br \/><a href=\"http:\/\/en.csw.torun.pl\/\" target=\"_blank\" rel=\"noopener noreferrer\">http:\/\/www.csw.torun.pl<\/a>\u00a0\u00a0<br \/><br \/>Galerie \u00ab\u00a0Arsenal\u00a0\u00bb de Bialystok<br \/><a href=\"http:\/\/galeria-arsenal.pl\/\" target=\"_blank\" rel=\"noopener noreferrer\">http:\/\/www.galeria-arsenal.pl<\/a>\u00a0\u00a0<br \/><br \/>\u00ab\u00a0Bunker de l&#8217;Art\u00a0\u00bb de Cracovie<br \/><a href=\"http:\/\/bunkier.art.pl\/?lang=en\" target=\"_blank\" rel=\"noopener noreferrer\">http:\/\/www.bunkier.art.pl<\/a>\u00a0\u00a0<br \/><br \/>Centre d&#8217;Art contemporain \u00ab\u00a0\u0141a\u017ania\u00a0\u00bb de Gdansk<br \/><a href=\"http:\/\/www.laznia.pl\/index.php?&amp;lang=en\" target=\"_blank\" rel=\"noopener noreferrer\">http:\/\/www.laznia.pl<\/a><\/p>\n","protected":false},"excerpt":{"rendered":"<p>Sites g\u00e9n\u00e9raux sur la culture polonaise actuellehttp:\/\/www.culture.pl Festival \u0141\u00f3d\u017a des quatre Cultureshttp:\/\/www.4kultury.pl Centre culturel international de Cracoviehttp:\/\/www.mck.krakow.pl Institut national de l&#8217;Audiovisuelhttp:\/\/www.nina.gov.plPatrimoineOffice national d&#8217;\u00e9tudes et de documentation sur les monumentshttp:\/\/www.nid.plTh\u00e9\u00e2treInstitut th\u00e9\u00e2tral Zbigniew Raszewskihttp:\/\/www.instytut-teatralny.pl Cricoth\u00e8que. Centre de Documentation th\u00e9\u00e2trale de Tadeusz Kantorhttp:\/\/www.cricoteka.pl Institut Jerzy Grotowskihttp:\/\/www.grotowski-institute.art.pl Festival th\u00e9\u00e2tral international \u00ab\u00a0Dialog-Wroc\u0142aw\u00a0\u00bbhttp:\/\/www.dialogfestival.pl TR Warszawahttp:\/\/www.trwarszawa.pl Th\u00e9\u00e2tre dramatique de la ville de [&hellip;]<\/p>\n","protected":false},"author":1,"featured_media":0,"parent":0,"menu_order":0,"comment_status":"closed","ping_status":"closed","template":"","meta":{"inline_featured_image":false,"_monsterinsights_skip_tracking":false,"_monsterinsights_sitenote_active":false,"_monsterinsights_sitenote_note":"","_monsterinsights_sitenote_category":0,"footnotes":""},"class_list":["post-544","page","type-page","status-publish","hentry"],"yoast_head":"<!-- This site is optimized with the Yoast SEO plugin v24.6 - https:\/\/yoast.com\/wordpress\/plugins\/seo\/ -->\n<title>Institutions culturelles en Pologne - Instytut Polski w Brukseli<\/title>\n<meta name=\"robots\" content=\"index, follow, max-snippet:-1, max-image-preview:large, max-video-preview:-1\" \/>\n<link rel=\"canonical\" href=\"https:\/\/instytutpolski.pl\/brussels\/autres-liens\/\" \/>\n<meta property=\"og:locale\" content=\"pl_PL\" \/>\n<meta property=\"og:type\" content=\"article\" \/>\n<meta property=\"og:title\" content=\"Institutions culturelles en Pologne - Instytut Polski w Brukseli\" \/>\n<meta property=\"og:description\" content=\"Sites g\u00e9n\u00e9raux sur la culture polonaise actuellehttp:\/\/www.culture.pl Festival \u0141\u00f3d\u017a des quatre Cultureshttp:\/\/www.4kultury.pl Centre culturel international de Cracoviehttp:\/\/www.mck.krakow.pl Institut national de l&#8217;Audiovisuelhttp:\/\/www.nina.gov.plPatrimoineOffice national d&#8217;\u00e9tudes et de documentation sur les monumentshttp:\/\/www.nid.plTh\u00e9\u00e2treInstitut th\u00e9\u00e2tral Zbigniew Raszewskihttp:\/\/www.instytut-teatralny.pl Cricoth\u00e8que. Centre de Documentation th\u00e9\u00e2trale de Tadeusz Kantorhttp:\/\/www.cricoteka.pl Institut Jerzy Grotowskihttp:\/\/www.grotowski-institute.art.pl Festival th\u00e9\u00e2tral international \u00ab\u00a0Dialog-Wroc\u0142aw\u00a0\u00bbhttp:\/\/www.dialogfestival.pl TR Warszawahttp:\/\/www.trwarszawa.pl Th\u00e9\u00e2tre dramatique de la ville de [&hellip;]\" \/>\n<meta property=\"og:url\" content=\"https:\/\/instytutpolski.pl\/brussels\/autres-liens\/\" \/>\n<meta property=\"og:site_name\" content=\"Instytut Polski w Brukseli\" \/>\n<meta property=\"article:modified_time\" content=\"2020-04-28T13:12:20+00:00\" \/>\n<meta name=\"twitter:card\" content=\"summary_large_image\" \/>\n<meta name=\"twitter:label1\" content=\"Szacowany czas czytania\" \/>\n\t<meta name=\"twitter:data1\" content=\"2 minuty\" \/>\n<script type=\"application\/ld+json\" class=\"yoast-schema-graph\">{\"@context\":\"https:\/\/schema.org\",\"@graph\":[{\"@type\":\"WebPage\",\"@id\":\"https:\/\/instytutpolski.pl\/brussels\/autres-liens\/\",\"url\":\"https:\/\/instytutpolski.pl\/brussels\/autres-liens\/\",\"name\":\"Institutions culturelles en Pologne - Instytut Polski w Brukseli\",\"isPartOf\":{\"@id\":\"https:\/\/instytutpolski.pl\/brussels\/#website\"},\"datePublished\":\"2019-05-24T12:35:52+00:00\",\"dateModified\":\"2020-04-28T13:12:20+00:00\",\"breadcrumb\":{\"@id\":\"https:\/\/instytutpolski.pl\/brussels\/autres-liens\/#breadcrumb\"},\"inLanguage\":\"pl-PL\",\"potentialAction\":[{\"@type\":\"ReadAction\",\"target\":[\"https:\/\/instytutpolski.pl\/brussels\/autres-liens\/\"]}]},{\"@type\":\"BreadcrumbList\",\"@id\":\"https:\/\/instytutpolski.pl\/brussels\/autres-liens\/#breadcrumb\",\"itemListElement\":[{\"@type\":\"ListItem\",\"position\":1,\"name\":\"Home\",\"item\":\"https:\/\/instytutpolski.pl\/brussels\/\"},{\"@type\":\"ListItem\",\"position\":2,\"name\":\"Institutions culturelles en Pologne\"}]},{\"@type\":\"WebSite\",\"@id\":\"https:\/\/instytutpolski.pl\/brussels\/#website\",\"url\":\"https:\/\/instytutpolski.pl\/brussels\/\",\"name\":\"Instytut Polski w Brukseli\",\"description\":\"Instytuty Polskie\",\"potentialAction\":[{\"@type\":\"SearchAction\",\"target\":{\"@type\":\"EntryPoint\",\"urlTemplate\":\"https:\/\/instytutpolski.pl\/brussels\/?s={search_term_string}\"},\"query-input\":{\"@type\":\"PropertyValueSpecification\",\"valueRequired\":true,\"valueName\":\"search_term_string\"}}],\"inLanguage\":\"pl-PL\"}]}<\/script>\n<!-- \/ Yoast SEO plugin. -->","yoast_head_json":{"title":"Institutions culturelles en Pologne - Instytut Polski w Brukseli","robots":{"index":"index","follow":"follow","max-snippet":"max-snippet:-1","max-image-preview":"max-image-preview:large","max-video-preview":"max-video-preview:-1"},"canonical":"https:\/\/instytutpolski.pl\/brussels\/autres-liens\/","og_locale":"pl_PL","og_type":"article","og_title":"Institutions culturelles en Pologne - Instytut Polski w Brukseli","og_description":"Sites g\u00e9n\u00e9raux sur la culture polonaise actuellehttp:\/\/www.culture.pl Festival \u0141\u00f3d\u017a des quatre Cultureshttp:\/\/www.4kultury.pl Centre culturel international de Cracoviehttp:\/\/www.mck.krakow.pl Institut national de l&#8217;Audiovisuelhttp:\/\/www.nina.gov.plPatrimoineOffice national d&#8217;\u00e9tudes et de documentation sur les monumentshttp:\/\/www.nid.plTh\u00e9\u00e2treInstitut th\u00e9\u00e2tral Zbigniew Raszewskihttp:\/\/www.instytut-teatralny.pl Cricoth\u00e8que. Centre de Documentation th\u00e9\u00e2trale de Tadeusz Kantorhttp:\/\/www.cricoteka.pl Institut Jerzy Grotowskihttp:\/\/www.grotowski-institute.art.pl Festival th\u00e9\u00e2tral international \u00ab\u00a0Dialog-Wroc\u0142aw\u00a0\u00bbhttp:\/\/www.dialogfestival.pl TR Warszawahttp:\/\/www.trwarszawa.pl Th\u00e9\u00e2tre dramatique de la ville de [&hellip;]","og_url":"https:\/\/instytutpolski.pl\/brussels\/autres-liens\/","og_site_name":"Instytut Polski w Brukseli","article_modified_time":"2020-04-28T13:12:20+00:00","twitter_card":"summary_large_image","twitter_misc":{"Szacowany czas czytania":"2 minuty"},"schema":{"@context":"https:\/\/schema.org","@graph":[{"@type":"WebPage","@id":"https:\/\/instytutpolski.pl\/brussels\/autres-liens\/","url":"https:\/\/instytutpolski.pl\/brussels\/autres-liens\/","name":"Institutions culturelles en Pologne - Instytut Polski w Brukseli","isPartOf":{"@id":"https:\/\/instytutpolski.pl\/brussels\/#website"},"datePublished":"2019-05-24T12:35:52+00:00","dateModified":"2020-04-28T13:12:20+00:00","breadcrumb":{"@id":"https:\/\/instytutpolski.pl\/brussels\/autres-liens\/#breadcrumb"},"inLanguage":"pl-PL","potentialAction":[{"@type":"ReadAction","target":["https:\/\/instytutpolski.pl\/brussels\/autres-liens\/"]}]},{"@type":"BreadcrumbList","@id":"https:\/\/instytutpolski.pl\/brussels\/autres-liens\/#breadcrumb","itemListElement":[{"@type":"ListItem","position":1,"name":"Home","item":"https:\/\/instytutpolski.pl\/brussels\/"},{"@type":"ListItem","position":2,"name":"Institutions culturelles en Pologne"}]},{"@type":"WebSite","@id":"https:\/\/instytutpolski.pl\/brussels\/#website","url":"https:\/\/instytutpolski.pl\/brussels\/","name":"Instytut Polski w Brukseli","description":"Instytuty Polskie","potentialAction":[{"@type":"SearchAction","target":{"@type":"EntryPoint","urlTemplate":"https:\/\/instytutpolski.pl\/brussels\/?s={search_term_string}"},"query-input":{"@type":"PropertyValueSpecification","valueRequired":true,"valueName":"search_term_string"}}],"inLanguage":"pl-PL"}]}},"_links":{"self":[{"href":"https:\/\/instytutpolski.pl\/brussels\/wp-json\/wp\/v2\/pages\/544","targetHints":{"allow":["GET"]}}],"collection":[{"href":"https:\/\/instytutpolski.pl\/brussels\/wp-json\/wp\/v2\/pages"}],"about":[{"href":"https:\/\/instytutpolski.pl\/brussels\/wp-json\/wp\/v2\/types\/page"}],"author":[{"embeddable":true,"href":"https:\/\/instytutpolski.pl\/brussels\/wp-json\/wp\/v2\/users\/1"}],"replies":[{"embeddable":true,"href":"https:\/\/instytutpolski.pl\/brussels\/wp-json\/wp\/v2\/comments?post=544"}],"version-history":[{"count":2,"href":"https:\/\/instytutpolski.pl\/brussels\/wp-json\/wp\/v2\/pages\/544\/revisions"}],"predecessor-version":[{"id":2606,"href":"https:\/\/instytutpolski.pl\/brussels\/wp-json\/wp\/v2\/pages\/544\/revisions\/2606"}],"wp:attachment":[{"href":"https:\/\/instytutpolski.pl\/brussels\/wp-json\/wp\/v2\/media?parent=544"}],"curies":[{"name":"wp","href":"https:\/\/api.w.org\/{rel}","templated":true}]}}