{"id":760,"date":"2019-06-25T14:40:24","date_gmt":"2019-06-25T12:40:24","guid":{"rendered":"https:\/\/instytutpolski.pl\/bruksela\/?page_id=760"},"modified":"2020-06-01T10:19:54","modified_gmt":"2020-06-01T08:19:54","slug":"bourses-detudes-en-pologne","status":"publish","type":"page","link":"https:\/\/instytutpolski.pl\/brussels\/bourses-detudes-en-pologne\/","title":{"rendered":"Bourses d&#8217;\u00e9tudes et programmes de recherche en Pologne"},"content":{"rendered":"\n\n\n<p><strong>La Pologne offre plusieurs types de bourses pour les \u00e9tudiants et les chercheurs \u00e9trangers.<span class=\"Apple-converted-space\">&nbsp;<\/span><\/strong><\/p>\n<p>Parmi les programmes disponibles vous trouverez entre autres : Erasmus +, bourses dans le cadre d&#8217;accords bilat\u00e9raux, programme d&#8217;\u00e9change universitaire d&#8217;Europe centrale CEEPUS, programme de bourses de Visegrad, bourses pour les \u00e9tudiants des pays du partenariat oriental et des pays post-sovi\u00e9tiques, bourses pour les citoyens des pays en d\u00e9veloppement, programme Fulbright, programme de bourses Lane Kirkland, programme de bourses co-parrain\u00e9es UNESCO\/Pologne en ing\u00e9nierie, programme de bourses de la Commission nationale polonaise pour l\u2019UNESCO.<\/p>\n<p>Plus d\u2019informations au sujet de ces bourses peuvent \u00eatre trouv\u00e9es sur le portail GO-POLAND : <a href=\"http:\/\/www.go-poland.pl\/\">http:\/\/www.go-poland.pl\/<\/a><\/p>\n\n\n\n<figure class=\"wp-block-image size-large\"><img loading=\"lazy\" decoding=\"async\" width=\"1024\" height=\"337\" src=\"https:\/\/instytutpolski.pl\/brussels\/wp-content\/uploads\/sites\/4\/2020\/05\/2880px-Universit\u00e9_Jagellonne-1-1024x337.jpg\" alt=\"\" class=\"wp-image-4760\" srcset=\"https:\/\/instytutpolski.pl\/brussels\/wp-content\/uploads\/sites\/4\/2020\/05\/2880px-Universit\u00e9_Jagellonne-1-1024x337.jpg 1024w, https:\/\/instytutpolski.pl\/brussels\/wp-content\/uploads\/sites\/4\/2020\/05\/2880px-Universit\u00e9_Jagellonne-1-300x99.jpg 300w, https:\/\/instytutpolski.pl\/brussels\/wp-content\/uploads\/sites\/4\/2020\/05\/2880px-Universit\u00e9_Jagellonne-1-768x253.jpg 768w, https:\/\/instytutpolski.pl\/brussels\/wp-content\/uploads\/sites\/4\/2020\/05\/2880px-Universit\u00e9_Jagellonne-1-1536x506.jpg 1536w, https:\/\/instytutpolski.pl\/brussels\/wp-content\/uploads\/sites\/4\/2020\/05\/2880px-Universit\u00e9_Jagellonne-1-2048x675.jpg 2048w\" sizes=\"auto, (max-width: 1024px) 100vw, 1024px\" \/><figcaption>Universit\u00e9 Jagellonne. Collegium Novum \u00e0 Cracovie. \u00a9 CC<\/figcaption><\/figure>\n\n\n\n<p><strong>Bourses d&#8217;\u00e9tudes<span class=\"Apple-converted-space\">&nbsp;<\/span><\/strong><\/p>\n<p>Parmi les projets consacr\u00e9s aux scientifiques et aux doctorants, citons :<span class=\"Apple-converted-space\">&nbsp;<\/span><\/p>\n<p>Programme &nbsp;&#8222;<strong>Poland my first choice&#8221;<\/strong> \u2014 s&#8217;adresse aux \u00e9tudiants \u00e9trangers d\u00e9sireux de terminer leurs \u00e9tudes de deuxi\u00e8me cycle et d&#8217;obtenir un master dans une universit\u00e9 polonaise.<\/p>\n<p>Plus d&#8217;informations sur le programme et la liste compl\u00e8te des pays partenaires : https:\/\/www.nawa.gov.pl\/studenci\/studenci-zagraniczni\/program-poland-my-first-choice.<\/p>\n<p>&#8222;<strong>Polish Returns<\/strong>&#8221; \u2014 un programme qui soutient les scientifiques polonais de haut niveau dans leur retour en Pologne. Il s&#8217;adresse aux scientifiques polonais travaillant dans des institutions scientifiques \u00e9trang\u00e8res, qui souhaitent utiliser leurs connaissances acquises en dehors du pays apr\u00e8s \u00eatre rentr\u00e9s en Pologne, de d\u00e9velopper leur propre groupe de recherche ou de rejoindre des recherches men\u00e9es dans des \u00e9quipes scientifiques d\u00e9j\u00e0 en activit\u00e9.<\/p>\n<p>Plus d&#8217;informations sur le programme : https:\/\/nawa.gov.pl\/naukowcy\/polskie-powroty.<\/p>\n<p><strong>Le programme de bourses Ulama<\/strong> permet de mener des recherches scientifiques, y compris en coop\u00e9ration avec des scientifiques ou des groupes de recherche polonais, d&#8217;effectuer des stages post-doctoraux, d&#8217;obtenir du mat\u00e9riel pour la recherche ou la publication scientifique, ou de proposer des cours didactiques \u00e0 une institution d&#8217;accueil.<span class=\"Apple-converted-space\">&nbsp;<\/span><\/p>\n<p>Pour plus d&#8217;informations sur le programme : https:\/\/nawa.gov.pl\/naukowcy\/program-im-ulama.<\/p>\n<p><strong>Le programme de bourses de G\u00e9n\u00e9ral Anders<\/strong> pour la diaspora polonaise \u2014 une bourse offerte aux jeunes d&#8217;origine polonaise, citoyens d&#8217;un des pays suivants : Albanie, Arm\u00e9nie, Azerba\u00efdjan, Bi\u00e9lorussie, Bulgarie, R\u00e9publique tch\u00e8que, Croatie, Estonie, G\u00e9orgie, Kazakhstan, Kirghizistan, Lituanie, Lettonie, Mac\u00e9doine, Moldavie, Russie, Roumanie, Serbie, Slovaquie, Tadjikistan, Turkm\u00e9nistan, Ukraine, \u00c9tats-Unis, Ouzb\u00e9kistan, Hongrie et les pays d&#8217;Am\u00e9rique du Sud, d&#8217;Am\u00e9rique centrale et d&#8217;Afrique.<span class=\"Apple-converted-space\">&nbsp;<\/span><\/p>\n<p><strong>Le programme de bourses Stefan Banach<\/strong> a \u00e9t\u00e9 cr\u00e9\u00e9 \u00e0 l&#8217;initiative du minist\u00e8re des Affaires \u00c9trang\u00e8res et de l&#8217;Agence nationale d&#8217;\u00e9changes universitaires. Le programme, qui s&#8217;adresse aux citoyens des pays du partenariat oriental, d&#8217;Asie centrale et des Balkans occidentaux, a pour objectif de soutenir le d\u00e9veloppement social et \u00e9conomique des pays en d\u00e9veloppement en \u00e9levant le niveau de connaissance et d&#8217;\u00e9ducation de leurs citoyens.<span class=\"Apple-converted-space\">&nbsp;<\/span><\/p>\n<p>Pour plus d&#8217;informations sur le programme : https:\/\/www.nawa.gov.pl\/studenci\/studenci-zagraniczni\/program-stypendialny-im-stefana-banacha<\/p>\n<p><strong>Le programme de bourses Ignacy \u0141ukasiewicz<\/strong> \u2014 initi\u00e9 conjointement par le minist\u00e8re des Affaires \u00c9trang\u00e8res et la NAWA dans le cadre de l&#8217;aide au d\u00e9veloppement polonaise, tout comme le programme de bourses Stefan Banach, soutient le d\u00e9veloppement social et \u00e9conomique des pays en d\u00e9veloppement (sans les pays d&#8217;Europe et d&#8217;Asie centrale). La priorit\u00e9 est accord\u00e9e aux candidats des pays suivants : Afrique du Sud, Angola, \u00c9thiopie, Philippines, Inde, Indon\u00e9sie, Kenya, Colombie, Liban, Mexique, Myanmar, Nigeria, Palestine, P\u00e9rou, S\u00e9n\u00e9gal, Tanzanie, Ouganda, Vietnam.<\/p>\n<p>Pour plus d&#8217;informations sur le programme : https:\/\/www.nawa.gov.pl\/studenci\/studenci-zagraniczni\/program-stypendialny-im-ignacego-lukasiewicza.<\/p>\n<p>Pour en savoir plus sur les programmes de la NAWA : https:\/\/www.nawa.gov.pl\/programy-nawa\/programy-nawa-alias\/trwajace<\/p>\n\n\n\n<figure class=\"wp-block-image size-large\"><img loading=\"lazy\" decoding=\"async\" width=\"800\" height=\"483\" src=\"https:\/\/instytutpolski.pl\/brussels\/wp-content\/uploads\/sites\/4\/2020\/05\/6_Warszawa_148-1.jpg\" alt=\"\" class=\"wp-image-4762\" srcset=\"https:\/\/instytutpolski.pl\/brussels\/wp-content\/uploads\/sites\/4\/2020\/05\/6_Warszawa_148-1.jpg 800w, https:\/\/instytutpolski.pl\/brussels\/wp-content\/uploads\/sites\/4\/2020\/05\/6_Warszawa_148-1-300x181.jpg 300w, https:\/\/instytutpolski.pl\/brussels\/wp-content\/uploads\/sites\/4\/2020\/05\/6_Warszawa_148-1-768x464.jpg 768w\" sizes=\"auto, (max-width: 800px) 100vw, 800px\" \/><figcaption>L\u2019\u00c9cole polytechnique de Varsovie. \u00a9 Marek and Ewa Wojciechowscy\u00a0<\/figcaption><\/figure>\n\n\n\n<p><strong>Bourses d&#8217;\u00e9tudes dans le cadre d&#8217;accords bilat\u00e9raux<\/strong><span class=\"Apple-converted-space\">\u00a0<\/span><\/p>\n<p>Les accords de coop\u00e9ration ont \u00e9t\u00e9 d\u00e9velopp\u00e9es avec les pays suivants<span class=\"Apple-converted-space\">\u00a0 <\/span>: \u00a0Arm\u00e9nie, Belgique (Wallonie), Bi\u00e9lorussie, Bulgarie, Chine, Croatie, R\u00e9publique tch\u00e8que, \u00c9gypte, France, Isra\u00ebl, Japon, Y\u00e9men, Kazakhstan, Cor\u00e9e, Mac\u00e9doine, Mongolie, Roumanie, Serbie, Slovaquie, Slov\u00e9nie, Ta\u00efwan, Ukraine, Hongrie, Vietnam, Italie.<span class=\"Apple-converted-space\">\u00a0<\/span><\/p>\n<p>Dans le cadre du programme, des s\u00e9jour allant de 3 jours \u00e0 12 mois peuvent s\u2019effectuer au cours d&#8217;une ann\u00e9e universitaire donn\u00e9e. Vous trouverez plus d&#8217;informations sur le programme de coop\u00e9ration ici : https:\/\/www.nawa.gov.pl\/studenci\/studenci-zagraniczni\/program-wymiany-osobowej-studentow-i-naukowcow-w-ramach-wspolpracy-bilateralnej-oferta-przyjazdowa .<\/p>\n<p>En savoir plus sur les projets d\u00e9di\u00e9s aux institutions : Promotion \u00e9trang\u00e8re ; Programme PROM ; Partenariats internationaux acad\u00e9miques ; Bienvenue en Pologne ; STER &#8211; Bourses de doctorat pour les \u00e9trangers ; KATAMARAN &#8211; Pr\u00e9paration et mise en \u0153uvre d\u2019\u00e9tudes sup\u00e9rieures de second degr\u00e9 : <a href=\"https:\/\/www.nawa.gov.pl\/instytucje\">https:\/\/www.nawa.gov.pl\/instytucje<\/a>.<\/p>\n\n\n\n<figure class=\"wp-block-embed-youtube wp-block-embed is-type-video is-provider-youtube wp-embed-aspect-16-9 wp-has-aspect-ratio\"><div class=\"wp-block-embed__wrapper\">\nhttps:\/\/youtu.be\/DQY_WY46I20\n<\/div><\/figure>\n","protected":false},"excerpt":{"rendered":"<p>La Pologne offre plusieurs types de bourses pour les \u00e9tudiants et les chercheurs \u00e9trangers.&nbsp; Parmi les programmes disponibles vous trouverez entre autres : Erasmus +, bourses dans le cadre d&#8217;accords bilat\u00e9raux, programme d&#8217;\u00e9change universitaire d&#8217;Europe centrale CEEPUS, programme de bourses de Visegrad, bourses pour les \u00e9tudiants des pays du partenariat oriental et des pays post-sovi\u00e9tiques, [&hellip;]<\/p>\n","protected":false},"author":125,"featured_media":874,"parent":0,"menu_order":0,"comment_status":"closed","ping_status":"closed","template":"","meta":{"inline_featured_image":false,"_monsterinsights_skip_tracking":false,"_monsterinsights_sitenote_active":false,"_monsterinsights_sitenote_note":"","_monsterinsights_sitenote_category":0,"footnotes":""},"class_list":["post-760","page","type-page","status-publish","has-post-thumbnail","hentry"],"yoast_head":"<!-- This site is optimized with the Yoast SEO plugin v24.6 - https:\/\/yoast.com\/wordpress\/plugins\/seo\/ -->\n<title>Bourses d&#039;\u00e9tudes et programmes de recherche en Pologne - Instytut Polski w Brukseli<\/title>\n<meta name=\"robots\" content=\"index, follow, max-snippet:-1, max-image-preview:large, max-video-preview:-1\" \/>\n<link rel=\"canonical\" href=\"https:\/\/instytutpolski.pl\/brussels\/bourses-detudes-en-pologne\/\" \/>\n<meta property=\"og:locale\" content=\"pl_PL\" \/>\n<meta property=\"og:type\" content=\"article\" \/>\n<meta property=\"og:title\" content=\"Bourses d&#039;\u00e9tudes et programmes de recherche en Pologne - Instytut Polski w Brukseli\" \/>\n<meta property=\"og:description\" content=\"La Pologne offre plusieurs types de bourses pour les \u00e9tudiants et les chercheurs \u00e9trangers.&nbsp; Parmi les programmes disponibles vous trouverez entre autres : Erasmus +, bourses dans le cadre d&#8217;accords bilat\u00e9raux, programme d&#8217;\u00e9change universitaire d&#8217;Europe centrale CEEPUS, programme de bourses de Visegrad, bourses pour les \u00e9tudiants des pays du partenariat oriental et des pays post-sovi\u00e9tiques, [&hellip;]\" \/>\n<meta property=\"og:url\" content=\"https:\/\/instytutpolski.pl\/brussels\/bourses-detudes-en-pologne\/\" \/>\n<meta property=\"og:site_name\" content=\"Instytut Polski w Brukseli\" \/>\n<meta property=\"article:modified_time\" content=\"2020-06-01T08:19:54+00:00\" \/>\n<meta property=\"og:image\" content=\"https:\/\/instytutpolski.pl\/brussels\/wp-content\/uploads\/sites\/4\/2019\/06\/studia-polonoznawcze.jpg\" \/>\n\t<meta property=\"og:image:width\" content=\"1920\" \/>\n\t<meta property=\"og:image:height\" content=\"700\" \/>\n\t<meta property=\"og:image:type\" content=\"image\/jpeg\" \/>\n<meta name=\"twitter:card\" content=\"summary_large_image\" \/>\n<meta name=\"twitter:label1\" content=\"Szacowany czas czytania\" \/>\n\t<meta name=\"twitter:data1\" content=\"4 minuty\" \/>\n<script type=\"application\/ld+json\" class=\"yoast-schema-graph\">{\"@context\":\"https:\/\/schema.org\",\"@graph\":[{\"@type\":\"WebPage\",\"@id\":\"https:\/\/instytutpolski.pl\/brussels\/bourses-detudes-en-pologne\/\",\"url\":\"https:\/\/instytutpolski.pl\/brussels\/bourses-detudes-en-pologne\/\",\"name\":\"Bourses d'\u00e9tudes et programmes de recherche en Pologne - Instytut Polski w Brukseli\",\"isPartOf\":{\"@id\":\"https:\/\/instytutpolski.pl\/brussels\/#website\"},\"primaryImageOfPage\":{\"@id\":\"https:\/\/instytutpolski.pl\/brussels\/bourses-detudes-en-pologne\/#primaryimage\"},\"image\":{\"@id\":\"https:\/\/instytutpolski.pl\/brussels\/bourses-detudes-en-pologne\/#primaryimage\"},\"thumbnailUrl\":\"https:\/\/instytutpolski.pl\/brussels\/wp-content\/uploads\/sites\/4\/2019\/06\/studia-polonoznawcze.jpg\",\"datePublished\":\"2019-06-25T12:40:24+00:00\",\"dateModified\":\"2020-06-01T08:19:54+00:00\",\"breadcrumb\":{\"@id\":\"https:\/\/instytutpolski.pl\/brussels\/bourses-detudes-en-pologne\/#breadcrumb\"},\"inLanguage\":\"pl-PL\",\"potentialAction\":[{\"@type\":\"ReadAction\",\"target\":[\"https:\/\/instytutpolski.pl\/brussels\/bourses-detudes-en-pologne\/\"]}]},{\"@type\":\"ImageObject\",\"inLanguage\":\"pl-PL\",\"@id\":\"https:\/\/instytutpolski.pl\/brussels\/bourses-detudes-en-pologne\/#primaryimage\",\"url\":\"https:\/\/instytutpolski.pl\/brussels\/wp-content\/uploads\/sites\/4\/2019\/06\/studia-polonoznawcze.jpg\",\"contentUrl\":\"https:\/\/instytutpolski.pl\/brussels\/wp-content\/uploads\/sites\/4\/2019\/06\/studia-polonoznawcze.jpg\",\"width\":1920,\"height\":700},{\"@type\":\"BreadcrumbList\",\"@id\":\"https:\/\/instytutpolski.pl\/brussels\/bourses-detudes-en-pologne\/#breadcrumb\",\"itemListElement\":[{\"@type\":\"ListItem\",\"position\":1,\"name\":\"Home\",\"item\":\"https:\/\/instytutpolski.pl\/brussels\/\"},{\"@type\":\"ListItem\",\"position\":2,\"name\":\"Bourses d&rsquo;\u00e9tudes et programmes de recherche en Pologne\"}]},{\"@type\":\"WebSite\",\"@id\":\"https:\/\/instytutpolski.pl\/brussels\/#website\",\"url\":\"https:\/\/instytutpolski.pl\/brussels\/\",\"name\":\"Instytut Polski w Brukseli\",\"description\":\"Instytuty Polskie\",\"potentialAction\":[{\"@type\":\"SearchAction\",\"target\":{\"@type\":\"EntryPoint\",\"urlTemplate\":\"https:\/\/instytutpolski.pl\/brussels\/?s={search_term_string}\"},\"query-input\":{\"@type\":\"PropertyValueSpecification\",\"valueRequired\":true,\"valueName\":\"search_term_string\"}}],\"inLanguage\":\"pl-PL\"}]}<\/script>\n<!-- \/ Yoast SEO plugin. -->","yoast_head_json":{"title":"Bourses d'\u00e9tudes et programmes de recherche en Pologne - Instytut Polski w Brukseli","robots":{"index":"index","follow":"follow","max-snippet":"max-snippet:-1","max-image-preview":"max-image-preview:large","max-video-preview":"max-video-preview:-1"},"canonical":"https:\/\/instytutpolski.pl\/brussels\/bourses-detudes-en-pologne\/","og_locale":"pl_PL","og_type":"article","og_title":"Bourses d'\u00e9tudes et programmes de recherche en Pologne - Instytut Polski w Brukseli","og_description":"La Pologne offre plusieurs types de bourses pour les \u00e9tudiants et les chercheurs \u00e9trangers.&nbsp; Parmi les programmes disponibles vous trouverez entre autres : Erasmus +, bourses dans le cadre d&#8217;accords bilat\u00e9raux, programme d&#8217;\u00e9change universitaire d&#8217;Europe centrale CEEPUS, programme de bourses de Visegrad, bourses pour les \u00e9tudiants des pays du partenariat oriental et des pays post-sovi\u00e9tiques, [&hellip;]","og_url":"https:\/\/instytutpolski.pl\/brussels\/bourses-detudes-en-pologne\/","og_site_name":"Instytut Polski w Brukseli","article_modified_time":"2020-06-01T08:19:54+00:00","og_image":[{"width":1920,"height":700,"url":"https:\/\/instytutpolski.pl\/brussels\/wp-content\/uploads\/sites\/4\/2019\/06\/studia-polonoznawcze.jpg","type":"image\/jpeg"}],"twitter_card":"summary_large_image","twitter_misc":{"Szacowany czas czytania":"4 minuty"},"schema":{"@context":"https:\/\/schema.org","@graph":[{"@type":"WebPage","@id":"https:\/\/instytutpolski.pl\/brussels\/bourses-detudes-en-pologne\/","url":"https:\/\/instytutpolski.pl\/brussels\/bourses-detudes-en-pologne\/","name":"Bourses d'\u00e9tudes et programmes de recherche en Pologne - Instytut Polski w Brukseli","isPartOf":{"@id":"https:\/\/instytutpolski.pl\/brussels\/#website"},"primaryImageOfPage":{"@id":"https:\/\/instytutpolski.pl\/brussels\/bourses-detudes-en-pologne\/#primaryimage"},"image":{"@id":"https:\/\/instytutpolski.pl\/brussels\/bourses-detudes-en-pologne\/#primaryimage"},"thumbnailUrl":"https:\/\/instytutpolski.pl\/brussels\/wp-content\/uploads\/sites\/4\/2019\/06\/studia-polonoznawcze.jpg","datePublished":"2019-06-25T12:40:24+00:00","dateModified":"2020-06-01T08:19:54+00:00","breadcrumb":{"@id":"https:\/\/instytutpolski.pl\/brussels\/bourses-detudes-en-pologne\/#breadcrumb"},"inLanguage":"pl-PL","potentialAction":[{"@type":"ReadAction","target":["https:\/\/instytutpolski.pl\/brussels\/bourses-detudes-en-pologne\/"]}]},{"@type":"ImageObject","inLanguage":"pl-PL","@id":"https:\/\/instytutpolski.pl\/brussels\/bourses-detudes-en-pologne\/#primaryimage","url":"https:\/\/instytutpolski.pl\/brussels\/wp-content\/uploads\/sites\/4\/2019\/06\/studia-polonoznawcze.jpg","contentUrl":"https:\/\/instytutpolski.pl\/brussels\/wp-content\/uploads\/sites\/4\/2019\/06\/studia-polonoznawcze.jpg","width":1920,"height":700},{"@type":"BreadcrumbList","@id":"https:\/\/instytutpolski.pl\/brussels\/bourses-detudes-en-pologne\/#breadcrumb","itemListElement":[{"@type":"ListItem","position":1,"name":"Home","item":"https:\/\/instytutpolski.pl\/brussels\/"},{"@type":"ListItem","position":2,"name":"Bourses d&rsquo;\u00e9tudes et programmes de recherche en Pologne"}]},{"@type":"WebSite","@id":"https:\/\/instytutpolski.pl\/brussels\/#website","url":"https:\/\/instytutpolski.pl\/brussels\/","name":"Instytut Polski w Brukseli","description":"Instytuty Polskie","potentialAction":[{"@type":"SearchAction","target":{"@type":"EntryPoint","urlTemplate":"https:\/\/instytutpolski.pl\/brussels\/?s={search_term_string}"},"query-input":{"@type":"PropertyValueSpecification","valueRequired":true,"valueName":"search_term_string"}}],"inLanguage":"pl-PL"}]}},"_links":{"self":[{"href":"https:\/\/instytutpolski.pl\/brussels\/wp-json\/wp\/v2\/pages\/760","targetHints":{"allow":["GET"]}}],"collection":[{"href":"https:\/\/instytutpolski.pl\/brussels\/wp-json\/wp\/v2\/pages"}],"about":[{"href":"https:\/\/instytutpolski.pl\/brussels\/wp-json\/wp\/v2\/types\/page"}],"author":[{"embeddable":true,"href":"https:\/\/instytutpolski.pl\/brussels\/wp-json\/wp\/v2\/users\/125"}],"replies":[{"embeddable":true,"href":"https:\/\/instytutpolski.pl\/brussels\/wp-json\/wp\/v2\/comments?post=760"}],"version-history":[{"count":9,"href":"https:\/\/instytutpolski.pl\/brussels\/wp-json\/wp\/v2\/pages\/760\/revisions"}],"predecessor-version":[{"id":4833,"href":"https:\/\/instytutpolski.pl\/brussels\/wp-json\/wp\/v2\/pages\/760\/revisions\/4833"}],"wp:featuredmedia":[{"embeddable":true,"href":"https:\/\/instytutpolski.pl\/brussels\/wp-json\/wp\/v2\/media\/874"}],"wp:attachment":[{"href":"https:\/\/instytutpolski.pl\/brussels\/wp-json\/wp\/v2\/media?parent=760"}],"curies":[{"name":"wp","href":"https:\/\/api.w.org\/{rel}","templated":true}]}}