{"id":766,"date":"2019-06-25T14:40:24","date_gmt":"2019-06-25T12:40:24","guid":{"rendered":"https:\/\/instytutpolski.pl\/bruksela\/?page_id=766"},"modified":"2020-06-01T10:30:00","modified_gmt":"2020-06-01T08:30:00","slug":"studiebeurzen-in-polen","status":"publish","type":"page","link":"https:\/\/instytutpolski.pl\/brussels\/nl\/studiebeurzen-in-polen\/","title":{"rendered":"Studiebeurzen en onderzoeksprogramma&#8217;s in Polen"},"content":{"rendered":"\n<p>Polen biedt verschillende soorten beurzen aan voor buitenlandse studenten en onderzoekers. <br \/>Onder de beschikbare programma&#8217;s vindt u een overzicht: Erasmus +, studiebeurzen in het kader van bilaterale overeenkomsten, Centraal-Europese Universitaire Uitwisseling CEEPUS-programma, Visegrad-studiebeurzenprogramma, studiebeurzen voor studenten uit Oostelijke Partnerschaps- en Post-Sovjetlanden, studiebeurzen voor burgers van ontwikkelingslanden, Fulbright-programma, Lane Kirkland-studiebeurzenprogramma, UNESCO\/Poland Co-Sponsored Fellowship Programme in Engineering, Poolse Nationale Commissie voor UNESCOstudiebeurzenprogramma.<\/p>\n<p>Meer informatie over deze beurzen is te vinden op de GO-POLAND-website: http:\/\/www.go-poland.pl\/.<\/p>\n\n\n\n<figure class=\"wp-block-image size-large\"><img loading=\"lazy\" decoding=\"async\" width=\"1024\" height=\"337\" src=\"https:\/\/instytutpolski.pl\/brussels\/wp-content\/uploads\/sites\/4\/2020\/05\/2880px-Universit\u00e9_Jagellonne-1-1024x337.jpg\" alt=\"\" class=\"wp-image-4760\" srcset=\"https:\/\/instytutpolski.pl\/brussels\/wp-content\/uploads\/sites\/4\/2020\/05\/2880px-Universit\u00e9_Jagellonne-1-1024x337.jpg 1024w, https:\/\/instytutpolski.pl\/brussels\/wp-content\/uploads\/sites\/4\/2020\/05\/2880px-Universit\u00e9_Jagellonne-1-300x99.jpg 300w, https:\/\/instytutpolski.pl\/brussels\/wp-content\/uploads\/sites\/4\/2020\/05\/2880px-Universit\u00e9_Jagellonne-1-768x253.jpg 768w, https:\/\/instytutpolski.pl\/brussels\/wp-content\/uploads\/sites\/4\/2020\/05\/2880px-Universit\u00e9_Jagellonne-1-1536x506.jpg 1536w, https:\/\/instytutpolski.pl\/brussels\/wp-content\/uploads\/sites\/4\/2020\/05\/2880px-Universit\u00e9_Jagellonne-1-2048x675.jpg 2048w\" sizes=\"auto, (max-width: 1024px) 100vw, 1024px\" \/><figcaption>Jagiellonian Universiteit. Collegium Novum in Krak\u00f3w. \u00a9 CC<\/figcaption><\/figure>\n\n\n\n<p>Projecten voor wetenschappers en doctoraatsstudenten omvatten het volgende:<span class=\"Apple-converted-space\">\u00a0<\/span><\/p>\n<p>Het <strong>&#8222;Poland my First Choice&#8221;<\/strong> programma \u2014 \u00a0biedt de mogelijkheid om een voltijdse tweedecyclusstudie te volgen bij openbare en particuliere IHO&#8217;s op alle studiegebieden die worden aangeboden door instellingen die onderwijs op het hoogste niveau aanbieden. <br \/><br \/>Meer informatie over het programma en de volledige lijst van partnerlanden: https:\/\/www.nawa.gov.pl\/studenci\/studenci-zagraniczni\/program-poland-my-first-choice.<\/p>\n<p><strong>&#8222;Polish Returns&#8221;<\/strong> &#8211; Het programma is gericht op het stimuleren van de terugkeer van Poolse wetenschappers die het onderzoekspotentieel van onze centra zullen versterken door voorwaarden te cre\u00ebren die hen in staat stellen om aan Poolse universiteiten of wetenschappelijke eenheden te gaan werken.<\/p>\n<p>Meer informatie: https:\/\/nawa.gov.pl\/naukowcy\/polskie-powroty.<\/p>\n<p>Het doel van het <strong>Ulama-programma<\/strong> is om buitenlandse onderzoekers te helpen hun carri\u00e8re te ontwikkelen door de internationale mobiliteit te intensiveren en hen in staat te stellen een wetenschappelijke samenwerking aan te gaan met excellente gastinstellingen in Polen.<span class=\"Apple-converted-space\">\u00a0<\/span><\/p>\n<p>Meer informatie: https:\/\/nawa.gov.pl\/naukowcy\/program-im-ulama.<\/p>\n<p>Het <strong>General Anders Scholarship Programme for the Polish Diaspora<\/strong> &#8211; Het doel van het programma, dat uitvoering geeft aan de doelstellingen van het &#8222;Regeringsprogramma voor samenwerking met de Poolse diaspora en de Polen die in het buitenland wonen&#8221;, is het verbeteren van de beheersing van de Poolse taal en het kwalificatieniveau in de Poolse gemeenschappen door het cre\u00ebren van mogelijkheden voor jongeren om hun studie aan Poolse IHO&#8217;s op basis van een studiebeurs voort te zetten.<\/p>\n<p>Meer informatie: https:\/\/nawa.gov.pl\/en\/nawa\/news\/the-general-anders-scholarship-programme-for-the-polish-diaspora-extending-to-the-first-and-second-cycle-studies-degree-programme-and-the-long-cycle-master-s-degree-programme<\/p>\n<p>Het <strong>Stefan Banach-beurzenprogramma<\/strong> heeft tot doel de sociaal-economische groei van de ontwikkelingslanden te ondersteunen door de kennis en het onderwijs van de burgers van de landen van het Oostelijk Partnerschap, Centraal-Azi\u00eb en de Westelijke Balkan te verbeteren. Het is een gezamenlijk initiatief van het ministerie van Buitenlandse Zaken en het Poolse Nationale Agentschap voor Academische Uitwisseling (NAWA), dat wordt uitgevoerd als onderdeel van het Poolse programma voor ontwikkelingshulp.<\/p>\n<p>Meer informatie: https:\/\/www.nawa.gov.pl\/studenci\/studenci-zagraniczni\/program-stypendialny-im-stefana-banacha.<\/p>\n<p>De <strong>Ignacy \u0141ukasiewicz-beurs<\/strong> &#8211; gezamenlijk ge\u00efnitieerd door het ministerie van Buitenlandse Zaken en NAWA in het kader van de Poolse ontwikkelingshulp, zoals het Stefan Banach-beurzenprogramma, ondersteunt de sociale en economische ontwikkeling van de ontwikkelingslanden (met uitzondering van de Europese en Centraal-Aziatische landen). Voorrang wordt gegeven aan kandidaten uit de volgende landen: Angola, Ethiopi\u00eb, de Filippijnen, India, Indonesi\u00eb, Kenia, Colombia, Libanon, Mexico, Myanmar, Nigeria, Palestina, Peru, Senegal, Zuid-Afrika, Tanzania, Oeganda, Vietnam.<\/p>\n<p>Meer informatie: https:\/\/www.nawa.gov.pl\/studenci\/studenci-zagraniczni\/program-stypendialny-im-ignacego-lukasiewicza.<\/p>\n<p>Voor meer informatie over de programma&#8217;s van NAWA: https:\/\/www.nawa.gov.pl\/programy-nawa\/programy-nawa-alias\/trwajace.<\/p>\n\n\n\n<figure class=\"wp-block-image size-large is-resized\"><img loading=\"lazy\" decoding=\"async\" src=\"https:\/\/instytutpolski.pl\/brussels\/wp-content\/uploads\/sites\/4\/2020\/06\/6_Warszawa_148-1.jpg\" alt=\"\" class=\"wp-image-4837\" width=\"580\" height=\"350\" srcset=\"https:\/\/instytutpolski.pl\/brussels\/wp-content\/uploads\/sites\/4\/2020\/06\/6_Warszawa_148-1.jpg 800w, https:\/\/instytutpolski.pl\/brussels\/wp-content\/uploads\/sites\/4\/2020\/06\/6_Warszawa_148-1-300x181.jpg 300w, https:\/\/instytutpolski.pl\/brussels\/wp-content\/uploads\/sites\/4\/2020\/06\/6_Warszawa_148-1-768x464.jpg 768w\" sizes=\"auto, (max-width: 580px) 100vw, 580px\" \/><figcaption>Warschau Polytechnic. \u00a9 Marek and Ewa Wojciechowscy<\/figcaption><\/figure>\n\n\n\n<p>Beurzen in het kader van bilaterale overeenkomsten<span class=\"Apple-converted-space\">\u00a0<\/span><\/p>\n<p>Met de volgende landen zijn samenwerkingsovereenkomsten ontwikkeld: Armeni\u00eb, Belgi\u00eb (Walloni\u00eb), Wit-Rusland, Bulgarije, China, Kroati\u00eb, Tsjechi\u00eb, Egypte, Frankrijk, Isra\u00ebl, Japan, Jemen, Kazachstan, Korea, Macedoni\u00eb, Mongoli\u00eb, Roemeni\u00eb, Servi\u00eb, Slowakije, Sloveni\u00eb, Taiwan, Oekra\u00efne, Hongarije, Vietnam, Itali\u00eb.<span class=\"Apple-converted-space\">\u00a0<\/span><\/p>\n<p>In het kader van het programma kunnen verblijven van 3 dagen tot 12 maanden in een bepaald academisch jaar. Meer informatie over het samenwerkingsprogramma vindt u hier: https:\/\/www.nawa.gov.pl\/studenci\/studenci-zagraniczni\/program-wymiany-osobowej-studentow-i-naukowcow-w-ramach-wspolpracy-bilateralnej-oferta-przyjazdowa.<\/p>\n<p>Lees meer over de projecten die aan de instellingen zijn gewijd: Promotie in het buitenland; PROM-programma; Internationale Academische Partnerschappen; Welkom in Polen; STER &#8211; Doctoraatsbeurzen voor buitenlanders; KATAMARAN &#8211; Voorbereiding en uitvoering van tweedegraadsstudies in het hoger onderwijs: https:\/\/www.nawa.gov.pl\/instytucje.<\/p>\n\n\n\n<figure class=\"wp-block-embed-youtube wp-block-embed is-type-video is-provider-youtube wp-embed-aspect-16-9 wp-has-aspect-ratio\"><div class=\"wp-block-embed__wrapper\">\nhttps:\/\/youtu.be\/DQY_WY46I20\n<\/div><\/figure>\n","protected":false},"excerpt":{"rendered":"<p>Polen biedt verschillende soorten beurzen aan voor buitenlandse studenten en onderzoekers. Onder de beschikbare programma&#8217;s vindt u een overzicht: Erasmus +, studiebeurzen in het kader van bilaterale overeenkomsten, Centraal-Europese Universitaire Uitwisseling CEEPUS-programma, Visegrad-studiebeurzenprogramma, studiebeurzen voor studenten uit Oostelijke Partnerschaps- en Post-Sovjetlanden, studiebeurzen voor burgers van ontwikkelingslanden, Fulbright-programma, Lane Kirkland-studiebeurzenprogramma, UNESCO\/Poland Co-Sponsored Fellowship Programme in Engineering, [&hellip;]<\/p>\n","protected":false},"author":1,"featured_media":874,"parent":0,"menu_order":0,"comment_status":"closed","ping_status":"closed","template":"","meta":{"inline_featured_image":false,"_monsterinsights_skip_tracking":false,"_monsterinsights_sitenote_active":false,"_monsterinsights_sitenote_note":"","_monsterinsights_sitenote_category":0,"footnotes":""},"class_list":["post-766","page","type-page","status-publish","has-post-thumbnail","hentry"],"yoast_head":"<!-- This site is optimized with the Yoast SEO plugin v24.6 - https:\/\/yoast.com\/wordpress\/plugins\/seo\/ -->\n<title>Studiebeurzen en onderzoeksprogramma&#039;s in Polen - Instytut Polski w Brukseli<\/title>\n<meta name=\"robots\" content=\"index, follow, max-snippet:-1, max-image-preview:large, max-video-preview:-1\" \/>\n<link rel=\"canonical\" href=\"https:\/\/instytutpolski.pl\/brussels\/nl\/studiebeurzen-in-polen\/\" \/>\n<meta property=\"og:locale\" content=\"pl_PL\" \/>\n<meta property=\"og:type\" content=\"article\" \/>\n<meta property=\"og:title\" content=\"Studiebeurzen en onderzoeksprogramma&#039;s in Polen - Instytut Polski w Brukseli\" \/>\n<meta property=\"og:description\" content=\"Polen biedt verschillende soorten beurzen aan voor buitenlandse studenten en onderzoekers. Onder de beschikbare programma&#8217;s vindt u een overzicht: Erasmus +, studiebeurzen in het kader van bilaterale overeenkomsten, Centraal-Europese Universitaire Uitwisseling CEEPUS-programma, Visegrad-studiebeurzenprogramma, studiebeurzen voor studenten uit Oostelijke Partnerschaps- en Post-Sovjetlanden, studiebeurzen voor burgers van ontwikkelingslanden, Fulbright-programma, Lane Kirkland-studiebeurzenprogramma, UNESCO\/Poland Co-Sponsored Fellowship Programme in Engineering, [&hellip;]\" \/>\n<meta property=\"og:url\" content=\"https:\/\/instytutpolski.pl\/brussels\/nl\/studiebeurzen-in-polen\/\" \/>\n<meta property=\"og:site_name\" content=\"Instytut Polski w Brukseli\" \/>\n<meta property=\"article:modified_time\" content=\"2020-06-01T08:30:00+00:00\" \/>\n<meta property=\"og:image\" content=\"https:\/\/instytutpolski.pl\/brussels\/wp-content\/uploads\/sites\/4\/2019\/06\/studia-polonoznawcze.jpg\" \/>\n\t<meta property=\"og:image:width\" content=\"1920\" \/>\n\t<meta property=\"og:image:height\" content=\"700\" \/>\n\t<meta property=\"og:image:type\" content=\"image\/jpeg\" \/>\n<meta name=\"twitter:card\" content=\"summary_large_image\" \/>\n<meta name=\"twitter:label1\" content=\"Szacowany czas czytania\" \/>\n\t<meta name=\"twitter:data1\" content=\"3 minuty\" \/>\n<script type=\"application\/ld+json\" class=\"yoast-schema-graph\">{\"@context\":\"https:\/\/schema.org\",\"@graph\":[{\"@type\":\"WebPage\",\"@id\":\"https:\/\/instytutpolski.pl\/brussels\/nl\/studiebeurzen-in-polen\/\",\"url\":\"https:\/\/instytutpolski.pl\/brussels\/nl\/studiebeurzen-in-polen\/\",\"name\":\"Studiebeurzen en onderzoeksprogramma's in Polen - Instytut Polski w Brukseli\",\"isPartOf\":{\"@id\":\"https:\/\/instytutpolski.pl\/brussels\/#website\"},\"primaryImageOfPage\":{\"@id\":\"https:\/\/instytutpolski.pl\/brussels\/nl\/studiebeurzen-in-polen\/#primaryimage\"},\"image\":{\"@id\":\"https:\/\/instytutpolski.pl\/brussels\/nl\/studiebeurzen-in-polen\/#primaryimage\"},\"thumbnailUrl\":\"https:\/\/instytutpolski.pl\/brussels\/wp-content\/uploads\/sites\/4\/2019\/06\/studia-polonoznawcze.jpg\",\"datePublished\":\"2019-06-25T12:40:24+00:00\",\"dateModified\":\"2020-06-01T08:30:00+00:00\",\"breadcrumb\":{\"@id\":\"https:\/\/instytutpolski.pl\/brussels\/nl\/studiebeurzen-in-polen\/#breadcrumb\"},\"inLanguage\":\"pl-PL\",\"potentialAction\":[{\"@type\":\"ReadAction\",\"target\":[\"https:\/\/instytutpolski.pl\/brussels\/nl\/studiebeurzen-in-polen\/\"]}]},{\"@type\":\"ImageObject\",\"inLanguage\":\"pl-PL\",\"@id\":\"https:\/\/instytutpolski.pl\/brussels\/nl\/studiebeurzen-in-polen\/#primaryimage\",\"url\":\"https:\/\/instytutpolski.pl\/brussels\/wp-content\/uploads\/sites\/4\/2019\/06\/studia-polonoznawcze.jpg\",\"contentUrl\":\"https:\/\/instytutpolski.pl\/brussels\/wp-content\/uploads\/sites\/4\/2019\/06\/studia-polonoznawcze.jpg\",\"width\":1920,\"height\":700},{\"@type\":\"BreadcrumbList\",\"@id\":\"https:\/\/instytutpolski.pl\/brussels\/nl\/studiebeurzen-in-polen\/#breadcrumb\",\"itemListElement\":[{\"@type\":\"ListItem\",\"position\":1,\"name\":\"Home\",\"item\":\"https:\/\/instytutpolski.pl\/brussels\/\"},{\"@type\":\"ListItem\",\"position\":2,\"name\":\"Studiebeurzen en onderzoeksprogramma&#8217;s in Polen\"}]},{\"@type\":\"WebSite\",\"@id\":\"https:\/\/instytutpolski.pl\/brussels\/#website\",\"url\":\"https:\/\/instytutpolski.pl\/brussels\/\",\"name\":\"Instytut Polski w Brukseli\",\"description\":\"Instytuty Polskie\",\"potentialAction\":[{\"@type\":\"SearchAction\",\"target\":{\"@type\":\"EntryPoint\",\"urlTemplate\":\"https:\/\/instytutpolski.pl\/brussels\/?s={search_term_string}\"},\"query-input\":{\"@type\":\"PropertyValueSpecification\",\"valueRequired\":true,\"valueName\":\"search_term_string\"}}],\"inLanguage\":\"pl-PL\"}]}<\/script>\n<!-- \/ Yoast SEO plugin. -->","yoast_head_json":{"title":"Studiebeurzen en onderzoeksprogramma's in Polen - Instytut Polski w Brukseli","robots":{"index":"index","follow":"follow","max-snippet":"max-snippet:-1","max-image-preview":"max-image-preview:large","max-video-preview":"max-video-preview:-1"},"canonical":"https:\/\/instytutpolski.pl\/brussels\/nl\/studiebeurzen-in-polen\/","og_locale":"pl_PL","og_type":"article","og_title":"Studiebeurzen en onderzoeksprogramma's in Polen - Instytut Polski w Brukseli","og_description":"Polen biedt verschillende soorten beurzen aan voor buitenlandse studenten en onderzoekers. Onder de beschikbare programma&#8217;s vindt u een overzicht: Erasmus +, studiebeurzen in het kader van bilaterale overeenkomsten, Centraal-Europese Universitaire Uitwisseling CEEPUS-programma, Visegrad-studiebeurzenprogramma, studiebeurzen voor studenten uit Oostelijke Partnerschaps- en Post-Sovjetlanden, studiebeurzen voor burgers van ontwikkelingslanden, Fulbright-programma, Lane Kirkland-studiebeurzenprogramma, UNESCO\/Poland Co-Sponsored Fellowship Programme in Engineering, [&hellip;]","og_url":"https:\/\/instytutpolski.pl\/brussels\/nl\/studiebeurzen-in-polen\/","og_site_name":"Instytut Polski w Brukseli","article_modified_time":"2020-06-01T08:30:00+00:00","og_image":[{"width":1920,"height":700,"url":"https:\/\/instytutpolski.pl\/brussels\/wp-content\/uploads\/sites\/4\/2019\/06\/studia-polonoznawcze.jpg","type":"image\/jpeg"}],"twitter_card":"summary_large_image","twitter_misc":{"Szacowany czas czytania":"3 minuty"},"schema":{"@context":"https:\/\/schema.org","@graph":[{"@type":"WebPage","@id":"https:\/\/instytutpolski.pl\/brussels\/nl\/studiebeurzen-in-polen\/","url":"https:\/\/instytutpolski.pl\/brussels\/nl\/studiebeurzen-in-polen\/","name":"Studiebeurzen en onderzoeksprogramma's in Polen - Instytut Polski w Brukseli","isPartOf":{"@id":"https:\/\/instytutpolski.pl\/brussels\/#website"},"primaryImageOfPage":{"@id":"https:\/\/instytutpolski.pl\/brussels\/nl\/studiebeurzen-in-polen\/#primaryimage"},"image":{"@id":"https:\/\/instytutpolski.pl\/brussels\/nl\/studiebeurzen-in-polen\/#primaryimage"},"thumbnailUrl":"https:\/\/instytutpolski.pl\/brussels\/wp-content\/uploads\/sites\/4\/2019\/06\/studia-polonoznawcze.jpg","datePublished":"2019-06-25T12:40:24+00:00","dateModified":"2020-06-01T08:30:00+00:00","breadcrumb":{"@id":"https:\/\/instytutpolski.pl\/brussels\/nl\/studiebeurzen-in-polen\/#breadcrumb"},"inLanguage":"pl-PL","potentialAction":[{"@type":"ReadAction","target":["https:\/\/instytutpolski.pl\/brussels\/nl\/studiebeurzen-in-polen\/"]}]},{"@type":"ImageObject","inLanguage":"pl-PL","@id":"https:\/\/instytutpolski.pl\/brussels\/nl\/studiebeurzen-in-polen\/#primaryimage","url":"https:\/\/instytutpolski.pl\/brussels\/wp-content\/uploads\/sites\/4\/2019\/06\/studia-polonoznawcze.jpg","contentUrl":"https:\/\/instytutpolski.pl\/brussels\/wp-content\/uploads\/sites\/4\/2019\/06\/studia-polonoznawcze.jpg","width":1920,"height":700},{"@type":"BreadcrumbList","@id":"https:\/\/instytutpolski.pl\/brussels\/nl\/studiebeurzen-in-polen\/#breadcrumb","itemListElement":[{"@type":"ListItem","position":1,"name":"Home","item":"https:\/\/instytutpolski.pl\/brussels\/"},{"@type":"ListItem","position":2,"name":"Studiebeurzen en onderzoeksprogramma&#8217;s in Polen"}]},{"@type":"WebSite","@id":"https:\/\/instytutpolski.pl\/brussels\/#website","url":"https:\/\/instytutpolski.pl\/brussels\/","name":"Instytut Polski w Brukseli","description":"Instytuty Polskie","potentialAction":[{"@type":"SearchAction","target":{"@type":"EntryPoint","urlTemplate":"https:\/\/instytutpolski.pl\/brussels\/?s={search_term_string}"},"query-input":{"@type":"PropertyValueSpecification","valueRequired":true,"valueName":"search_term_string"}}],"inLanguage":"pl-PL"}]}},"_links":{"self":[{"href":"https:\/\/instytutpolski.pl\/brussels\/wp-json\/wp\/v2\/pages\/766","targetHints":{"allow":["GET"]}}],"collection":[{"href":"https:\/\/instytutpolski.pl\/brussels\/wp-json\/wp\/v2\/pages"}],"about":[{"href":"https:\/\/instytutpolski.pl\/brussels\/wp-json\/wp\/v2\/types\/page"}],"author":[{"embeddable":true,"href":"https:\/\/instytutpolski.pl\/brussels\/wp-json\/wp\/v2\/users\/1"}],"replies":[{"embeddable":true,"href":"https:\/\/instytutpolski.pl\/brussels\/wp-json\/wp\/v2\/comments?post=766"}],"version-history":[{"count":3,"href":"https:\/\/instytutpolski.pl\/brussels\/wp-json\/wp\/v2\/pages\/766\/revisions"}],"predecessor-version":[{"id":4839,"href":"https:\/\/instytutpolski.pl\/brussels\/wp-json\/wp\/v2\/pages\/766\/revisions\/4839"}],"wp:featuredmedia":[{"embeddable":true,"href":"https:\/\/instytutpolski.pl\/brussels\/wp-json\/wp\/v2\/media\/874"}],"wp:attachment":[{"href":"https:\/\/instytutpolski.pl\/brussels\/wp-json\/wp\/v2\/media?parent=766"}],"curies":[{"name":"wp","href":"https:\/\/api.w.org\/{rel}","templated":true}]}}