{"id":863,"date":"2019-06-25T15:13:46","date_gmt":"2019-06-25T13:13:46","guid":{"rendered":"https:\/\/instytutpolski.pl\/bruksela\/?page_id=863"},"modified":"2020-06-01T15:14:37","modified_gmt":"2020-06-01T13:14:37","slug":"facultes-de-polonais-dans-les-universites-belges","status":"publish","type":"page","link":"https:\/\/instytutpolski.pl\/brussels\/facultes-de-polonais-dans-les-universites-belges\/","title":{"rendered":"Apprendre le polonais dans les universit\u00e9s belges"},"content":{"rendered":"\n<p>En Belgique, Universit\u00e9 libre de Bruxelles (ULB) est la seule universit\u00e9 francophone \u00e0 dispenser un Bachelier et un Master en Langues et lettres slaves. Les \u00e9tudiants peuvent y acqu\u00e9rir une tr\u00e8s bonne connaissance de la litt\u00e9rature, de la culture et de la langue polonaise.<\/p>\n\n\n\n<div class=\"wp-block-image\"><figure class=\"aligncenter size-medium\"><a href=\"http:\/\/dll.ulb.ac.be\/2012\/03\/slav-presentation-de-la-filiere\"><img loading=\"lazy\" decoding=\"async\" width=\"300\" height=\"169\" src=\"https:\/\/instytutpolski.pl\/brussels\/wp-content\/uploads\/sites\/4\/2020\/05\/ulb_0-300x169.jpg\" alt=\"\" class=\"wp-image-3885\" srcset=\"https:\/\/instytutpolski.pl\/brussels\/wp-content\/uploads\/sites\/4\/2020\/05\/ulb_0-300x169.jpg 300w, https:\/\/instytutpolski.pl\/brussels\/wp-content\/uploads\/sites\/4\/2020\/05\/ulb_0-1024x576.jpg 1024w, https:\/\/instytutpolski.pl\/brussels\/wp-content\/uploads\/sites\/4\/2020\/05\/ulb_0-768x432.jpg 768w, https:\/\/instytutpolski.pl\/brussels\/wp-content\/uploads\/sites\/4\/2020\/05\/ulb_0.jpg 1248w\" sizes=\"auto, (max-width: 300px) 100vw, 300px\" \/><\/a><figcaption>Langues et lettres modernes, orientation Slaves<\/figcaption><\/figure><\/div>\n\n\n\n<p>Pour savoir plus \u00e0 propos du partenairat entre l&#8217;Universit\u00e9 libre de Bruxelles et l&#8217;Universit\u00e9 de Varsovie : <a rel=\"noopener noreferrer\" href=\"http:\/\/dll.ulb.ac.be\/co-diplomation\/\" target=\"_blank\">http:\/\/dll.ulb.ac.be\/co-diplomation\/<\/a>&nbsp;<\/p>\n\n\n\n<p>Universit\u00e9 de Mons (UMons) propose \u00e9galement des cours de la langue polonaise au sein de la Facult\u00e9 de Traduction et d&#8217;Interpr\u00e9tation. <\/p>\n\n\n\n<div class=\"wp-block-image\"><figure class=\"aligncenter size-medium\"><a href=\"http:\/\/portail.umons.ac.be\/FR\/universite\/facultes\/fti\/Pages\/default.aspx\"><img loading=\"lazy\" decoding=\"async\" width=\"300\" height=\"109\" src=\"https:\/\/instytutpolski.pl\/brussels\/wp-content\/uploads\/sites\/4\/2020\/05\/UMONS-Logo-1024x372-1-300x109.jpg\" alt=\"\" class=\"wp-image-3887\" srcset=\"https:\/\/instytutpolski.pl\/brussels\/wp-content\/uploads\/sites\/4\/2020\/05\/UMONS-Logo-1024x372-1-300x109.jpg 300w, https:\/\/instytutpolski.pl\/brussels\/wp-content\/uploads\/sites\/4\/2020\/05\/UMONS-Logo-1024x372-1-768x279.jpg 768w, https:\/\/instytutpolski.pl\/brussels\/wp-content\/uploads\/sites\/4\/2020\/05\/UMONS-Logo-1024x372-1.jpg 1024w\" sizes=\"auto, (max-width: 300px) 100vw, 300px\" \/><\/a><figcaption>Facult\u00e9 de Traduction et d&#8217;Interpr\u00e9tation<\/figcaption><\/figure><\/div>\n\n\n\n<p>L&#8217;Universit\u00e9 KU Leuven (Campus Brussels) est la seule en Flandre \u00e0 proposer des cours de polonais au niveau du bachelor et du master. Cela permet aux \u00e9tudiants d&#8217;\u00e9tudier le polonais en combinaison avec le n\u00e9erlandais (au niveau de la langue maternelle) et une autre langue europ\u00e9enne (anglais, fran\u00e7ais ou allemand). En Belgique, il n&#8217;y a pas d&#8217;autre \u00e9tablissement o\u00f9 ces combinaisons linguistiques sont propos\u00e9es.<\/p>\n\n\n\n<div class=\"wp-block-image\"><figure class=\"aligncenter size-medium\"><a href=\"https:\/\/www.arts.kuleuven.be\/nieuws\/pools-campus-brussel\"><img loading=\"lazy\" decoding=\"async\" width=\"300\" height=\"107\" src=\"https:\/\/instytutpolski.pl\/brussels\/wp-content\/uploads\/sites\/4\/2020\/06\/kuleuven-300x107.jpg\" alt=\"\" class=\"wp-image-4943\" srcset=\"https:\/\/instytutpolski.pl\/brussels\/wp-content\/uploads\/sites\/4\/2020\/06\/kuleuven-300x107.jpg 300w, https:\/\/instytutpolski.pl\/brussels\/wp-content\/uploads\/sites\/4\/2020\/06\/kuleuven.jpg 662w\" sizes=\"auto, (max-width: 300px) 100vw, 300px\" \/><\/a><figcaption>Facult\u00e9 des Lettres<\/figcaption><\/figure><\/div>\n\n\n","protected":false},"excerpt":{"rendered":"<p>En Belgique, Universit\u00e9 libre de Bruxelles (ULB) est la seule universit\u00e9 francophone \u00e0 dispenser un Bachelier et un Master en Langues et lettres slaves. Les \u00e9tudiants peuvent y acqu\u00e9rir une tr\u00e8s bonne connaissance de la litt\u00e9rature, de la culture et de la langue polonaise. Pour savoir plus \u00e0 propos du partenairat entre l&#8217;Universit\u00e9 libre de [&hellip;]<\/p>\n","protected":false},"author":1,"featured_media":866,"parent":0,"menu_order":0,"comment_status":"closed","ping_status":"closed","template":"","meta":{"inline_featured_image":false,"_monsterinsights_skip_tracking":false,"_monsterinsights_sitenote_active":false,"_monsterinsights_sitenote_note":"","_monsterinsights_sitenote_category":0,"footnotes":""},"class_list":["post-863","page","type-page","status-publish","has-post-thumbnail","hentry"],"yoast_head":"<!-- This site is optimized with the Yoast SEO plugin v24.6 - https:\/\/yoast.com\/wordpress\/plugins\/seo\/ -->\n<title>Apprendre le polonais dans les universit\u00e9s belges - Instytut Polski w Brukseli<\/title>\n<meta name=\"robots\" content=\"index, follow, max-snippet:-1, max-image-preview:large, max-video-preview:-1\" \/>\n<link rel=\"canonical\" href=\"https:\/\/instytutpolski.pl\/brussels\/facultes-de-polonais-dans-les-universites-belges\/\" \/>\n<meta property=\"og:locale\" content=\"pl_PL\" \/>\n<meta property=\"og:type\" content=\"article\" \/>\n<meta property=\"og:title\" content=\"Apprendre le polonais dans les universit\u00e9s belges - Instytut Polski w Brukseli\" \/>\n<meta property=\"og:description\" content=\"En Belgique, Universit\u00e9 libre de Bruxelles (ULB) est la seule universit\u00e9 francophone \u00e0 dispenser un Bachelier et un Master en Langues et lettres slaves. Les \u00e9tudiants peuvent y acqu\u00e9rir une tr\u00e8s bonne connaissance de la litt\u00e9rature, de la culture et de la langue polonaise. Pour savoir plus \u00e0 propos du partenairat entre l&#8217;Universit\u00e9 libre de [&hellip;]\" \/>\n<meta property=\"og:url\" content=\"https:\/\/instytutpolski.pl\/brussels\/facultes-de-polonais-dans-les-universites-belges\/\" \/>\n<meta property=\"og:site_name\" content=\"Instytut Polski w Brukseli\" \/>\n<meta property=\"article:modified_time\" content=\"2020-06-01T13:14:37+00:00\" \/>\n<meta property=\"og:image\" content=\"https:\/\/instytutpolski.pl\/brussels\/wp-content\/uploads\/sites\/4\/2019\/06\/lektoraty-jezyka-polskiego.jpg\" \/>\n\t<meta property=\"og:image:width\" content=\"1920\" \/>\n\t<meta property=\"og:image:height\" content=\"700\" \/>\n\t<meta property=\"og:image:type\" content=\"image\/jpeg\" \/>\n<meta name=\"twitter:card\" content=\"summary_large_image\" \/>\n<meta name=\"twitter:label1\" content=\"Szacowany czas czytania\" \/>\n\t<meta name=\"twitter:data1\" content=\"1 minuta\" \/>\n<script type=\"application\/ld+json\" class=\"yoast-schema-graph\">{\"@context\":\"https:\/\/schema.org\",\"@graph\":[{\"@type\":\"WebPage\",\"@id\":\"https:\/\/instytutpolski.pl\/brussels\/facultes-de-polonais-dans-les-universites-belges\/\",\"url\":\"https:\/\/instytutpolski.pl\/brussels\/facultes-de-polonais-dans-les-universites-belges\/\",\"name\":\"Apprendre le polonais dans les universit\u00e9s belges - Instytut Polski w Brukseli\",\"isPartOf\":{\"@id\":\"https:\/\/instytutpolski.pl\/brussels\/#website\"},\"primaryImageOfPage\":{\"@id\":\"https:\/\/instytutpolski.pl\/brussels\/facultes-de-polonais-dans-les-universites-belges\/#primaryimage\"},\"image\":{\"@id\":\"https:\/\/instytutpolski.pl\/brussels\/facultes-de-polonais-dans-les-universites-belges\/#primaryimage\"},\"thumbnailUrl\":\"https:\/\/instytutpolski.pl\/brussels\/wp-content\/uploads\/sites\/4\/2019\/06\/lektoraty-jezyka-polskiego.jpg\",\"datePublished\":\"2019-06-25T13:13:46+00:00\",\"dateModified\":\"2020-06-01T13:14:37+00:00\",\"breadcrumb\":{\"@id\":\"https:\/\/instytutpolski.pl\/brussels\/facultes-de-polonais-dans-les-universites-belges\/#breadcrumb\"},\"inLanguage\":\"pl-PL\",\"potentialAction\":[{\"@type\":\"ReadAction\",\"target\":[\"https:\/\/instytutpolski.pl\/brussels\/facultes-de-polonais-dans-les-universites-belges\/\"]}]},{\"@type\":\"ImageObject\",\"inLanguage\":\"pl-PL\",\"@id\":\"https:\/\/instytutpolski.pl\/brussels\/facultes-de-polonais-dans-les-universites-belges\/#primaryimage\",\"url\":\"https:\/\/instytutpolski.pl\/brussels\/wp-content\/uploads\/sites\/4\/2019\/06\/lektoraty-jezyka-polskiego.jpg\",\"contentUrl\":\"https:\/\/instytutpolski.pl\/brussels\/wp-content\/uploads\/sites\/4\/2019\/06\/lektoraty-jezyka-polskiego.jpg\",\"width\":1920,\"height\":700},{\"@type\":\"BreadcrumbList\",\"@id\":\"https:\/\/instytutpolski.pl\/brussels\/facultes-de-polonais-dans-les-universites-belges\/#breadcrumb\",\"itemListElement\":[{\"@type\":\"ListItem\",\"position\":1,\"name\":\"Home\",\"item\":\"https:\/\/instytutpolski.pl\/brussels\/\"},{\"@type\":\"ListItem\",\"position\":2,\"name\":\"Apprendre le polonais dans les universit\u00e9s belges\"}]},{\"@type\":\"WebSite\",\"@id\":\"https:\/\/instytutpolski.pl\/brussels\/#website\",\"url\":\"https:\/\/instytutpolski.pl\/brussels\/\",\"name\":\"Instytut Polski w Brukseli\",\"description\":\"Instytuty Polskie\",\"potentialAction\":[{\"@type\":\"SearchAction\",\"target\":{\"@type\":\"EntryPoint\",\"urlTemplate\":\"https:\/\/instytutpolski.pl\/brussels\/?s={search_term_string}\"},\"query-input\":{\"@type\":\"PropertyValueSpecification\",\"valueRequired\":true,\"valueName\":\"search_term_string\"}}],\"inLanguage\":\"pl-PL\"}]}<\/script>\n<!-- \/ Yoast SEO plugin. -->","yoast_head_json":{"title":"Apprendre le polonais dans les universit\u00e9s belges - Instytut Polski w Brukseli","robots":{"index":"index","follow":"follow","max-snippet":"max-snippet:-1","max-image-preview":"max-image-preview:large","max-video-preview":"max-video-preview:-1"},"canonical":"https:\/\/instytutpolski.pl\/brussels\/facultes-de-polonais-dans-les-universites-belges\/","og_locale":"pl_PL","og_type":"article","og_title":"Apprendre le polonais dans les universit\u00e9s belges - Instytut Polski w Brukseli","og_description":"En Belgique, Universit\u00e9 libre de Bruxelles (ULB) est la seule universit\u00e9 francophone \u00e0 dispenser un Bachelier et un Master en Langues et lettres slaves. Les \u00e9tudiants peuvent y acqu\u00e9rir une tr\u00e8s bonne connaissance de la litt\u00e9rature, de la culture et de la langue polonaise. Pour savoir plus \u00e0 propos du partenairat entre l&#8217;Universit\u00e9 libre de [&hellip;]","og_url":"https:\/\/instytutpolski.pl\/brussels\/facultes-de-polonais-dans-les-universites-belges\/","og_site_name":"Instytut Polski w Brukseli","article_modified_time":"2020-06-01T13:14:37+00:00","og_image":[{"width":1920,"height":700,"url":"https:\/\/instytutpolski.pl\/brussels\/wp-content\/uploads\/sites\/4\/2019\/06\/lektoraty-jezyka-polskiego.jpg","type":"image\/jpeg"}],"twitter_card":"summary_large_image","twitter_misc":{"Szacowany czas czytania":"1 minuta"},"schema":{"@context":"https:\/\/schema.org","@graph":[{"@type":"WebPage","@id":"https:\/\/instytutpolski.pl\/brussels\/facultes-de-polonais-dans-les-universites-belges\/","url":"https:\/\/instytutpolski.pl\/brussels\/facultes-de-polonais-dans-les-universites-belges\/","name":"Apprendre le polonais dans les universit\u00e9s belges - Instytut Polski w Brukseli","isPartOf":{"@id":"https:\/\/instytutpolski.pl\/brussels\/#website"},"primaryImageOfPage":{"@id":"https:\/\/instytutpolski.pl\/brussels\/facultes-de-polonais-dans-les-universites-belges\/#primaryimage"},"image":{"@id":"https:\/\/instytutpolski.pl\/brussels\/facultes-de-polonais-dans-les-universites-belges\/#primaryimage"},"thumbnailUrl":"https:\/\/instytutpolski.pl\/brussels\/wp-content\/uploads\/sites\/4\/2019\/06\/lektoraty-jezyka-polskiego.jpg","datePublished":"2019-06-25T13:13:46+00:00","dateModified":"2020-06-01T13:14:37+00:00","breadcrumb":{"@id":"https:\/\/instytutpolski.pl\/brussels\/facultes-de-polonais-dans-les-universites-belges\/#breadcrumb"},"inLanguage":"pl-PL","potentialAction":[{"@type":"ReadAction","target":["https:\/\/instytutpolski.pl\/brussels\/facultes-de-polonais-dans-les-universites-belges\/"]}]},{"@type":"ImageObject","inLanguage":"pl-PL","@id":"https:\/\/instytutpolski.pl\/brussels\/facultes-de-polonais-dans-les-universites-belges\/#primaryimage","url":"https:\/\/instytutpolski.pl\/brussels\/wp-content\/uploads\/sites\/4\/2019\/06\/lektoraty-jezyka-polskiego.jpg","contentUrl":"https:\/\/instytutpolski.pl\/brussels\/wp-content\/uploads\/sites\/4\/2019\/06\/lektoraty-jezyka-polskiego.jpg","width":1920,"height":700},{"@type":"BreadcrumbList","@id":"https:\/\/instytutpolski.pl\/brussels\/facultes-de-polonais-dans-les-universites-belges\/#breadcrumb","itemListElement":[{"@type":"ListItem","position":1,"name":"Home","item":"https:\/\/instytutpolski.pl\/brussels\/"},{"@type":"ListItem","position":2,"name":"Apprendre le polonais dans les universit\u00e9s belges"}]},{"@type":"WebSite","@id":"https:\/\/instytutpolski.pl\/brussels\/#website","url":"https:\/\/instytutpolski.pl\/brussels\/","name":"Instytut Polski w Brukseli","description":"Instytuty Polskie","potentialAction":[{"@type":"SearchAction","target":{"@type":"EntryPoint","urlTemplate":"https:\/\/instytutpolski.pl\/brussels\/?s={search_term_string}"},"query-input":{"@type":"PropertyValueSpecification","valueRequired":true,"valueName":"search_term_string"}}],"inLanguage":"pl-PL"}]}},"_links":{"self":[{"href":"https:\/\/instytutpolski.pl\/brussels\/wp-json\/wp\/v2\/pages\/863","targetHints":{"allow":["GET"]}}],"collection":[{"href":"https:\/\/instytutpolski.pl\/brussels\/wp-json\/wp\/v2\/pages"}],"about":[{"href":"https:\/\/instytutpolski.pl\/brussels\/wp-json\/wp\/v2\/types\/page"}],"author":[{"embeddable":true,"href":"https:\/\/instytutpolski.pl\/brussels\/wp-json\/wp\/v2\/users\/1"}],"replies":[{"embeddable":true,"href":"https:\/\/instytutpolski.pl\/brussels\/wp-json\/wp\/v2\/comments?post=863"}],"version-history":[{"count":10,"href":"https:\/\/instytutpolski.pl\/brussels\/wp-json\/wp\/v2\/pages\/863\/revisions"}],"predecessor-version":[{"id":4947,"href":"https:\/\/instytutpolski.pl\/brussels\/wp-json\/wp\/v2\/pages\/863\/revisions\/4947"}],"wp:featuredmedia":[{"embeddable":true,"href":"https:\/\/instytutpolski.pl\/brussels\/wp-json\/wp\/v2\/media\/866"}],"wp:attachment":[{"href":"https:\/\/instytutpolski.pl\/brussels\/wp-json\/wp\/v2\/media?parent=863"}],"curies":[{"name":"wp","href":"https:\/\/api.w.org\/{rel}","templated":true}]}}