{"id":894,"date":"2019-06-25T15:18:31","date_gmt":"2019-06-25T13:18:31","guid":{"rendered":"https:\/\/instytutpolski.pl\/bruksela\/?page_id=894"},"modified":"2023-12-14T13:41:34","modified_gmt":"2023-12-14T12:41:34","slug":"a-propos-de-linstitut-polonais","status":"publish","type":"page","link":"https:\/\/instytutpolski.pl\/brussels\/a-propos-de-linstitut-polonais\/","title":{"rendered":"\u00c0 propos de l&#8217;Institut polonais"},"content":{"rendered":"\n<p>La mission principale de l&#8217;Institut Polonais Bruxelles est de promouvoir la culture polonaise, d\u2019encourager le rayonnement de la Pologne au-del\u00e0 de ses fronti\u00e8res, mais aussi d\u2019initier et d&#8217;approfondir le dialogue au Royaume de Belgique et au Grand-Duch\u00e9 de Luxembourg en favorisant la coop\u00e9ration culturelle internationale. Son objectif essentiel est de faire conna\u00eetre la Pologne en maintenant un lien constant avec l\u2019actualit\u00e9 intellectuelle et artistique polonaise. Cette vocation s&#8217;\u00e9tend \u00e9galement \u00e0 la diffusion de la connaissance de son histoire et de son patrimoine national, ainsi qu\u2019au d\u00e9veloppement des \u00e9changes culturels, \u00e9ducatifs, scientifiques et sociaux.<\/p>\n<p>L&#8217;Institut Polonais Bruxelles existe depuis 2009 et fait partie d&#8217;un r\u00e9seau international de 25 Instituts Polonais qui agissent sous la tutelle du <a href=\"https:\/\/www.gov.pl\/web\/dyplomacja\">Minist\u00e8re des Affaires Etrang\u00e8res de la R\u00e9publique de Pologne.<\/a><span class=\"Apple-converted-space\">\u00a0<\/span><\/p>\n<p><a href=\"https:\/\/www.youtube.com\/watch?v=wirjFOFdXXI\">https:\/\/www.youtube.com\/watch?v=wirjFOFdXXI<\/a><\/p>\n\n\n\n<figure class=\"wp-block-image size-large\"><img loading=\"lazy\" decoding=\"async\" width=\"1024\" height=\"576\" src=\"https:\/\/instytutpolski.pl\/brussels\/wp-content\/uploads\/sites\/4\/2020\/06\/nowa-mapa-IP-1024x576.png\" alt=\"\" class=\"wp-image-5097\" srcset=\"https:\/\/instytutpolski.pl\/brussels\/wp-content\/uploads\/sites\/4\/2020\/06\/nowa-mapa-IP-1024x576.png 1024w, https:\/\/instytutpolski.pl\/brussels\/wp-content\/uploads\/sites\/4\/2020\/06\/nowa-mapa-IP-300x169.png 300w, https:\/\/instytutpolski.pl\/brussels\/wp-content\/uploads\/sites\/4\/2020\/06\/nowa-mapa-IP-768x432.png 768w, https:\/\/instytutpolski.pl\/brussels\/wp-content\/uploads\/sites\/4\/2020\/06\/nowa-mapa-IP-1536x864.png 1536w, https:\/\/instytutpolski.pl\/brussels\/wp-content\/uploads\/sites\/4\/2020\/06\/nowa-mapa-IP-2048x1152.png 2048w, https:\/\/instytutpolski.pl\/brussels\/wp-content\/uploads\/sites\/4\/2020\/06\/nowa-mapa-IP-1920x1080.png 1920w, https:\/\/instytutpolski.pl\/brussels\/wp-content\/uploads\/sites\/4\/2020\/06\/nowa-mapa-IP-1120x630.png 1120w\" sizes=\"auto, (max-width: 1024px) 100vw, 1024px\" \/><figcaption class=\"wp-element-caption\"><a href=\"https:\/\/instytutpolski.pl\">https:\/\/instytutpolski.pl<\/a><\/figcaption><\/figure>\n\n\n\n<p><strong>Voici la liste des Instituts polonais dans le monde&nbsp;:<br><\/strong><\/p>\n\n\n\n<p>Institute Polonais de Berlin : <a href=\"https:\/\/instytutpolski.pl\/berlin\">https:\/\/instytutpolski.pl\/berlin\/<\/a><\/p>\n\n\n\n<p>Institute Polonais de Berlin \u2013 filiale de Leipzig : <a href=\"https:\/\/instytutpolski.pl\/leipzig\/\">https:\/\/instytutpolski.pl\/leipzig\/<\/a><\/p>\n\n\n\n<p>Institute Polonais de&nbsp;Bratislava : <a href=\"https:\/\/instytutpolski.pl\/bratislava\/\">https:\/\/instytutpolski.pl\/bratislava\/<\/a><\/p>\n\n\n\n<p>Institute Polonais de Bruxelles : <a href=\"https:\/\/instytutpolski.pl\/brussels\/\">https:\/\/instytutpolski.pl\/brussels\/<\/a><\/p>\n\n\n\n<p>Institute Polonais de&nbsp;Budapest : <a href=\"https:\/\/instytutpolski.pl\/budapest\/\">https:\/\/instytutpolski.pl\/budapest\/<\/a><\/p>\n\n\n\n<p>Institute Polonais de Bucurest :&nbsp;<a href=\"https:\/\/instytutpolski.pl\/bucuresti\/\">https:\/\/instytutpolski.pl\/bucuresti\/<\/a><\/p>\n\n\n\n<p>Institute Polonais de&nbsp;D\u00fcsseldorf :<a href=\"https:\/\/instytutpolski.pl\/duesseldorf\/\"> https:\/\/instytutpolski.pl\/duesseldorf\/<\/a><\/p>\n\n\n\n<p>Institute Polonais de&nbsp;Kiev : <a href=\"https:\/\/instytutpolski.pl\/kyiv\/\">https:\/\/instytutpolski.pl\/kyiv\/<\/a><\/p>\n\n\n\n<p>Institut de la culture polonaise de Londres&nbsp; : <a href=\"https:\/\/instytutpolski.pl\/london\/\">https:\/\/instytutpolski.pl\/london\/<\/a><\/p>\n\n\n\n<p>Institute Polonais de&nbsp;Madrid :<a href=\"https:\/\/instytutpolski.pl\/madrid\/\"> https:\/\/instytutpolski.pl\/madrid\/<\/a><\/p>\n\n\n\n<p>Institute Polonais de&nbsp;Minsk : <a href=\"https:\/\/instytutpolski.pl\/minsk\/\">https:\/\/instytutpolski.pl\/minsk\/<\/a><\/p>\n\n\n\n<p>Institute Polonais de&nbsp;Moscou :<a href=\"https:\/\/instytutpolski.pl\/moskva\/\"> https:\/\/instytutpolski.pl\/moskva\/<\/a><\/p>\n\n\n\n<p>Institute Polonais de New Delhi : <a href=\"https:\/\/instytutpolski.pl\/newdelhi\/\">https:\/\/instytutpolski.pl\/newdelhi\/<\/a><\/p>\n\n\n\n<p>Institute Polonais de New York: <a href=\"https:\/\/instytutpolski.pl\/newyork\/\">https:\/\/instytutpolski.pl\/newyork\/<\/a><\/p>\n\n\n\n<p>Institute Polonais de&nbsp;Paris: <a href=\"https:\/\/instytutpolski.pl\/paris\/\">https:\/\/instytutpolski.pl\/paris\/<\/a><\/p>\n\n\n\n<p>Institut Polonais de Pekin : <a href=\"https:\/\/instytutpolski.pl\/beijing\/\">https:\/\/instytutpolski.pl\/beijing\/<\/a><\/p>\n\n\n\n<p>Institute Polonais de&nbsp;Prague: <a href=\"https:\/\/instytutpolski.pl\/praha\/\">https:\/\/instytutpolski.pl\/praha\/<\/a><\/p>\n\n\n\n<p>Institute Polonais de Rome: <a href=\"http:\/\/www.istitutopolacco.it\/\">www.istitutopolacco.it<\/a><\/p>\n\n\n\n<p>Institute Polonais de&nbsp;St-Petersburg: <a href=\"https:\/\/instytutpolski.pl\/petersburg\/\">https:\/\/instytutpolski.pl\/petersburg\/<\/a><\/p>\n\n\n\n<p>Institute Polonais de&nbsp;Sophia: <a href=\"https:\/\/instytutpolski.pl\/sofia\/\">https:\/\/instytutpolski.pl\/sofia\/<\/a><\/p>\n\n\n\n<p>Institute Polonais de&nbsp;Stockholm:<a href=\"https:\/\/instytutpolski.pl\/stockholm\/\"> https:\/\/instytutpolski.pl\/stockholm\/<\/a><\/p>\n\n\n\n<p>Institute Polonais de Tel-Aviv: <a href=\"https:\/\/instytutpolski.pl\/telaviv\/\">https:\/\/instytutpolski.pl\/telaviv\/<\/a><\/p>\n\n\n\n<p>Institute Polonais de&nbsp;Vienna: <a href=\"https:\/\/instytutpolski.pl\/wien\/\">https:\/\/instytutpolski.pl\/wien\/<\/a><\/p>\n\n\n\n<p>Institute Polonais de&nbsp;Vilnius: <a href=\"https:\/\/instytutpolski.pl\/vilnius\/\">https:\/\/instytutpolski.pl\/vilnius\/<\/a><\/p>\n\n\n\n<p>Institute Polonais de Tokyo: <a href=\"https:\/\/instytutpolski.pl\/tokyo\/\">https:\/\/instytutpolski.pl\/tokyo\/<\/a><\/p>\n\n\n\n<div class=\"wp-block-group\"><div class=\"wp-block-group__inner-container is-layout-flow wp-block-group-is-layout-flow\"><\/div><\/div>\n\n\n","protected":false},"excerpt":{"rendered":"<p>La mission principale de l&#8217;Institut Polonais Bruxelles est de promouvoir la culture polonaise, d\u2019encourager le rayonnement de la Pologne au-del\u00e0 de ses fronti\u00e8res, mais aussi d\u2019initier et d&#8217;approfondir le dialogue au Royaume de Belgique et au Grand-Duch\u00e9 de Luxembourg en favorisant la coop\u00e9ration culturelle internationale. Son objectif essentiel est de faire conna\u00eetre la Pologne en [&hellip;]<\/p>\n","protected":false},"author":125,"featured_media":5973,"parent":0,"menu_order":0,"comment_status":"closed","ping_status":"closed","template":"","meta":{"inline_featured_image":false,"_monsterinsights_skip_tracking":false,"_monsterinsights_sitenote_active":false,"_monsterinsights_sitenote_note":"","_monsterinsights_sitenote_category":0,"footnotes":""},"class_list":["post-894","page","type-page","status-publish","has-post-thumbnail","hentry"],"yoast_head":"<!-- This site is optimized with the Yoast SEO plugin v24.6 - https:\/\/yoast.com\/wordpress\/plugins\/seo\/ -->\n<title>\u00c0 propos de l&#039;Institut polonais - Instytut Polski w Brukseli<\/title>\n<meta name=\"robots\" content=\"index, follow, max-snippet:-1, max-image-preview:large, max-video-preview:-1\" \/>\n<link rel=\"canonical\" href=\"https:\/\/instytutpolski.pl\/brussels\/a-propos-de-linstitut-polonais\/\" \/>\n<meta property=\"og:locale\" content=\"pl_PL\" \/>\n<meta property=\"og:type\" content=\"article\" \/>\n<meta property=\"og:title\" content=\"\u00c0 propos de l&#039;Institut polonais - Instytut Polski w Brukseli\" \/>\n<meta property=\"og:description\" content=\"La mission principale de l&#8217;Institut Polonais Bruxelles est de promouvoir la culture polonaise, d\u2019encourager le rayonnement de la Pologne au-del\u00e0 de ses fronti\u00e8res, mais aussi d\u2019initier et d&#8217;approfondir le dialogue au Royaume de Belgique et au Grand-Duch\u00e9 de Luxembourg en favorisant la coop\u00e9ration culturelle internationale. Son objectif essentiel est de faire conna\u00eetre la Pologne en [&hellip;]\" \/>\n<meta property=\"og:url\" content=\"https:\/\/instytutpolski.pl\/brussels\/a-propos-de-linstitut-polonais\/\" \/>\n<meta property=\"og:site_name\" content=\"Instytut Polski w Brukseli\" \/>\n<meta property=\"article:modified_time\" content=\"2023-12-14T12:41:34+00:00\" \/>\n<meta property=\"og:image\" content=\"https:\/\/instytutpolski.pl\/brussels\/wp-content\/uploads\/sites\/4\/2020\/10\/IMG_7119-3-scaled.jpg\" \/>\n\t<meta property=\"og:image:width\" content=\"2560\" \/>\n\t<meta property=\"og:image:height\" content=\"1920\" \/>\n\t<meta property=\"og:image:type\" content=\"image\/jpeg\" \/>\n<meta name=\"twitter:card\" content=\"summary_large_image\" \/>\n<meta name=\"twitter:label1\" content=\"Szacowany czas czytania\" \/>\n\t<meta name=\"twitter:data1\" content=\"2 minuty\" \/>\n<script type=\"application\/ld+json\" class=\"yoast-schema-graph\">{\"@context\":\"https:\/\/schema.org\",\"@graph\":[{\"@type\":\"WebPage\",\"@id\":\"https:\/\/instytutpolski.pl\/brussels\/a-propos-de-linstitut-polonais\/\",\"url\":\"https:\/\/instytutpolski.pl\/brussels\/a-propos-de-linstitut-polonais\/\",\"name\":\"\u00c0 propos de l'Institut polonais - Instytut Polski w Brukseli\",\"isPartOf\":{\"@id\":\"https:\/\/instytutpolski.pl\/brussels\/#website\"},\"primaryImageOfPage\":{\"@id\":\"https:\/\/instytutpolski.pl\/brussels\/a-propos-de-linstitut-polonais\/#primaryimage\"},\"image\":{\"@id\":\"https:\/\/instytutpolski.pl\/brussels\/a-propos-de-linstitut-polonais\/#primaryimage\"},\"thumbnailUrl\":\"https:\/\/instytutpolski.pl\/brussels\/wp-content\/uploads\/sites\/4\/2020\/10\/IMG_7119-3-scaled.jpg\",\"datePublished\":\"2019-06-25T13:18:31+00:00\",\"dateModified\":\"2023-12-14T12:41:34+00:00\",\"breadcrumb\":{\"@id\":\"https:\/\/instytutpolski.pl\/brussels\/a-propos-de-linstitut-polonais\/#breadcrumb\"},\"inLanguage\":\"pl-PL\",\"potentialAction\":[{\"@type\":\"ReadAction\",\"target\":[\"https:\/\/instytutpolski.pl\/brussels\/a-propos-de-linstitut-polonais\/\"]}]},{\"@type\":\"ImageObject\",\"inLanguage\":\"pl-PL\",\"@id\":\"https:\/\/instytutpolski.pl\/brussels\/a-propos-de-linstitut-polonais\/#primaryimage\",\"url\":\"https:\/\/instytutpolski.pl\/brussels\/wp-content\/uploads\/sites\/4\/2020\/10\/IMG_7119-3-scaled.jpg\",\"contentUrl\":\"https:\/\/instytutpolski.pl\/brussels\/wp-content\/uploads\/sites\/4\/2020\/10\/IMG_7119-3-scaled.jpg\",\"width\":2560,\"height\":1920},{\"@type\":\"BreadcrumbList\",\"@id\":\"https:\/\/instytutpolski.pl\/brussels\/a-propos-de-linstitut-polonais\/#breadcrumb\",\"itemListElement\":[{\"@type\":\"ListItem\",\"position\":1,\"name\":\"Home\",\"item\":\"https:\/\/instytutpolski.pl\/brussels\/\"},{\"@type\":\"ListItem\",\"position\":2,\"name\":\"\u00c0 propos de l&#8217;Institut polonais\"}]},{\"@type\":\"WebSite\",\"@id\":\"https:\/\/instytutpolski.pl\/brussels\/#website\",\"url\":\"https:\/\/instytutpolski.pl\/brussels\/\",\"name\":\"Instytut Polski w Brukseli\",\"description\":\"Instytuty Polskie\",\"potentialAction\":[{\"@type\":\"SearchAction\",\"target\":{\"@type\":\"EntryPoint\",\"urlTemplate\":\"https:\/\/instytutpolski.pl\/brussels\/?s={search_term_string}\"},\"query-input\":{\"@type\":\"PropertyValueSpecification\",\"valueRequired\":true,\"valueName\":\"search_term_string\"}}],\"inLanguage\":\"pl-PL\"}]}<\/script>\n<!-- \/ Yoast SEO plugin. -->","yoast_head_json":{"title":"\u00c0 propos de l'Institut polonais - Instytut Polski w Brukseli","robots":{"index":"index","follow":"follow","max-snippet":"max-snippet:-1","max-image-preview":"max-image-preview:large","max-video-preview":"max-video-preview:-1"},"canonical":"https:\/\/instytutpolski.pl\/brussels\/a-propos-de-linstitut-polonais\/","og_locale":"pl_PL","og_type":"article","og_title":"\u00c0 propos de l'Institut polonais - Instytut Polski w Brukseli","og_description":"La mission principale de l&#8217;Institut Polonais Bruxelles est de promouvoir la culture polonaise, d\u2019encourager le rayonnement de la Pologne au-del\u00e0 de ses fronti\u00e8res, mais aussi d\u2019initier et d&#8217;approfondir le dialogue au Royaume de Belgique et au Grand-Duch\u00e9 de Luxembourg en favorisant la coop\u00e9ration culturelle internationale. Son objectif essentiel est de faire conna\u00eetre la Pologne en [&hellip;]","og_url":"https:\/\/instytutpolski.pl\/brussels\/a-propos-de-linstitut-polonais\/","og_site_name":"Instytut Polski w Brukseli","article_modified_time":"2023-12-14T12:41:34+00:00","og_image":[{"width":2560,"height":1920,"url":"https:\/\/instytutpolski.pl\/brussels\/wp-content\/uploads\/sites\/4\/2020\/10\/IMG_7119-3-scaled.jpg","type":"image\/jpeg"}],"twitter_card":"summary_large_image","twitter_misc":{"Szacowany czas czytania":"2 minuty"},"schema":{"@context":"https:\/\/schema.org","@graph":[{"@type":"WebPage","@id":"https:\/\/instytutpolski.pl\/brussels\/a-propos-de-linstitut-polonais\/","url":"https:\/\/instytutpolski.pl\/brussels\/a-propos-de-linstitut-polonais\/","name":"\u00c0 propos de l'Institut polonais - Instytut Polski w Brukseli","isPartOf":{"@id":"https:\/\/instytutpolski.pl\/brussels\/#website"},"primaryImageOfPage":{"@id":"https:\/\/instytutpolski.pl\/brussels\/a-propos-de-linstitut-polonais\/#primaryimage"},"image":{"@id":"https:\/\/instytutpolski.pl\/brussels\/a-propos-de-linstitut-polonais\/#primaryimage"},"thumbnailUrl":"https:\/\/instytutpolski.pl\/brussels\/wp-content\/uploads\/sites\/4\/2020\/10\/IMG_7119-3-scaled.jpg","datePublished":"2019-06-25T13:18:31+00:00","dateModified":"2023-12-14T12:41:34+00:00","breadcrumb":{"@id":"https:\/\/instytutpolski.pl\/brussels\/a-propos-de-linstitut-polonais\/#breadcrumb"},"inLanguage":"pl-PL","potentialAction":[{"@type":"ReadAction","target":["https:\/\/instytutpolski.pl\/brussels\/a-propos-de-linstitut-polonais\/"]}]},{"@type":"ImageObject","inLanguage":"pl-PL","@id":"https:\/\/instytutpolski.pl\/brussels\/a-propos-de-linstitut-polonais\/#primaryimage","url":"https:\/\/instytutpolski.pl\/brussels\/wp-content\/uploads\/sites\/4\/2020\/10\/IMG_7119-3-scaled.jpg","contentUrl":"https:\/\/instytutpolski.pl\/brussels\/wp-content\/uploads\/sites\/4\/2020\/10\/IMG_7119-3-scaled.jpg","width":2560,"height":1920},{"@type":"BreadcrumbList","@id":"https:\/\/instytutpolski.pl\/brussels\/a-propos-de-linstitut-polonais\/#breadcrumb","itemListElement":[{"@type":"ListItem","position":1,"name":"Home","item":"https:\/\/instytutpolski.pl\/brussels\/"},{"@type":"ListItem","position":2,"name":"\u00c0 propos de l&#8217;Institut polonais"}]},{"@type":"WebSite","@id":"https:\/\/instytutpolski.pl\/brussels\/#website","url":"https:\/\/instytutpolski.pl\/brussels\/","name":"Instytut Polski w Brukseli","description":"Instytuty Polskie","potentialAction":[{"@type":"SearchAction","target":{"@type":"EntryPoint","urlTemplate":"https:\/\/instytutpolski.pl\/brussels\/?s={search_term_string}"},"query-input":{"@type":"PropertyValueSpecification","valueRequired":true,"valueName":"search_term_string"}}],"inLanguage":"pl-PL"}]}},"_links":{"self":[{"href":"https:\/\/instytutpolski.pl\/brussels\/wp-json\/wp\/v2\/pages\/894","targetHints":{"allow":["GET"]}}],"collection":[{"href":"https:\/\/instytutpolski.pl\/brussels\/wp-json\/wp\/v2\/pages"}],"about":[{"href":"https:\/\/instytutpolski.pl\/brussels\/wp-json\/wp\/v2\/types\/page"}],"author":[{"embeddable":true,"href":"https:\/\/instytutpolski.pl\/brussels\/wp-json\/wp\/v2\/users\/125"}],"replies":[{"embeddable":true,"href":"https:\/\/instytutpolski.pl\/brussels\/wp-json\/wp\/v2\/comments?post=894"}],"version-history":[{"count":15,"href":"https:\/\/instytutpolski.pl\/brussels\/wp-json\/wp\/v2\/pages\/894\/revisions"}],"predecessor-version":[{"id":13288,"href":"https:\/\/instytutpolski.pl\/brussels\/wp-json\/wp\/v2\/pages\/894\/revisions\/13288"}],"wp:featuredmedia":[{"embeddable":true,"href":"https:\/\/instytutpolski.pl\/brussels\/wp-json\/wp\/v2\/media\/5973"}],"wp:attachment":[{"href":"https:\/\/instytutpolski.pl\/brussels\/wp-json\/wp\/v2\/media?parent=894"}],"curies":[{"name":"wp","href":"https:\/\/api.w.org\/{rel}","templated":true}]}}