{"version":"1.0","provider_name":"Instytut Polski w Bukareszcie","provider_url":"https:\/\/instytutpolski.pl\/bucuresti","author_name":"nicolaua","author_url":"https:\/\/instytutpolski.pl\/bucuresti\/author\/nicolaua\/","title":"Concerte de org\u0103, la Chi\u0219in\u0103u \u0219i Bucure\u0219ti - Instytut Polski w Bukareszcie","type":"rich","width":600,"height":338,"html":"<blockquote class=\"wp-embedded-content\" data-secret=\"Tf4HX0mZIt\"><a href=\"https:\/\/instytutpolski.pl\/bucuresti\/2015\/10\/23\/concerte-de-orga-la-chisinau-si-bucuresti\/\">Concerte de org\u0103, la Chi\u0219in\u0103u \u0219i Bucure\u0219ti<\/a><\/blockquote><iframe sandbox=\"allow-scripts\" security=\"restricted\" src=\"https:\/\/instytutpolski.pl\/bucuresti\/2015\/10\/23\/concerte-de-orga-la-chisinau-si-bucuresti\/embed\/#?secret=Tf4HX0mZIt\" width=\"600\" height=\"338\" title=\"&#8222;Concerte de org\u0103, la Chi\u0219in\u0103u \u0219i Bucure\u0219ti&#8221; &#8212; Instytut Polski w Bukareszcie\" data-secret=\"Tf4HX0mZIt\" frameborder=\"0\" marginwidth=\"0\" marginheight=\"0\" scrolling=\"no\" class=\"wp-embedded-content\"><\/iframe><script type=\"text\/javascript\">\n\/* <![CDATA[ *\/\n\/*! This file is auto-generated *\/\n!function(d,l){\"use strict\";l.querySelector&&d.addEventListener&&\"undefined\"!=typeof URL&&(d.wp=d.wp||{},d.wp.receiveEmbedMessage||(d.wp.receiveEmbedMessage=function(e){var t=e.data;if((t||t.secret||t.message||t.value)&&!\/[^a-zA-Z0-9]\/.test(t.secret)){for(var s,r,n,a=l.querySelectorAll('iframe[data-secret=\"'+t.secret+'\"]'),o=l.querySelectorAll('blockquote[data-secret=\"'+t.secret+'\"]'),c=new RegExp(\"^https?:$\",\"i\"),i=0;i<o.length;i++)o[i].style.display=\"none\";for(i=0;i<a.length;i++)s=a[i],e.source===s.contentWindow&&(s.removeAttribute(\"style\"),\"height\"===t.message?(1e3<(r=parseInt(t.value,10))?r=1e3:~~r<200&&(r=200),s.height=r):\"link\"===t.message&&(r=new URL(s.getAttribute(\"src\")),n=new URL(t.value),c.test(n.protocol))&&n.host===r.host&&l.activeElement===s&&(d.top.location.href=t.value))}},d.addEventListener(\"message\",d.wp.receiveEmbedMessage,!1),l.addEventListener(\"DOMContentLoaded\",function(){for(var e,t,s=l.querySelectorAll(\"iframe.wp-embedded-content\"),r=0;r<s.length;r++)(t=(e=s[r]).getAttribute(\"data-secret\"))||(t=Math.random().toString(36).substring(2,12),e.src+=\"#?secret=\"+t,e.setAttribute(\"data-secret\",t)),e.contentWindow.postMessage({message:\"ready\",secret:t},\"*\")},!1)))}(window,document);\n\/* ]]> *\/\n<\/script>\n","thumbnail_url":"https:\/\/instytutpolski.pl\/bucuresti\/wp-content\/uploads\/sites\/11\/2020\/06\/concerte-de-orga-la-chisinau-si-bucuresti.jpg","thumbnail_width":858,"thumbnail_height":570,"description":"Mar\u021bi, 20 octombrie 2015, ora 19:00 &#8211; Recital la\u00a0Sala cu Org\u0103 din Chi\u0219in\u0103u Program: Johann Sebastian Bach &#8211; Preludiu \u0219i fug\u0103 \u00een Mi-major BWV 566\u00a0\u00a0\u00a0\u00a0\u00a0\u00a0\u00a0\u00a0\u00a0\u00a0\u00a0\u00a0\u00a0\u00a0\u00a0\u00a0\u00a0\u00a0\u00a0\u00a0\u00a0\u00a0\u00a0\u00a0\u00a0\u00a0\u00a0\u00a0\u00a0\u00a0\u00a0\u00a0\u00a0 &#8211; Preludii coraleEdward Grieg \u2013 Dans norvegian op. 35 nr. 1 (transcrip\u021bie pentru org\u0103)Mieczys\u0142aw Surzy\u0144ski &#8211; Chant triste din op.36Enrico Bossi \u2013 Scherzo op. 49 nr. 2Hans-Andr\u00e9 Stamm \u2013 Rondo [&hellip;]"}

Concerte de orgă, la Chișinău și București - Instytut Polski w Bukareszcie

<blockquote class="wp-embedded-content" data-secret="Tf4HX0mZIt"><a href="https://instytutpolski.pl/bucuresti/2015/10/23/concerte-de-orga-la-chisinau-si-bucuresti/">Concerte de orgă, la Chișinău și București</a></blockquote><iframe sandbox="allow-scripts" security="restricted" src="https://instytutpolski.pl/bucuresti/2015/10/23/concerte-de-orga-la-chisinau-si-bucuresti/embed/#?secret=Tf4HX0mZIt" width="600" height="338" title="&#8222;Concerte de orgă, la Chișinău și București&#8221; &#8212; Instytut Polski w Bukareszcie" data-secret="Tf4HX0mZIt" frameborder="0" marginwidth="0" marginheight="0" scrolling="no" class="wp-embedded-content"></iframe><script type="text/javascript">
/* <![CDATA[ */
/*! This file is auto-generated */
!function(d,l){"use strict";l.querySelector&&d.addEventListener&&"undefined"!=typeof URL&&(d.wp=d.wp||{},d.wp.receiveEmbedMessage||(d.wp.receiveEmbedMessage=function(e){var t=e.data;if((t||t.secret||t.message||t.value)&&!/[^a-zA-Z0-9]/.test(t.secret)){for(var s,r,n,a=l.querySelectorAll('iframe[data-secret="'+t.secret+'"]'),o=l.querySelectorAll('blockquote[data-secret="'+t.secret+'"]'),c=new RegExp("^https?:$","i"),i=0;i<o.length;i++)o[i].style.display="none";for(i=0;i<a.length;i++)s=a[i],e.source===s.contentWindow&&(s.removeAttribute("style"),"height"===t.message?(1e3<(r=parseInt(t.value,10))?r=1e3:~~r<200&&(r=200),s.height=r):"link"===t.message&&(r=new URL(s.getAttribute("src")),n=new URL(t.value),c.test(n.protocol))&&n.host===r.host&&l.activeElement===s&&(d.top.location.href=t.value))}},d.addEventListener("message",d.wp.receiveEmbedMessage,!1),l.addEventListener("DOMContentLoaded",function(){for(var e,t,s=l.querySelectorAll("iframe.wp-embedded-content"),r=0;r<s.length;r++)(t=(e=s[r]).getAttribute("data-secret"))||(t=Math.random().toString(36).substring(2,12),e.src+="#?secret="+t,e.setAttribute("data-secret",t)),e.contentWindow.postMessage({message:"ready",secret:t},"*")},!1)))}(window,document);
/* ]]> */
</script>

Marți, 20 octombrie 2015, ora 19:00 &#8211; Recital la Sala cu Orgă din Chișinău Program: Johann Sebastian Bach &#8211; Preludiu și fugă în Mi-major BWV 566                                  &#8211; Preludii coraleEdward Grieg – Dans norvegian op. 35 nr. 1 (transcripție pentru orgă)Mieczysław Surzyński &#8211; Chant triste din op.36Enrico Bossi – Scherzo op. 49 nr. 2Hans-André Stamm – Rondo [&hellip;]
