{"version":"1.0","provider_name":"Instytut Polski w Bukareszcie","provider_url":"https:\/\/instytutpolski.pl\/bucuresti","author_name":"rutkowskip","author_url":"https:\/\/instytutpolski.pl\/bucuresti\/author\/rutkowskip\/","title":"Teatru polonez la Festivalul de la Sibiu - Instytut Polski w Bukareszcie","type":"rich","width":600,"height":338,"html":"<blockquote class=\"wp-embedded-content\" data-secret=\"mav0q2wM1p\"><a href=\"https:\/\/instytutpolski.pl\/bucuresti\/2016\/06\/09\/teatru-polonez-la-festivalul-de-la-sibiu-2\/\">Teatru polonez la Festivalul de la Sibiu<\/a><\/blockquote><iframe sandbox=\"allow-scripts\" security=\"restricted\" src=\"https:\/\/instytutpolski.pl\/bucuresti\/2016\/06\/09\/teatru-polonez-la-festivalul-de-la-sibiu-2\/embed\/#?secret=mav0q2wM1p\" width=\"600\" height=\"338\" title=\"&#8222;Teatru polonez la Festivalul de la Sibiu&#8221; &#8212; Instytut Polski w Bukareszcie\" data-secret=\"mav0q2wM1p\" frameborder=\"0\" marginwidth=\"0\" marginheight=\"0\" scrolling=\"no\" class=\"wp-embedded-content\"><\/iframe><script type=\"text\/javascript\">\n\/* <![CDATA[ *\/\n\/*! This file is auto-generated *\/\n!function(d,l){\"use strict\";l.querySelector&&d.addEventListener&&\"undefined\"!=typeof URL&&(d.wp=d.wp||{},d.wp.receiveEmbedMessage||(d.wp.receiveEmbedMessage=function(e){var t=e.data;if((t||t.secret||t.message||t.value)&&!\/[^a-zA-Z0-9]\/.test(t.secret)){for(var s,r,n,a=l.querySelectorAll('iframe[data-secret=\"'+t.secret+'\"]'),o=l.querySelectorAll('blockquote[data-secret=\"'+t.secret+'\"]'),c=new RegExp(\"^https?:$\",\"i\"),i=0;i<o.length;i++)o[i].style.display=\"none\";for(i=0;i<a.length;i++)s=a[i],e.source===s.contentWindow&&(s.removeAttribute(\"style\"),\"height\"===t.message?(1e3<(r=parseInt(t.value,10))?r=1e3:~~r<200&&(r=200),s.height=r):\"link\"===t.message&&(r=new URL(s.getAttribute(\"src\")),n=new URL(t.value),c.test(n.protocol))&&n.host===r.host&&l.activeElement===s&&(d.top.location.href=t.value))}},d.addEventListener(\"message\",d.wp.receiveEmbedMessage,!1),l.addEventListener(\"DOMContentLoaded\",function(){for(var e,t,s=l.querySelectorAll(\"iframe.wp-embedded-content\"),r=0;r<s.length;r++)(t=(e=s[r]).getAttribute(\"data-secret\"))||(t=Math.random().toString(36).substring(2,12),e.src+=\"#?secret=\"+t,e.setAttribute(\"data-secret\",t)),e.contentWindow.postMessage({message:\"ready\",secret:t},\"*\")},!1)))}(window,document);\n\/* ]]> *\/\n<\/script>\n","thumbnail_url":"https:\/\/instytutpolski.pl\/bucuresti\/wp-content\/uploads\/sites\/11\/2020\/06\/teatru-polonez-la-festivalul-de-la-sibiu_f58c12.jpg","thumbnail_width":660,"thumbnail_height":440,"description":"Primele reprezenta\u021bii ale arti\u0219tilor polonezi vor putea fi vizionate \u00eenc\u0103 de la \u00eenceputul festivalului, pe data de\u00a010 \u0219i 11 iunie, atunci c\u00e2nd\u00a0Teatrul ZAR, care func\u021bioneaz\u0103 \u00een cadrul Institutului Jerzy Grotowski, va prezenta spectacolul\u00a0\u201eArmine, Sister&#8230;\u201d \u2013 bazat pe un c\u00e2ntec arhaic care descrie istoria genocidului armean \u0219i misterul care \u00eenv\u0103luie aceast\u0103 tragedie. Grupul interna\u021bional \u201eThe Third [&hellip;]"}

Primele reprezentații ale artiștilor polonezi vor putea fi vizionate încă de la începutul festivalului, pe data de 10 și 11 iunie, atunci când Teatrul ZAR, care funcționează în cadrul Institutului Jerzy Grotowski, va prezenta spectacolul „Armine, Sister&#8230;” – bazat pe un cântec arhaic care descrie istoria genocidului armean și misterul care învăluie această tragedie. Grupul internațional „The Third [&hellip;]
