{"version":"1.0","provider_name":"Instytut Polski w Bukareszcie","provider_url":"https:\/\/instytutpolski.pl\/bucuresti","author_name":"rutkowskip","author_url":"https:\/\/instytutpolski.pl\/bucuresti\/author\/rutkowskip\/","title":"Institutul Polonez: c\u0103r\u021bi, muzic\u0103 \u0219i filme la cald - Instytut Polski w Bukareszcie","type":"rich","width":600,"height":338,"html":"<blockquote class=\"wp-embedded-content\" data-secret=\"5fgpAItTxs\"><a href=\"https:\/\/instytutpolski.pl\/bucuresti\/2018\/03\/01\/institutul-polonez-carti-muzica-si-filme-la-cald\/\">Institutul Polonez: c\u0103r\u021bi, muzic\u0103 \u0219i filme la cald<\/a><\/blockquote><iframe sandbox=\"allow-scripts\" security=\"restricted\" src=\"https:\/\/instytutpolski.pl\/bucuresti\/2018\/03\/01\/institutul-polonez-carti-muzica-si-filme-la-cald\/embed\/#?secret=5fgpAItTxs\" width=\"600\" height=\"338\" title=\"&#8222;Institutul Polonez: c\u0103r\u021bi, muzic\u0103 \u0219i filme la cald&#8221; &#8212; Instytut Polski w Bukareszcie\" data-secret=\"5fgpAItTxs\" frameborder=\"0\" marginwidth=\"0\" marginheight=\"0\" scrolling=\"no\" class=\"wp-embedded-content\"><\/iframe><script type=\"text\/javascript\">\n\/* <![CDATA[ *\/\n\/*! This file is auto-generated *\/\n!function(d,l){\"use strict\";l.querySelector&&d.addEventListener&&\"undefined\"!=typeof URL&&(d.wp=d.wp||{},d.wp.receiveEmbedMessage||(d.wp.receiveEmbedMessage=function(e){var t=e.data;if((t||t.secret||t.message||t.value)&&!\/[^a-zA-Z0-9]\/.test(t.secret)){for(var s,r,n,a=l.querySelectorAll('iframe[data-secret=\"'+t.secret+'\"]'),o=l.querySelectorAll('blockquote[data-secret=\"'+t.secret+'\"]'),c=new RegExp(\"^https?:$\",\"i\"),i=0;i<o.length;i++)o[i].style.display=\"none\";for(i=0;i<a.length;i++)s=a[i],e.source===s.contentWindow&&(s.removeAttribute(\"style\"),\"height\"===t.message?(1e3<(r=parseInt(t.value,10))?r=1e3:~~r<200&&(r=200),s.height=r):\"link\"===t.message&&(r=new URL(s.getAttribute(\"src\")),n=new URL(t.value),c.test(n.protocol))&&n.host===r.host&&l.activeElement===s&&(d.top.location.href=t.value))}},d.addEventListener(\"message\",d.wp.receiveEmbedMessage,!1),l.addEventListener(\"DOMContentLoaded\",function(){for(var e,t,s=l.querySelectorAll(\"iframe.wp-embedded-content\"),r=0;r<s.length;r++)(t=(e=s[r]).getAttribute(\"data-secret\"))||(t=Math.random().toString(36).substring(2,12),e.src+=\"#?secret=\"+t,e.setAttribute(\"data-secret\",t)),e.contentWindow.postMessage({message:\"ready\",secret:t},\"*\")},!1)))}(window,document);\n\/* ]]> *\/\n<\/script>\n","thumbnail_url":"https:\/\/instytutpolski.pl\/bucuresti\/wp-content\/uploads\/sites\/11\/2020\/05\/institutul-polonez-carti-muzica-si-filme-la-cald-cafea-buna-proiectie-de-film_68b36a.jpg","thumbnail_width":1641,"thumbnail_height":988,"description":"Ca niciodat\u0103, vom deschide u\u0219ile bibliotecii \u0219i seara, pentru c\u0103 am dori ca \u0219i cei care lucreaz\u0103 p\u00e2n\u0103 mai t\u00e2rziu s\u0103 poat\u0103 ajunge la noi. La sediul nostru din str. Popa Savu nr. 28, situat chiar l\u00e2ng\u0103 sta\u021bia de metrou Aviatorilor,\u00a0avem literatur\u0103 excep\u021bional\u0103, filme, muzic\u0103, precum\u00a0\u0219i cafea bun\u0103. Pe 7 martie o vom oferi gratuit [&hellip;]"}

Institutul Polonez: cărți, muzică și filme la cald - Instytut Polski w Bukareszcie

<blockquote class="wp-embedded-content" data-secret="5fgpAItTxs"><a href="https://instytutpolski.pl/bucuresti/2018/03/01/institutul-polonez-carti-muzica-si-filme-la-cald/">Institutul Polonez: cărți, muzică și filme la cald</a></blockquote><iframe sandbox="allow-scripts" security="restricted" src="https://instytutpolski.pl/bucuresti/2018/03/01/institutul-polonez-carti-muzica-si-filme-la-cald/embed/#?secret=5fgpAItTxs" width="600" height="338" title="&#8222;Institutul Polonez: cărți, muzică și filme la cald&#8221; &#8212; Instytut Polski w Bukareszcie" data-secret="5fgpAItTxs" frameborder="0" marginwidth="0" marginheight="0" scrolling="no" class="wp-embedded-content"></iframe><script type="text/javascript">
/* <![CDATA[ */
/*! This file is auto-generated */
!function(d,l){"use strict";l.querySelector&&d.addEventListener&&"undefined"!=typeof URL&&(d.wp=d.wp||{},d.wp.receiveEmbedMessage||(d.wp.receiveEmbedMessage=function(e){var t=e.data;if((t||t.secret||t.message||t.value)&&!/[^a-zA-Z0-9]/.test(t.secret)){for(var s,r,n,a=l.querySelectorAll('iframe[data-secret="'+t.secret+'"]'),o=l.querySelectorAll('blockquote[data-secret="'+t.secret+'"]'),c=new RegExp("^https?:$","i"),i=0;i<o.length;i++)o[i].style.display="none";for(i=0;i<a.length;i++)s=a[i],e.source===s.contentWindow&&(s.removeAttribute("style"),"height"===t.message?(1e3<(r=parseInt(t.value,10))?r=1e3:~~r<200&&(r=200),s.height=r):"link"===t.message&&(r=new URL(s.getAttribute("src")),n=new URL(t.value),c.test(n.protocol))&&n.host===r.host&&l.activeElement===s&&(d.top.location.href=t.value))}},d.addEventListener("message",d.wp.receiveEmbedMessage,!1),l.addEventListener("DOMContentLoaded",function(){for(var e,t,s=l.querySelectorAll("iframe.wp-embedded-content"),r=0;r<s.length;r++)(t=(e=s[r]).getAttribute("data-secret"))||(t=Math.random().toString(36).substring(2,12),e.src+="#?secret="+t,e.setAttribute("data-secret",t)),e.contentWindow.postMessage({message:"ready",secret:t},"*")},!1)))}(window,document);
/* ]]> */
</script>

Ca niciodată, vom deschide ușile bibliotecii și seara, pentru că am dori ca și cei care lucrează până mai târziu să poată ajunge la noi. La sediul nostru din str. Popa Savu nr. 28, situat chiar lângă stația de metrou Aviatorilor, avem literatură excepțională, filme, muzică, precum și cafea bună. Pe 7 martie o vom oferi gratuit [&hellip;]
