{"version":"1.0","provider_name":"Instytut Polski w Bukareszcie","provider_url":"https:\/\/instytutpolski.pl\/bucuresti","author_name":"mrozowskiw","author_url":"https:\/\/instytutpolski.pl\/bucuresti\/author\/mrozowskiw\/","title":"Kroke la festivalul Balkanik - Instytut Polski w Bukareszcie","type":"rich","width":600,"height":338,"html":"<blockquote class=\"wp-embedded-content\" data-secret=\"TDrPcLmQ7x\"><a href=\"https:\/\/instytutpolski.pl\/bucuresti\/2018\/08\/30\/kroke-la-festivalul-balkanik\/\">Kroke la festivalul Balkanik<\/a><\/blockquote><iframe sandbox=\"allow-scripts\" security=\"restricted\" src=\"https:\/\/instytutpolski.pl\/bucuresti\/2018\/08\/30\/kroke-la-festivalul-balkanik\/embed\/#?secret=TDrPcLmQ7x\" width=\"600\" height=\"338\" title=\"&#8222;Kroke la festivalul Balkanik&#8221; &#8212; Instytut Polski w Bukareszcie\" data-secret=\"TDrPcLmQ7x\" frameborder=\"0\" marginwidth=\"0\" marginheight=\"0\" scrolling=\"no\" class=\"wp-embedded-content\"><\/iframe><script type=\"text\/javascript\">\n\/* <![CDATA[ *\/\n\/*! This file is auto-generated *\/\n!function(d,l){\"use strict\";l.querySelector&&d.addEventListener&&\"undefined\"!=typeof URL&&(d.wp=d.wp||{},d.wp.receiveEmbedMessage||(d.wp.receiveEmbedMessage=function(e){var t=e.data;if((t||t.secret||t.message||t.value)&&!\/[^a-zA-Z0-9]\/.test(t.secret)){for(var s,r,n,a=l.querySelectorAll('iframe[data-secret=\"'+t.secret+'\"]'),o=l.querySelectorAll('blockquote[data-secret=\"'+t.secret+'\"]'),c=new RegExp(\"^https?:$\",\"i\"),i=0;i<o.length;i++)o[i].style.display=\"none\";for(i=0;i<a.length;i++)s=a[i],e.source===s.contentWindow&&(s.removeAttribute(\"style\"),\"height\"===t.message?(1e3<(r=parseInt(t.value,10))?r=1e3:~~r<200&&(r=200),s.height=r):\"link\"===t.message&&(r=new URL(s.getAttribute(\"src\")),n=new URL(t.value),c.test(n.protocol))&&n.host===r.host&&l.activeElement===s&&(d.top.location.href=t.value))}},d.addEventListener(\"message\",d.wp.receiveEmbedMessage,!1),l.addEventListener(\"DOMContentLoaded\",function(){for(var e,t,s=l.querySelectorAll(\"iframe.wp-embedded-content\"),r=0;r<s.length;r++)(t=(e=s[r]).getAttribute(\"data-secret\"))||(t=Math.random().toString(36).substring(2,12),e.src+=\"#?secret=\"+t,e.setAttribute(\"data-secret\",t)),e.contentWindow.postMessage({message:\"ready\",secret:t},\"*\")},!1)))}(window,document);\n\/* ]]> *\/\n<\/script>\n","thumbnail_url":"https:\/\/instytutpolski.pl\/bucuresti\/wp-content\/uploads\/sites\/11\/2018\/08\/kroke_9895eb.jpg","thumbnail_width":1600,"thumbnail_height":1106,"description":"Kroke este una dintre cele mai interesante forma\u021bii europene reprezent\u00e2nd curentul muzicii etnice, fiind prezent\u0103 pe scen\u0103 deja de 25 de ani.\u00a0Trioul fondat de c\u0103tre trei prieteni de la Academia de Muzic\u0103, al c\u0103rui nume \u00eenseamn\u0103 \u201eCracovia\u201d \u00een limba idi\u0219, a \u00eenceput prin a crea muzic\u0103 inspirat\u0103 de crea\u021bia klezmer. \u00cen timp, s-a \u00eendreptat spre [&hellip;]"}

Kroke este una dintre cele mai interesante formații europene reprezentând curentul muzicii etnice, fiind prezentă pe scenă deja de 25 de ani. Trioul fondat de către trei prieteni de la Academia de Muzică, al cărui nume înseamnă „Cracovia” în limba idiș, a început prin a crea muzică inspirată de creația klezmer. În timp, s-a îndreptat spre [&hellip;]
