{"version":"1.0","provider_name":"Instytut Polski w Bukareszcie","provider_url":"https:\/\/instytutpolski.pl\/bucuresti","author_name":"majewskam","author_url":"https:\/\/instytutpolski.pl\/bucuresti\/author\/majewskam\/","title":"Muzicieni polonezi la festivalul Ethno Jazz - Instytut Polski w Bukareszcie","type":"rich","width":600,"height":338,"html":"<blockquote class=\"wp-embedded-content\" data-secret=\"51O5Kotwdl\"><a href=\"https:\/\/instytutpolski.pl\/bucuresti\/2019\/09\/02\/muzicieni-polonezi-la-festivalul-ethno-jazz\/\">Muzicieni polonezi la festivalul Ethno Jazz<\/a><\/blockquote><iframe sandbox=\"allow-scripts\" security=\"restricted\" src=\"https:\/\/instytutpolski.pl\/bucuresti\/2019\/09\/02\/muzicieni-polonezi-la-festivalul-ethno-jazz\/embed\/#?secret=51O5Kotwdl\" width=\"600\" height=\"338\" title=\"&#8222;Muzicieni polonezi la festivalul Ethno Jazz&#8221; &#8212; Instytut Polski w Bukareszcie\" data-secret=\"51O5Kotwdl\" frameborder=\"0\" marginwidth=\"0\" marginheight=\"0\" scrolling=\"no\" class=\"wp-embedded-content\"><\/iframe><script type=\"text\/javascript\">\n\/* <![CDATA[ *\/\n\/*! This file is auto-generated *\/\n!function(d,l){\"use strict\";l.querySelector&&d.addEventListener&&\"undefined\"!=typeof URL&&(d.wp=d.wp||{},d.wp.receiveEmbedMessage||(d.wp.receiveEmbedMessage=function(e){var t=e.data;if((t||t.secret||t.message||t.value)&&!\/[^a-zA-Z0-9]\/.test(t.secret)){for(var s,r,n,a=l.querySelectorAll('iframe[data-secret=\"'+t.secret+'\"]'),o=l.querySelectorAll('blockquote[data-secret=\"'+t.secret+'\"]'),c=new RegExp(\"^https?:$\",\"i\"),i=0;i<o.length;i++)o[i].style.display=\"none\";for(i=0;i<a.length;i++)s=a[i],e.source===s.contentWindow&&(s.removeAttribute(\"style\"),\"height\"===t.message?(1e3<(r=parseInt(t.value,10))?r=1e3:~~r<200&&(r=200),s.height=r):\"link\"===t.message&&(r=new URL(s.getAttribute(\"src\")),n=new URL(t.value),c.test(n.protocol))&&n.host===r.host&&l.activeElement===s&&(d.top.location.href=t.value))}},d.addEventListener(\"message\",d.wp.receiveEmbedMessage,!1),l.addEventListener(\"DOMContentLoaded\",function(){for(var e,t,s=l.querySelectorAll(\"iframe.wp-embedded-content\"),r=0;r<s.length;r++)(t=(e=s[r]).getAttribute(\"data-secret\"))||(t=Math.random().toString(36).substring(2,12),e.src+=\"#?secret=\"+t,e.setAttribute(\"data-secret\",t)),e.contentWindow.postMessage({message:\"ready\",secret:t},\"*\")},!1)))}(window,document);\n\/* ]]> *\/\n<\/script>\n","thumbnail_url":"https:\/\/instytutpolski.pl\/bucuresti\/wp-content\/uploads\/sites\/11\/2019\/10\/muzicieni-polonezi-la-festivalul-ethno-jazz_40491c.jpg","thumbnail_width":660,"thumbnail_height":516,"description":"\u00a0 Concertul va avea loc pe 28 septembrie, la Filarmonica Na\u021bional\u0103 \u201eSerghei Lunchevici\u201d din Chi\u0219in\u0103u. Pianist, compozitor, director artistic al Festivalului de ethnojazz Palmjazz \u0219i director al Centrului Cultural Jazzovia din Gliwice,\u00a0Krzysztof Kobyli\u0144ski\u00a0a c\u00e2\u0219tigat treptat recunoa\u0219tere european\u0103, artistul ajung\u00e2nd s\u0103 fie invitat la numeroase festivaluri din \u021bar\u0103 \u0219i din str\u0103in\u0103tate. Compozi\u021biile sale \u00eembin\u0103 jazzul cu [&hellip;]"}

Concertul va avea loc pe 28 septembrie, la Filarmonica Națională „Serghei Lunchevici” din Chișinău. Pianist, compozitor, director artistic al Festivalului de ethnojazz Palmjazz și director al Centrului Cultural Jazzovia din Gliwice, Krzysztof Kobyliński a câștigat treptat recunoaștere europeană, artistul ajungând să fie invitat la numeroase festivaluri din țară și din străinătate. Compozițiile sale îmbină jazzul cu [&hellip;]
