{"version":"1.0","provider_name":"Instytut Polski w Bukareszcie","provider_url":"https:\/\/instytutpolski.pl\/bucuresti","author_name":"zalaszewskak","author_url":"https:\/\/instytutpolski.pl\/bucuresti\/author\/zalaszewskak\/","title":"Iarna asta am s\u0103 citesc o carte polonez\u0103! - Instytut Polski w Bukareszcie","type":"rich","width":600,"height":338,"html":"<blockquote class=\"wp-embedded-content\" data-secret=\"Pz21FgG4UP\"><a href=\"https:\/\/instytutpolski.pl\/bucuresti\/2020\/11\/26\/iarna-asta-am-sa-citesc-o-carte-poloneza\/\">Iarna asta am s\u0103 citesc o carte polonez\u0103!<\/a><\/blockquote><iframe sandbox=\"allow-scripts\" security=\"restricted\" src=\"https:\/\/instytutpolski.pl\/bucuresti\/2020\/11\/26\/iarna-asta-am-sa-citesc-o-carte-poloneza\/embed\/#?secret=Pz21FgG4UP\" width=\"600\" height=\"338\" title=\"&#8222;Iarna asta am s\u0103 citesc o carte polonez\u0103!&#8221; &#8212; Instytut Polski w Bukareszcie\" data-secret=\"Pz21FgG4UP\" frameborder=\"0\" marginwidth=\"0\" marginheight=\"0\" scrolling=\"no\" class=\"wp-embedded-content\"><\/iframe><script type=\"text\/javascript\">\n\/* <![CDATA[ *\/\n\/*! This file is auto-generated *\/\n!function(d,l){\"use strict\";l.querySelector&&d.addEventListener&&\"undefined\"!=typeof URL&&(d.wp=d.wp||{},d.wp.receiveEmbedMessage||(d.wp.receiveEmbedMessage=function(e){var t=e.data;if((t||t.secret||t.message||t.value)&&!\/[^a-zA-Z0-9]\/.test(t.secret)){for(var s,r,n,a=l.querySelectorAll('iframe[data-secret=\"'+t.secret+'\"]'),o=l.querySelectorAll('blockquote[data-secret=\"'+t.secret+'\"]'),c=new RegExp(\"^https?:$\",\"i\"),i=0;i<o.length;i++)o[i].style.display=\"none\";for(i=0;i<a.length;i++)s=a[i],e.source===s.contentWindow&&(s.removeAttribute(\"style\"),\"height\"===t.message?(1e3<(r=parseInt(t.value,10))?r=1e3:~~r<200&&(r=200),s.height=r):\"link\"===t.message&&(r=new URL(s.getAttribute(\"src\")),n=new URL(t.value),c.test(n.protocol))&&n.host===r.host&&l.activeElement===s&&(d.top.location.href=t.value))}},d.addEventListener(\"message\",d.wp.receiveEmbedMessage,!1),l.addEventListener(\"DOMContentLoaded\",function(){for(var e,t,s=l.querySelectorAll(\"iframe.wp-embedded-content\"),r=0;r<s.length;r++)(t=(e=s[r]).getAttribute(\"data-secret\"))||(t=Math.random().toString(36).substring(2,12),e.src+=\"#?secret=\"+t,e.setAttribute(\"data-secret\",t)),e.contentWindow.postMessage({message:\"ready\",secret:t},\"*\")},!1)))}(window,document);\n\/* ]]> *\/\n<\/script>\n","thumbnail_url":"https:\/\/instytutpolski.pl\/bucuresti\/wp-content\/uploads\/sites\/11\/2020\/11\/EUcitesc.png","thumbnail_width":1120,"thumbnail_height":630,"description":"Iarna aceasta, mul\u021bi dintre noi probabil c\u0103-\u0219i vor petrece acas\u0103 mult mai mult timp dec\u00e2t de obicei. Dar c\u00e2t s\u0103 faci cur\u0103\u021benie, s\u0103 g\u0103te\u0219ti \u0219i s\u0103 te ui\u021bi la seriale? &#x1f609; Ai citit toate c\u0103r\u021bile din biblioteca de acas\u0103 \u00een timpul lockdown-ului precedent? \u00ce\u021bi propunem ceva nou care \u00eembin\u0103 utilul cu pl\u0103cutul, distrac\u021bia cu \u00eenv\u0103\u021batul! [&hellip;]"}

Iarna asta am să citesc o carte poloneză! - Instytut Polski w Bukareszcie

<blockquote class="wp-embedded-content" data-secret="Pz21FgG4UP"><a href="https://instytutpolski.pl/bucuresti/2020/11/26/iarna-asta-am-sa-citesc-o-carte-poloneza/">Iarna asta am să citesc o carte poloneză!</a></blockquote><iframe sandbox="allow-scripts" security="restricted" src="https://instytutpolski.pl/bucuresti/2020/11/26/iarna-asta-am-sa-citesc-o-carte-poloneza/embed/#?secret=Pz21FgG4UP" width="600" height="338" title="&#8222;Iarna asta am să citesc o carte poloneză!&#8221; &#8212; Instytut Polski w Bukareszcie" data-secret="Pz21FgG4UP" frameborder="0" marginwidth="0" marginheight="0" scrolling="no" class="wp-embedded-content"></iframe><script type="text/javascript">
/* <![CDATA[ */
/*! This file is auto-generated */
!function(d,l){"use strict";l.querySelector&&d.addEventListener&&"undefined"!=typeof URL&&(d.wp=d.wp||{},d.wp.receiveEmbedMessage||(d.wp.receiveEmbedMessage=function(e){var t=e.data;if((t||t.secret||t.message||t.value)&&!/[^a-zA-Z0-9]/.test(t.secret)){for(var s,r,n,a=l.querySelectorAll('iframe[data-secret="'+t.secret+'"]'),o=l.querySelectorAll('blockquote[data-secret="'+t.secret+'"]'),c=new RegExp("^https?:$","i"),i=0;i<o.length;i++)o[i].style.display="none";for(i=0;i<a.length;i++)s=a[i],e.source===s.contentWindow&&(s.removeAttribute("style"),"height"===t.message?(1e3<(r=parseInt(t.value,10))?r=1e3:~~r<200&&(r=200),s.height=r):"link"===t.message&&(r=new URL(s.getAttribute("src")),n=new URL(t.value),c.test(n.protocol))&&n.host===r.host&&l.activeElement===s&&(d.top.location.href=t.value))}},d.addEventListener("message",d.wp.receiveEmbedMessage,!1),l.addEventListener("DOMContentLoaded",function(){for(var e,t,s=l.querySelectorAll("iframe.wp-embedded-content"),r=0;r<s.length;r++)(t=(e=s[r]).getAttribute("data-secret"))||(t=Math.random().toString(36).substring(2,12),e.src+="#?secret="+t,e.setAttribute("data-secret",t)),e.contentWindow.postMessage({message:"ready",secret:t},"*")},!1)))}(window,document);
/* ]]> */
</script>

Iarna aceasta, mulți dintre noi probabil că-și vor petrece acasă mult mai mult timp decât de obicei. Dar cât să faci curățenie, să gătești și să te uiți la seriale? &#x1f609; Ai citit toate cărțile din biblioteca de acasă în timpul lockdown-ului precedent? Îți propunem ceva nou care îmbină utilul cu plăcutul, distracția cu învățatul! [&hellip;]
