{"version":"1.0","provider_name":"Instytut Polski w Bukareszcie","provider_url":"https:\/\/instytutpolski.pl\/bucuresti","author_name":"mirelal","author_url":"https:\/\/instytutpolski.pl\/bucuresti\/author\/mirelal\/","title":"Polonia la Zilele Clujului - Instytut Polski w Bukareszcie","type":"rich","width":600,"height":338,"html":"<blockquote class=\"wp-embedded-content\" data-secret=\"yHJhAm4nfp\"><a href=\"https:\/\/instytutpolski.pl\/bucuresti\/2024\/05\/29\/polonia-la-zilele-clujului\/\">Polonia la Zilele Clujului<\/a><\/blockquote><iframe sandbox=\"allow-scripts\" security=\"restricted\" src=\"https:\/\/instytutpolski.pl\/bucuresti\/2024\/05\/29\/polonia-la-zilele-clujului\/embed\/#?secret=yHJhAm4nfp\" width=\"600\" height=\"338\" title=\"&#8222;Polonia la Zilele Clujului&#8221; &#8212; Instytut Polski w Bukareszcie\" data-secret=\"yHJhAm4nfp\" frameborder=\"0\" marginwidth=\"0\" marginheight=\"0\" scrolling=\"no\" class=\"wp-embedded-content\"><\/iframe><script type=\"text\/javascript\">\n\/* <![CDATA[ *\/\n\/*! This file is auto-generated *\/\n!function(d,l){\"use strict\";l.querySelector&&d.addEventListener&&\"undefined\"!=typeof URL&&(d.wp=d.wp||{},d.wp.receiveEmbedMessage||(d.wp.receiveEmbedMessage=function(e){var t=e.data;if((t||t.secret||t.message||t.value)&&!\/[^a-zA-Z0-9]\/.test(t.secret)){for(var s,r,n,a=l.querySelectorAll('iframe[data-secret=\"'+t.secret+'\"]'),o=l.querySelectorAll('blockquote[data-secret=\"'+t.secret+'\"]'),c=new RegExp(\"^https?:$\",\"i\"),i=0;i<o.length;i++)o[i].style.display=\"none\";for(i=0;i<a.length;i++)s=a[i],e.source===s.contentWindow&&(s.removeAttribute(\"style\"),\"height\"===t.message?(1e3<(r=parseInt(t.value,10))?r=1e3:~~r<200&&(r=200),s.height=r):\"link\"===t.message&&(r=new URL(s.getAttribute(\"src\")),n=new URL(t.value),c.test(n.protocol))&&n.host===r.host&&l.activeElement===s&&(d.top.location.href=t.value))}},d.addEventListener(\"message\",d.wp.receiveEmbedMessage,!1),l.addEventListener(\"DOMContentLoaded\",function(){for(var e,t,s=l.querySelectorAll(\"iframe.wp-embedded-content\"),r=0;r<s.length;r++)(t=(e=s[r]).getAttribute(\"data-secret\"))||(t=Math.random().toString(36).substring(2,12),e.src+=\"#?secret=\"+t,e.setAttribute(\"data-secret\",t)),e.contentWindow.postMessage({message:\"ready\",secret:t},\"*\")},!1)))}(window,document);\n\/* ]]> *\/\n<\/script>\n","thumbnail_url":"https:\/\/instytutpolski.pl\/bucuresti\/wp-content\/uploads\/sites\/11\/2024\/05\/ethnicity.jpg","thumbnail_width":1920,"thumbnail_height":1081,"description":"\u00cen cadrul festivalului EthniCity, Centrul de Limb\u0103 \u015fi Cultur\u0103 Polonez\u0103 va avea un stand, unde ve\u021bi putea afla multe lucruri interesante despre Polonia \u0219i polonezi. Ve\u021bi g\u0103si acolo \u0219i expozi\u021bia noastr\u0103 \u201ePolska &#8211; People, Origins, Landscape, Solidarity, Knowledge, Architecture\u201d.\u00a0\u00a0 *** Mai multe informa\u021bii despre festivalul Ethnicity g\u0103si\u021bi aici."}

În cadrul festivalului EthniCity, Centrul de Limbă şi Cultură Poloneză va avea un stand, unde veți putea afla multe lucruri interesante despre Polonia și polonezi. Veți găsi acolo și expoziția noastră „Polska &#8211; People, Origins, Landscape, Solidarity, Knowledge, Architecture”.   *** Mai multe informații despre festivalul Ethnicity găsiți aici.
