{"version":"1.0","provider_name":"Instytut Polski w Bukareszcie","provider_url":"https:\/\/instytutpolski.pl\/bucuresti","author_name":"nicolaua","author_url":"https:\/\/instytutpolski.pl\/bucuresti\/author\/nicolaua\/","title":"Podcastul BELGICA - Instytut Polski w Bukareszcie","type":"rich","width":600,"height":338,"html":"<blockquote class=\"wp-embedded-content\" data-secret=\"9I0FAyhWNK\"><a href=\"https:\/\/instytutpolski.pl\/bucuresti\/2024\/11\/18\/podcastul-belgica\/\">Podcastul BELGICA<\/a><\/blockquote><iframe sandbox=\"allow-scripts\" security=\"restricted\" src=\"https:\/\/instytutpolski.pl\/bucuresti\/2024\/11\/18\/podcastul-belgica\/embed\/#?secret=9I0FAyhWNK\" width=\"600\" height=\"338\" title=\"&#8222;Podcastul BELGICA&#8221; &#8212; Instytut Polski w Bukareszcie\" data-secret=\"9I0FAyhWNK\" frameborder=\"0\" marginwidth=\"0\" marginheight=\"0\" scrolling=\"no\" class=\"wp-embedded-content\"><\/iframe><script type=\"text\/javascript\">\n\/* <![CDATA[ *\/\n\/*! This file is auto-generated *\/\n!function(d,l){\"use strict\";l.querySelector&&d.addEventListener&&\"undefined\"!=typeof URL&&(d.wp=d.wp||{},d.wp.receiveEmbedMessage||(d.wp.receiveEmbedMessage=function(e){var t=e.data;if((t||t.secret||t.message||t.value)&&!\/[^a-zA-Z0-9]\/.test(t.secret)){for(var s,r,n,a=l.querySelectorAll('iframe[data-secret=\"'+t.secret+'\"]'),o=l.querySelectorAll('blockquote[data-secret=\"'+t.secret+'\"]'),c=new RegExp(\"^https?:$\",\"i\"),i=0;i<o.length;i++)o[i].style.display=\"none\";for(i=0;i<a.length;i++)s=a[i],e.source===s.contentWindow&&(s.removeAttribute(\"style\"),\"height\"===t.message?(1e3<(r=parseInt(t.value,10))?r=1e3:~~r<200&&(r=200),s.height=r):\"link\"===t.message&&(r=new URL(s.getAttribute(\"src\")),n=new URL(t.value),c.test(n.protocol))&&n.host===r.host&&l.activeElement===s&&(d.top.location.href=t.value))}},d.addEventListener(\"message\",d.wp.receiveEmbedMessage,!1),l.addEventListener(\"DOMContentLoaded\",function(){for(var e,t,s=l.querySelectorAll(\"iframe.wp-embedded-content\"),r=0;r<s.length;r++)(t=(e=s[r]).getAttribute(\"data-secret\"))||(t=Math.random().toString(36).substring(2,12),e.src+=\"#?secret=\"+t,e.setAttribute(\"data-secret\",t)),e.contentWindow.postMessage({message:\"ready\",secret:t},\"*\")},!1)))}(window,document);\n\/* ]]> *\/\n<\/script>\n","thumbnail_url":"https:\/\/instytutpolski.pl\/bucuresti\/wp-content\/uploads\/sites\/11\/2024\/11\/Cover-Facebook-final.png","thumbnail_width":2106,"thumbnail_height":750,"description":"Expedi\u0163ia Belgica a fost o aventur\u0103 extraordinar\u0103 care a avut loc acum mai bine de 120 de ani, c\u00e2nd un grup de oameni curajo\u0219i au decis s\u0103 exploreze unul dintre cele mai reci \u0219i mai misterioase locuri de pe P\u0103m\u00e2nt: Antarctica. Aceast\u0103 misiune \u00eendr\u0103znea\u021b\u0103, condus\u0103 de belgianul Adrien de Gerlache, a avut un echipaj interna\u021bional [&hellip;]"}

Expediţia Belgica a fost o aventură extraordinară care a avut loc acum mai bine de 120 de ani, când un grup de oameni curajoși au decis să exploreze unul dintre cele mai reci și mai misterioase locuri de pe Pământ: Antarctica. Această misiune îndrăzneață, condusă de belgianul Adrien de Gerlache, a avut un echipaj internațional [&hellip;]
