{"version":"1.0","provider_name":"Instytut Polski w Bukareszcie","provider_url":"https:\/\/instytutpolski.pl\/bucuresti","author_name":"zalaszewskak","author_url":"https:\/\/instytutpolski.pl\/bucuresti\/author\/zalaszewskak\/","title":"\u201eEmigranci\u201d Mro\u017cka - premiera spektaklu teatru TVR - Instytut Polski w Bukareszcie","type":"rich","width":600,"height":338,"html":"<blockquote class=\"wp-embedded-content\" data-secret=\"wGLewMvbC4\"><a href=\"https:\/\/instytutpolski.pl\/bucuresti\/pl\/2015\/06\/24\/emigranci-mrozka-premiera-spektaklu-teatru-tvr\/\">\u201eEmigranci\u201d Mro\u017cka &#8211; premiera spektaklu teatru TVR<\/a><\/blockquote><iframe sandbox=\"allow-scripts\" security=\"restricted\" src=\"https:\/\/instytutpolski.pl\/bucuresti\/pl\/2015\/06\/24\/emigranci-mrozka-premiera-spektaklu-teatru-tvr\/embed\/#?secret=wGLewMvbC4\" width=\"600\" height=\"338\" title=\"&#8222;\u201eEmigranci\u201d Mro\u017cka &#8211; premiera spektaklu teatru TVR&#8221; &#8212; Instytut Polski w Bukareszcie\" data-secret=\"wGLewMvbC4\" frameborder=\"0\" marginwidth=\"0\" marginheight=\"0\" scrolling=\"no\" class=\"wp-embedded-content\"><\/iframe><script type=\"text\/javascript\">\n\/* <![CDATA[ *\/\n\/*! This file is auto-generated *\/\n!function(d,l){\"use strict\";l.querySelector&&d.addEventListener&&\"undefined\"!=typeof URL&&(d.wp=d.wp||{},d.wp.receiveEmbedMessage||(d.wp.receiveEmbedMessage=function(e){var t=e.data;if((t||t.secret||t.message||t.value)&&!\/[^a-zA-Z0-9]\/.test(t.secret)){for(var s,r,n,a=l.querySelectorAll('iframe[data-secret=\"'+t.secret+'\"]'),o=l.querySelectorAll('blockquote[data-secret=\"'+t.secret+'\"]'),c=new RegExp(\"^https?:$\",\"i\"),i=0;i<o.length;i++)o[i].style.display=\"none\";for(i=0;i<a.length;i++)s=a[i],e.source===s.contentWindow&&(s.removeAttribute(\"style\"),\"height\"===t.message?(1e3<(r=parseInt(t.value,10))?r=1e3:~~r<200&&(r=200),s.height=r):\"link\"===t.message&&(r=new URL(s.getAttribute(\"src\")),n=new URL(t.value),c.test(n.protocol))&&n.host===r.host&&l.activeElement===s&&(d.top.location.href=t.value))}},d.addEventListener(\"message\",d.wp.receiveEmbedMessage,!1),l.addEventListener(\"DOMContentLoaded\",function(){for(var e,t,s=l.querySelectorAll(\"iframe.wp-embedded-content\"),r=0;r<s.length;r++)(t=(e=s[r]).getAttribute(\"data-secret\"))||(t=Math.random().toString(36).substring(2,12),e.src+=\"#?secret=\"+t,e.setAttribute(\"data-secret\",t)),e.contentWindow.postMessage({message:\"ready\",secret:t},\"*\")},!1)))}(window,document);\n\/* ]]> *\/\n<\/script>\n","thumbnail_url":"https:\/\/instytutpolski.pl\/bucuresti\/wp-content\/uploads\/sites\/11\/2020\/06\/emigrantii-in-premiera-la-teatru-tv.jpg","thumbnail_width":1626,"thumbnail_height":1080,"description":"Emisja tego spektaklu upami\u0119tnia te\u017c Rok Teatru Polskiego &#8211; 250 lat od za\u0142o\u017cenia Teatru Narodowego w Warszawie. Teatr TV TVR2 \u2013 poniedzia\u0142ek, 29 czerwca, godz 20:10 i TVR HD \u2013poniedzia\u0142ek, 29 czerwca, godz\u00a020\u00a0:10 oraz, wtorek 30 czerwca, godz 14\u00a0:00 \u00a0 EMIGRANCI S\u0142awomir Mro\u017cek. Spektakl zrealizowany w Teatrze Arca-La Scena w Bukareszcie, we wsp\u00f3\u0142pracy z Instytutem [&hellip;]"}

„Emigranci” Mrożka - premiera spektaklu teatru TVR - Instytut Polski w Bukareszcie

<blockquote class="wp-embedded-content" data-secret="wGLewMvbC4"><a href="https://instytutpolski.pl/bucuresti/pl/2015/06/24/emigranci-mrozka-premiera-spektaklu-teatru-tvr/">„Emigranci” Mrożka &#8211; premiera spektaklu teatru TVR</a></blockquote><iframe sandbox="allow-scripts" security="restricted" src="https://instytutpolski.pl/bucuresti/pl/2015/06/24/emigranci-mrozka-premiera-spektaklu-teatru-tvr/embed/#?secret=wGLewMvbC4" width="600" height="338" title="&#8222;„Emigranci” Mrożka &#8211; premiera spektaklu teatru TVR&#8221; &#8212; Instytut Polski w Bukareszcie" data-secret="wGLewMvbC4" frameborder="0" marginwidth="0" marginheight="0" scrolling="no" class="wp-embedded-content"></iframe><script type="text/javascript">
/* <![CDATA[ */
/*! This file is auto-generated */
!function(d,l){"use strict";l.querySelector&&d.addEventListener&&"undefined"!=typeof URL&&(d.wp=d.wp||{},d.wp.receiveEmbedMessage||(d.wp.receiveEmbedMessage=function(e){var t=e.data;if((t||t.secret||t.message||t.value)&&!/[^a-zA-Z0-9]/.test(t.secret)){for(var s,r,n,a=l.querySelectorAll('iframe[data-secret="'+t.secret+'"]'),o=l.querySelectorAll('blockquote[data-secret="'+t.secret+'"]'),c=new RegExp("^https?:$","i"),i=0;i<o.length;i++)o[i].style.display="none";for(i=0;i<a.length;i++)s=a[i],e.source===s.contentWindow&&(s.removeAttribute("style"),"height"===t.message?(1e3<(r=parseInt(t.value,10))?r=1e3:~~r<200&&(r=200),s.height=r):"link"===t.message&&(r=new URL(s.getAttribute("src")),n=new URL(t.value),c.test(n.protocol))&&n.host===r.host&&l.activeElement===s&&(d.top.location.href=t.value))}},d.addEventListener("message",d.wp.receiveEmbedMessage,!1),l.addEventListener("DOMContentLoaded",function(){for(var e,t,s=l.querySelectorAll("iframe.wp-embedded-content"),r=0;r<s.length;r++)(t=(e=s[r]).getAttribute("data-secret"))||(t=Math.random().toString(36).substring(2,12),e.src+="#?secret="+t,e.setAttribute("data-secret",t)),e.contentWindow.postMessage({message:"ready",secret:t},"*")},!1)))}(window,document);
/* ]]> */
</script>

Emisja tego spektaklu upamiętnia też Rok Teatru Polskiego &#8211; 250 lat od założenia Teatru Narodowego w Warszawie. Teatr TV TVR2 – poniedziałek, 29 czerwca, godz 20:10 i TVR HD –poniedziałek, 29 czerwca, godz 20 :10 oraz, wtorek 30 czerwca, godz 14 :00   EMIGRANCI Sławomir Mrożek. Spektakl zrealizowany w Teatrze Arca-La Scena w Bukareszcie, we współpracy z Instytutem [&hellip;]
