{"version":"1.0","provider_name":"Instytut Polski w Bukareszcie","provider_url":"https:\/\/instytutpolski.pl\/bucuresti","author_name":"nicolaua","author_url":"https:\/\/instytutpolski.pl\/bucuresti\/author\/nicolaua\/","title":"Koncerty Mikromusic w Bukareszcie i Klu\u017cu - Instytut Polski w Bukareszcie","type":"rich","width":600,"height":338,"html":"<blockquote class=\"wp-embedded-content\" data-secret=\"jVyWFiDWGs\"><a href=\"https:\/\/instytutpolski.pl\/bucuresti\/pl\/2015\/09\/28\/koncerty-mikromusic-w-bukareszcie-i-kluzu\/\">Koncerty Mikromusic w Bukareszcie i Klu\u017cu<\/a><\/blockquote><iframe sandbox=\"allow-scripts\" security=\"restricted\" src=\"https:\/\/instytutpolski.pl\/bucuresti\/pl\/2015\/09\/28\/koncerty-mikromusic-w-bukareszcie-i-kluzu\/embed\/#?secret=jVyWFiDWGs\" width=\"600\" height=\"338\" title=\"&#8222;Koncerty Mikromusic w Bukareszcie i Klu\u017cu&#8221; &#8212; Instytut Polski w Bukareszcie\" data-secret=\"jVyWFiDWGs\" frameborder=\"0\" marginwidth=\"0\" marginheight=\"0\" scrolling=\"no\" class=\"wp-embedded-content\"><\/iframe><script type=\"text\/javascript\">\n\/* <![CDATA[ *\/\n\/*! This file is auto-generated *\/\n!function(d,l){\"use strict\";l.querySelector&&d.addEventListener&&\"undefined\"!=typeof URL&&(d.wp=d.wp||{},d.wp.receiveEmbedMessage||(d.wp.receiveEmbedMessage=function(e){var t=e.data;if((t||t.secret||t.message||t.value)&&!\/[^a-zA-Z0-9]\/.test(t.secret)){for(var s,r,n,a=l.querySelectorAll('iframe[data-secret=\"'+t.secret+'\"]'),o=l.querySelectorAll('blockquote[data-secret=\"'+t.secret+'\"]'),c=new RegExp(\"^https?:$\",\"i\"),i=0;i<o.length;i++)o[i].style.display=\"none\";for(i=0;i<a.length;i++)s=a[i],e.source===s.contentWindow&&(s.removeAttribute(\"style\"),\"height\"===t.message?(1e3<(r=parseInt(t.value,10))?r=1e3:~~r<200&&(r=200),s.height=r):\"link\"===t.message&&(r=new URL(s.getAttribute(\"src\")),n=new URL(t.value),c.test(n.protocol))&&n.host===r.host&&l.activeElement===s&&(d.top.location.href=t.value))}},d.addEventListener(\"message\",d.wp.receiveEmbedMessage,!1),l.addEventListener(\"DOMContentLoaded\",function(){for(var e,t,s=l.querySelectorAll(\"iframe.wp-embedded-content\"),r=0;r<s.length;r++)(t=(e=s[r]).getAttribute(\"data-secret\"))||(t=Math.random().toString(36).substring(2,12),e.src+=\"#?secret=\"+t,e.setAttribute(\"data-secret\",t)),e.contentWindow.postMessage({message:\"ready\",secret:t},\"*\")},!1)))}(window,document);\n\/* ]]> *\/\n<\/script>\n","thumbnail_url":"https:\/\/instytutpolski.pl\/bucuresti\/wp-content\/uploads\/sites\/11\/2020\/06\/concerte-mikromusic-la-bucuresti-si-cluj.jpg","thumbnail_width":2362,"thumbnail_height":1571,"description":"25 wrze\u015bnia, godz. 22.00 \u2013 Teatr Godot, str. Bl\u0103nari 14, Bukareszt26 wrze\u015bnia, godz. 19.45 \u2013 Park Cet\u0103\u021buie, Klu\u017c Grupa \u0142\u0105cz\u0105ca pi\u0119kne melodie, kunszt warsztatowy oraz wspania\u0142\u0105 koncertow\u0105 energi\u0119. Muzyka zespo\u0142u to fuzja jazzu, trip-hopu, rocka, czasem te\u017c muzyki ludowej. Okazuje si\u0119, \u017ce takie pozornie r\u00f3\u017cne gatunki muzyki tutaj wsp\u00f3\u0142brzmi\u0105 nadspodziewanie sp\u00f3jnie. Enigmatyczny g\u0142os wokalistki \u2013 [&hellip;]"}

Koncerty Mikromusic w Bukareszcie i Klużu - Instytut Polski w Bukareszcie

<blockquote class="wp-embedded-content" data-secret="jVyWFiDWGs"><a href="https://instytutpolski.pl/bucuresti/pl/2015/09/28/koncerty-mikromusic-w-bukareszcie-i-kluzu/">Koncerty Mikromusic w Bukareszcie i Klużu</a></blockquote><iframe sandbox="allow-scripts" security="restricted" src="https://instytutpolski.pl/bucuresti/pl/2015/09/28/koncerty-mikromusic-w-bukareszcie-i-kluzu/embed/#?secret=jVyWFiDWGs" width="600" height="338" title="&#8222;Koncerty Mikromusic w Bukareszcie i Klużu&#8221; &#8212; Instytut Polski w Bukareszcie" data-secret="jVyWFiDWGs" frameborder="0" marginwidth="0" marginheight="0" scrolling="no" class="wp-embedded-content"></iframe><script type="text/javascript">
/* <![CDATA[ */
/*! This file is auto-generated */
!function(d,l){"use strict";l.querySelector&&d.addEventListener&&"undefined"!=typeof URL&&(d.wp=d.wp||{},d.wp.receiveEmbedMessage||(d.wp.receiveEmbedMessage=function(e){var t=e.data;if((t||t.secret||t.message||t.value)&&!/[^a-zA-Z0-9]/.test(t.secret)){for(var s,r,n,a=l.querySelectorAll('iframe[data-secret="'+t.secret+'"]'),o=l.querySelectorAll('blockquote[data-secret="'+t.secret+'"]'),c=new RegExp("^https?:$","i"),i=0;i<o.length;i++)o[i].style.display="none";for(i=0;i<a.length;i++)s=a[i],e.source===s.contentWindow&&(s.removeAttribute("style"),"height"===t.message?(1e3<(r=parseInt(t.value,10))?r=1e3:~~r<200&&(r=200),s.height=r):"link"===t.message&&(r=new URL(s.getAttribute("src")),n=new URL(t.value),c.test(n.protocol))&&n.host===r.host&&l.activeElement===s&&(d.top.location.href=t.value))}},d.addEventListener("message",d.wp.receiveEmbedMessage,!1),l.addEventListener("DOMContentLoaded",function(){for(var e,t,s=l.querySelectorAll("iframe.wp-embedded-content"),r=0;r<s.length;r++)(t=(e=s[r]).getAttribute("data-secret"))||(t=Math.random().toString(36).substring(2,12),e.src+="#?secret="+t,e.setAttribute("data-secret",t)),e.contentWindow.postMessage({message:"ready",secret:t},"*")},!1)))}(window,document);
/* ]]> */
</script>

25 września, godz. 22.00 – Teatr Godot, str. Blănari 14, Bukareszt26 września, godz. 19.45 – Park Cetățuie, Kluż Grupa łącząca piękne melodie, kunszt warsztatowy oraz wspaniałą koncertową energię. Muzyka zespołu to fuzja jazzu, trip-hopu, rocka, czasem też muzyki ludowej. Okazuje się, że takie pozornie różne gatunki muzyki tutaj współbrzmią nadspodziewanie spójnie. Enigmatyczny głos wokalistki – [&hellip;]
