{"version":"1.0","provider_name":"Instytut Polski w Bukareszcie","provider_url":"https:\/\/instytutpolski.pl\/bucuresti","author_name":"mrozowskiw","author_url":"https:\/\/instytutpolski.pl\/bucuresti\/author\/mrozowskiw\/","title":"Polska na otwarciu Festiwalu One World Romania - Instytut Polski w Bukareszcie","type":"rich","width":600,"height":338,"html":"<blockquote class=\"wp-embedded-content\" data-secret=\"gpJuSw13ox\"><a href=\"https:\/\/instytutpolski.pl\/bucuresti\/pl\/2017\/03\/08\/polska-na-otwarciu-festiwalu-one-world-romania\/\">Polska na otwarciu Festiwalu One World Romania<\/a><\/blockquote><iframe sandbox=\"allow-scripts\" security=\"restricted\" src=\"https:\/\/instytutpolski.pl\/bucuresti\/pl\/2017\/03\/08\/polska-na-otwarciu-festiwalu-one-world-romania\/embed\/#?secret=gpJuSw13ox\" width=\"600\" height=\"338\" title=\"&#8222;Polska na otwarciu Festiwalu One World Romania&#8221; &#8212; Instytut Polski w Bukareszcie\" data-secret=\"gpJuSw13ox\" frameborder=\"0\" marginwidth=\"0\" marginheight=\"0\" scrolling=\"no\" class=\"wp-embedded-content\"><\/iframe><script type=\"text\/javascript\">\n\/* <![CDATA[ *\/\n\/*! This file is auto-generated *\/\n!function(d,l){\"use strict\";l.querySelector&&d.addEventListener&&\"undefined\"!=typeof URL&&(d.wp=d.wp||{},d.wp.receiveEmbedMessage||(d.wp.receiveEmbedMessage=function(e){var t=e.data;if((t||t.secret||t.message||t.value)&&!\/[^a-zA-Z0-9]\/.test(t.secret)){for(var s,r,n,a=l.querySelectorAll('iframe[data-secret=\"'+t.secret+'\"]'),o=l.querySelectorAll('blockquote[data-secret=\"'+t.secret+'\"]'),c=new RegExp(\"^https?:$\",\"i\"),i=0;i<o.length;i++)o[i].style.display=\"none\";for(i=0;i<a.length;i++)s=a[i],e.source===s.contentWindow&&(s.removeAttribute(\"style\"),\"height\"===t.message?(1e3<(r=parseInt(t.value,10))?r=1e3:~~r<200&&(r=200),s.height=r):\"link\"===t.message&&(r=new URL(s.getAttribute(\"src\")),n=new URL(t.value),c.test(n.protocol))&&n.host===r.host&&l.activeElement===s&&(d.top.location.href=t.value))}},d.addEventListener(\"message\",d.wp.receiveEmbedMessage,!1),l.addEventListener(\"DOMContentLoaded\",function(){for(var e,t,s=l.querySelectorAll(\"iframe.wp-embedded-content\"),r=0;r<s.length;r++)(t=(e=s[r]).getAttribute(\"data-secret\"))||(t=Math.random().toString(36).substring(2,12),e.src+=\"#?secret=\"+t,e.setAttribute(\"data-secret\",t)),e.contentWindow.postMessage({message:\"ready\",secret:t},\"*\")},!1)))}(window,document);\n\/* ]]> *\/\n<\/script>\n","thumbnail_url":"https:\/\/instytutpolski.pl\/bucuresti\/wp-content\/uploads\/sites\/11\/2020\/05\/polonia-in-deschiderea-one-world-romania_dbbf0a.jpg","thumbnail_width":660,"thumbnail_height":372,"description":"LEKCJA PATRIOTYZMU Polska, Niemcy, 2016, 20 min. Patriotyczna akademia w szkole podstawowej w Gdyni. Dzieci \u015bpiewaj\u0105 piosenki o maszeruj\u0105cych \u017co\u0142nierzach, karabinach i rzucanym na stos \u017cyciu. Jednak czy w pe\u0142ni zdaj\u0105 sobie spraw\u0119 z wagi tych s\u0142\u00f3w? Nauczycielskie jury ocenia jednak dykcj\u0119 oraz zaanga\u017cowanie emocjonalne uczni\u00f3w \u2013 by\u0107 mo\u017ce w przysz\u0142o\u015bci do szko\u0142y zawita edycja [&hellip;]"}

LEKCJA PATRIOTYZMU Polska, Niemcy, 2016, 20 min. Patriotyczna akademia w szkole podstawowej w Gdyni. Dzieci śpiewają piosenki o maszerujących żołnierzach, karabinach i rzucanym na stos życiu. Jednak czy w pełni zdają sobie sprawę z wagi tych słów? Nauczycielskie jury ocenia jednak dykcję oraz zaangażowanie emocjonalne uczniów – być może w przyszłości do szkoły zawita edycja [&hellip;]
