{"version":"1.0","provider_name":"Instytut Polski w Bukareszcie","provider_url":"https:\/\/instytutpolski.pl\/bucuresti","author_name":"zalaszewskak","author_url":"https:\/\/instytutpolski.pl\/bucuresti\/author\/zalaszewskak\/","title":"Lublin - Europejska Stolica M\u0142odzie\u017cy 2023 - Instytut Polski w Bukareszcie","type":"rich","width":600,"height":338,"html":"<blockquote class=\"wp-embedded-content\" data-secret=\"QdbAniBOzp\"><a href=\"https:\/\/instytutpolski.pl\/bucuresti\/pl\/2023\/03\/17\/lublin-europejska-stolica-mlodziezy-2023\/\">Lublin &#8211; Europejska Stolica M\u0142odzie\u017cy 2023<\/a><\/blockquote><iframe sandbox=\"allow-scripts\" security=\"restricted\" src=\"https:\/\/instytutpolski.pl\/bucuresti\/pl\/2023\/03\/17\/lublin-europejska-stolica-mlodziezy-2023\/embed\/#?secret=QdbAniBOzp\" width=\"600\" height=\"338\" title=\"&#8222;Lublin &#8211; Europejska Stolica M\u0142odzie\u017cy 2023&#8221; &#8212; Instytut Polski w Bukareszcie\" data-secret=\"QdbAniBOzp\" frameborder=\"0\" marginwidth=\"0\" marginheight=\"0\" scrolling=\"no\" class=\"wp-embedded-content\"><\/iframe><script type=\"text\/javascript\">\n\/* <![CDATA[ *\/\n\/*! This file is auto-generated *\/\n!function(d,l){\"use strict\";l.querySelector&&d.addEventListener&&\"undefined\"!=typeof URL&&(d.wp=d.wp||{},d.wp.receiveEmbedMessage||(d.wp.receiveEmbedMessage=function(e){var t=e.data;if((t||t.secret||t.message||t.value)&&!\/[^a-zA-Z0-9]\/.test(t.secret)){for(var s,r,n,a=l.querySelectorAll('iframe[data-secret=\"'+t.secret+'\"]'),o=l.querySelectorAll('blockquote[data-secret=\"'+t.secret+'\"]'),c=new RegExp(\"^https?:$\",\"i\"),i=0;i<o.length;i++)o[i].style.display=\"none\";for(i=0;i<a.length;i++)s=a[i],e.source===s.contentWindow&&(s.removeAttribute(\"style\"),\"height\"===t.message?(1e3<(r=parseInt(t.value,10))?r=1e3:~~r<200&&(r=200),s.height=r):\"link\"===t.message&&(r=new URL(s.getAttribute(\"src\")),n=new URL(t.value),c.test(n.protocol))&&n.host===r.host&&l.activeElement===s&&(d.top.location.href=t.value))}},d.addEventListener(\"message\",d.wp.receiveEmbedMessage,!1),l.addEventListener(\"DOMContentLoaded\",function(){for(var e,t,s=l.querySelectorAll(\"iframe.wp-embedded-content\"),r=0;r<s.length;r++)(t=(e=s[r]).getAttribute(\"data-secret\"))||(t=Math.random().toString(36).substring(2,12),e.src+=\"#?secret=\"+t,e.setAttribute(\"data-secret\",t)),e.contentWindow.postMessage({message:\"ready\",secret:t},\"*\")},!1)))}(window,document);\n\/* ]]> *\/\n<\/script>\n","thumbnail_url":"https:\/\/instytutpolski.pl\/bucuresti\/wp-content\/uploads\/sites\/11\/2023\/03\/50166562442_86fc680903_c.jpg","thumbnail_width":799,"thumbnail_height":533,"description":"Lublin \u015bwi\u0119tuje Otwarcie Europejskiej Stolicy M\u0142odzie\u017cy. Uroczystej\u00a0Ceremonii towarzyszy kilkudniowy festiwal wydarze\u0144, w tym prezentacje tw\u00f3rczo\u015bci m\u0142odych, spektakle, koncerty i warsztaty. Rok 2023 to w Lublinie czas zmian oraz nowych wyzwa\u0144. Najbli\u017csze miesi\u0105ce przynios\u0105\u00a0wiele dzia\u0142a\u0144, spotka\u0144 oraz wydarze\u0144 sportowych. Lublin jest pierwszym miastem w Polsce, kt\u00f3re zdoby\u0142o tytu\u0142 Europejskiej Stolicy M\u0142odzie\u017cy, a osoby poni\u017cej 30 roku [&hellip;]"}

Lublin - Europejska Stolica Młodzieży 2023 - Instytut Polski w Bukareszcie

<blockquote class="wp-embedded-content" data-secret="QdbAniBOzp"><a href="https://instytutpolski.pl/bucuresti/pl/2023/03/17/lublin-europejska-stolica-mlodziezy-2023/">Lublin &#8211; Europejska Stolica Młodzieży 2023</a></blockquote><iframe sandbox="allow-scripts" security="restricted" src="https://instytutpolski.pl/bucuresti/pl/2023/03/17/lublin-europejska-stolica-mlodziezy-2023/embed/#?secret=QdbAniBOzp" width="600" height="338" title="&#8222;Lublin &#8211; Europejska Stolica Młodzieży 2023&#8221; &#8212; Instytut Polski w Bukareszcie" data-secret="QdbAniBOzp" frameborder="0" marginwidth="0" marginheight="0" scrolling="no" class="wp-embedded-content"></iframe><script type="text/javascript">
/* <![CDATA[ */
/*! This file is auto-generated */
!function(d,l){"use strict";l.querySelector&&d.addEventListener&&"undefined"!=typeof URL&&(d.wp=d.wp||{},d.wp.receiveEmbedMessage||(d.wp.receiveEmbedMessage=function(e){var t=e.data;if((t||t.secret||t.message||t.value)&&!/[^a-zA-Z0-9]/.test(t.secret)){for(var s,r,n,a=l.querySelectorAll('iframe[data-secret="'+t.secret+'"]'),o=l.querySelectorAll('blockquote[data-secret="'+t.secret+'"]'),c=new RegExp("^https?:$","i"),i=0;i<o.length;i++)o[i].style.display="none";for(i=0;i<a.length;i++)s=a[i],e.source===s.contentWindow&&(s.removeAttribute("style"),"height"===t.message?(1e3<(r=parseInt(t.value,10))?r=1e3:~~r<200&&(r=200),s.height=r):"link"===t.message&&(r=new URL(s.getAttribute("src")),n=new URL(t.value),c.test(n.protocol))&&n.host===r.host&&l.activeElement===s&&(d.top.location.href=t.value))}},d.addEventListener("message",d.wp.receiveEmbedMessage,!1),l.addEventListener("DOMContentLoaded",function(){for(var e,t,s=l.querySelectorAll("iframe.wp-embedded-content"),r=0;r<s.length;r++)(t=(e=s[r]).getAttribute("data-secret"))||(t=Math.random().toString(36).substring(2,12),e.src+="#?secret="+t,e.setAttribute("data-secret",t)),e.contentWindow.postMessage({message:"ready",secret:t},"*")},!1)))}(window,document);
/* ]]> */
</script>

Lublin świętuje Otwarcie Europejskiej Stolicy Młodzieży. Uroczystej Ceremonii towarzyszy kilkudniowy festiwal wydarzeń, w tym prezentacje twórczości młodych, spektakle, koncerty i warsztaty. Rok 2023 to w Lublinie czas zmian oraz nowych wyzwań. Najbliższe miesiące przyniosą wiele działań, spotkań oraz wydarzeń sportowych. Lublin jest pierwszym miastem w Polsce, które zdobyło tytuł Europejskiej Stolicy Młodzieży, a osoby poniżej 30 roku [&hellip;]
