{"version":"1.0","provider_name":"Instytut Polski w Bukareszcie","provider_url":"https:\/\/instytutpolski.pl\/bucuresti","author_name":"mirelal","author_url":"https:\/\/instytutpolski.pl\/bucuresti\/author\/mirelal\/","title":"Nominacja Polski do nagr\u00f3d Oscara - Instytut Polski w Bukareszcie","type":"rich","width":600,"height":338,"html":"<blockquote class=\"wp-embedded-content\" data-secret=\"T6Tve7ttP8\"><a href=\"https:\/\/instytutpolski.pl\/bucuresti\/pl\/2023\/09\/26\/nominacja-polski-do-nagrod-oscara\/\">Nominacja Polski do nagr\u00f3d Oscara<\/a><\/blockquote><iframe sandbox=\"allow-scripts\" security=\"restricted\" src=\"https:\/\/instytutpolski.pl\/bucuresti\/pl\/2023\/09\/26\/nominacja-polski-do-nagrod-oscara\/embed\/#?secret=T6Tve7ttP8\" width=\"600\" height=\"338\" title=\"&#8222;Nominacja Polski do nagr\u00f3d Oscara&#8221; &#8212; Instytut Polski w Bukareszcie\" data-secret=\"T6Tve7ttP8\" frameborder=\"0\" marginwidth=\"0\" marginheight=\"0\" scrolling=\"no\" class=\"wp-embedded-content\"><\/iframe><script type=\"text\/javascript\">\n\/* <![CDATA[ *\/\n\/*! This file is auto-generated *\/\n!function(d,l){\"use strict\";l.querySelector&&d.addEventListener&&\"undefined\"!=typeof URL&&(d.wp=d.wp||{},d.wp.receiveEmbedMessage||(d.wp.receiveEmbedMessage=function(e){var t=e.data;if((t||t.secret||t.message||t.value)&&!\/[^a-zA-Z0-9]\/.test(t.secret)){for(var s,r,n,a=l.querySelectorAll('iframe[data-secret=\"'+t.secret+'\"]'),o=l.querySelectorAll('blockquote[data-secret=\"'+t.secret+'\"]'),c=new RegExp(\"^https?:$\",\"i\"),i=0;i<o.length;i++)o[i].style.display=\"none\";for(i=0;i<a.length;i++)s=a[i],e.source===s.contentWindow&&(s.removeAttribute(\"style\"),\"height\"===t.message?(1e3<(r=parseInt(t.value,10))?r=1e3:~~r<200&&(r=200),s.height=r):\"link\"===t.message&&(r=new URL(s.getAttribute(\"src\")),n=new URL(t.value),c.test(n.protocol))&&n.host===r.host&&l.activeElement===s&&(d.top.location.href=t.value))}},d.addEventListener(\"message\",d.wp.receiveEmbedMessage,!1),l.addEventListener(\"DOMContentLoaded\",function(){for(var e,t,s=l.querySelectorAll(\"iframe.wp-embedded-content\"),r=0;r<s.length;r++)(t=(e=s[r]).getAttribute(\"data-secret\"))||(t=Math.random().toString(36).substring(2,12),e.src+=\"#?secret=\"+t,e.setAttribute(\"data-secret\",t)),e.contentWindow.postMessage({message:\"ready\",secret:t},\"*\")},!1)))}(window,document);\n\/* ]]> *\/\n<\/script>\n","thumbnail_url":"https:\/\/instytutpolski.pl\/bucuresti\/wp-content\/uploads\/sites\/11\/2023\/09\/Oscary-2024-Chlopi-polskim-kandydatem-do-prestizowej-nagrody_content_north.jpg","thumbnail_width":860,"thumbnail_height":573,"description":"Film jest oparty na powie\u015bci \u201eCh\u0142opi\u201d polskiego pisarza W\u0142adys\u0142awa Reymonta, za kt\u00f3r\u0105 w 1924 roku otrzyma\u0142 on literack\u0105 Nagrod\u0119 Nobla. Sk\u0142ada si\u0119 ona z czterech tom\u00f3w: \u201eJesie\u0144\u201d, \u201eZima\u201d, \u201eWiosna \u201d i \u201eLato\u201d. Powie\u015b\u0107 jest epopej\u0105 \u017cycia na wsi, we wszystkich czterech porach roku, i mo\u017cna j\u0105 por\u00f3wna\u0107 do \u201eIona\u201d Liviu Rebreanu. Zdj\u0119cia do ekranizacji filmu [&hellip;]"}

Nominacja Polski do nagród Oscara - Instytut Polski w Bukareszcie

<blockquote class="wp-embedded-content" data-secret="T6Tve7ttP8"><a href="https://instytutpolski.pl/bucuresti/pl/2023/09/26/nominacja-polski-do-nagrod-oscara/">Nominacja Polski do nagród Oscara</a></blockquote><iframe sandbox="allow-scripts" security="restricted" src="https://instytutpolski.pl/bucuresti/pl/2023/09/26/nominacja-polski-do-nagrod-oscara/embed/#?secret=T6Tve7ttP8" width="600" height="338" title="&#8222;Nominacja Polski do nagród Oscara&#8221; &#8212; Instytut Polski w Bukareszcie" data-secret="T6Tve7ttP8" frameborder="0" marginwidth="0" marginheight="0" scrolling="no" class="wp-embedded-content"></iframe><script type="text/javascript">
/* <![CDATA[ */
/*! This file is auto-generated */
!function(d,l){"use strict";l.querySelector&&d.addEventListener&&"undefined"!=typeof URL&&(d.wp=d.wp||{},d.wp.receiveEmbedMessage||(d.wp.receiveEmbedMessage=function(e){var t=e.data;if((t||t.secret||t.message||t.value)&&!/[^a-zA-Z0-9]/.test(t.secret)){for(var s,r,n,a=l.querySelectorAll('iframe[data-secret="'+t.secret+'"]'),o=l.querySelectorAll('blockquote[data-secret="'+t.secret+'"]'),c=new RegExp("^https?:$","i"),i=0;i<o.length;i++)o[i].style.display="none";for(i=0;i<a.length;i++)s=a[i],e.source===s.contentWindow&&(s.removeAttribute("style"),"height"===t.message?(1e3<(r=parseInt(t.value,10))?r=1e3:~~r<200&&(r=200),s.height=r):"link"===t.message&&(r=new URL(s.getAttribute("src")),n=new URL(t.value),c.test(n.protocol))&&n.host===r.host&&l.activeElement===s&&(d.top.location.href=t.value))}},d.addEventListener("message",d.wp.receiveEmbedMessage,!1),l.addEventListener("DOMContentLoaded",function(){for(var e,t,s=l.querySelectorAll("iframe.wp-embedded-content"),r=0;r<s.length;r++)(t=(e=s[r]).getAttribute("data-secret"))||(t=Math.random().toString(36).substring(2,12),e.src+="#?secret="+t,e.setAttribute("data-secret",t)),e.contentWindow.postMessage({message:"ready",secret:t},"*")},!1)))}(window,document);
/* ]]> */
</script>

Film jest oparty na powieści „Chłopi” polskiego pisarza Władysława Reymonta, za którą w 1924 roku otrzymał on literacką Nagrodę Nobla. Składa się ona z czterech tomów: „Jesień”, „Zima”, „Wiosna ” i „Lato”. Powieść jest epopeją życia na wsi, we wszystkich czterech porach roku, i można ją porównać do „Iona” Liviu Rebreanu. Zdjęcia do ekranizacji filmu [&hellip;]
