{"id":360,"date":"2019-07-01T09:53:25","date_gmt":"2019-07-01T07:53:25","guid":{"rendered":"https:\/\/instytutpolski.pl\/bukareszt\/?page_id=360"},"modified":"2025-06-03T10:04:24","modified_gmt":"2025-06-03T08:04:24","slug":"despre-institutul-polonez-2","status":"publish","type":"page","link":"https:\/\/instytutpolski.pl\/bucuresti\/despre-institutul-polonez-2\/","title":{"rendered":"Despre Institutul Polonez"},"content":{"rendered":"\n<p>Aducem Polonia mai aproape, dincolo de hotarele ei! Prezent\u0103m altor popoare cultura \u0219i arta noastr\u0103, istoria, \u0219tiin\u021ba, \u00eenv\u0103\u021b\u0103m\u00e2ntul sau realiz\u0103rile ONG-urilor noastre. Sus\u021binem colaborarea dintre Polonia \u0219i alte \u021b\u0103ri \u00een aceste domenii.\u00a0<\/p>\n<section class=\"post-image\"><\/section>\n<p>La fel ca \u0219i celelalte\u00a0<strong>24 de Institute Poloneze din lume<\/strong>, facem parte din Ministerul Afacerilor Externe al Republicii Polone. Ne ocup\u0103m \u00een mod curent cu diploma\u021bia public\u0103 \u0219i cultural\u0103, colabor\u0103m cu arti\u0219ti, exper\u021bi, media \u0219i medii formatoare de opinie.<\/p>\n<p>Avem grij\u0103 ca Polonia s\u0103 fie activ\u0103 \u00een via\u021ba public\u0103 \u0219i cultural\u0103 a diferitelor \u021b\u0103ri, de asemenea desf\u0103\u0219ur\u0103m \u0219i o activitate informativ-educativ\u0103, de ex. prin sus\u021binerea \u00eenv\u0103\u021b\u0103rii limbii polone \u00een afara grani\u021belor \u021b\u0103rii noastre.<\/p>\n<p>De asemenea, colabor\u0103m cu cele mai importante institu\u021bii poloneze de cultur\u0103, cum ar fi:<a href=\"http:\/\/culture.pl\/en\" target=\"_blank\" rel=\"noopener noreferrer\">\u00a0Institutul \u00a0\u201eAdam Mickiewicz\u201d<\/a>,\u00a0<a href=\"http:\/\/en.pisf.pl\/\" target=\"_blank\" rel=\"noopener noreferrer\">Institutul de Art\u0103 Cinematografic\u0103 din Polonia<\/a>,\u00a0<a href=\"http:\/\/www.bookinstitute.pl\/\" target=\"_blank\" rel=\"noopener noreferrer\">Institutul C\u0103r\u021bii<\/a>,\u00a0<a href=\"http:\/\/en.instytut-teatralny.pl\/\" target=\"_blank\" rel=\"noopener noreferrer\">Institutul Teatral<\/a>, precum \u0219i\u00a0<a href=\"https:\/\/www.culturapoloneza.ro\/en.chopin.nifc.pl\/institute\/\">Institutul Na\u021bional \u201eFryderyk Chopin\u201d<\/a>.<\/p>\n<p>Institutul Polonez din Bucure\u0219ti \u00ee\u0219i desf\u0103\u0219oar\u0103 activitatea pe teritoriul a dou\u0103 \u021b\u0103ri &#8211; Rom\u00e2nia \u0219i\u00a0<a href=\"http:\/\/culturapoloneza.ro\/moldova\" target=\"_blank\" rel=\"noopener noreferrer\">Republica Moldova<\/a>.\u00a0<\/p>\n","protected":false},"excerpt":{"rendered":"<p>Aducem Polonia mai aproape, dincolo de hotarele ei! Prezent\u0103m altor popoare cultura \u0219i arta noastr\u0103, istoria, \u0219tiin\u021ba, \u00eenv\u0103\u021b\u0103m\u00e2ntul sau realiz\u0103rile ONG-urilor noastre. Sus\u021binem colaborarea dintre Polonia \u0219i alte \u021b\u0103ri \u00een aceste domenii.\u00a0 La fel ca \u0219i celelalte\u00a024 de Institute Poloneze din lume, facem parte din Ministerul Afacerilor Externe al Republicii Polone. Ne ocup\u0103m \u00een mod [&hellip;]<\/p>\n","protected":false},"author":1,"featured_media":2796,"parent":0,"menu_order":0,"comment_status":"closed","ping_status":"closed","template":"","meta":{"inline_featured_image":false,"_monsterinsights_skip_tracking":false,"_monsterinsights_sitenote_active":false,"_monsterinsights_sitenote_note":"","_monsterinsights_sitenote_category":0,"footnotes":""},"class_list":["post-360","page","type-page","status-publish","has-post-thumbnail","hentry"],"yoast_head":"<!-- This site is optimized with the Yoast SEO plugin v24.6 - https:\/\/yoast.com\/wordpress\/plugins\/seo\/ -->\n<title>Despre Institutul Polonez - Instytut Polski w Bukareszcie<\/title>\n<meta name=\"robots\" content=\"index, follow, max-snippet:-1, max-image-preview:large, max-video-preview:-1\" \/>\n<link rel=\"canonical\" href=\"https:\/\/instytutpolski.pl\/bucuresti\/despre-institutul-polonez-2\/\" \/>\n<meta property=\"og:locale\" content=\"pl_PL\" \/>\n<meta property=\"og:type\" content=\"article\" \/>\n<meta property=\"og:title\" content=\"Despre Institutul Polonez - Instytut Polski w Bukareszcie\" \/>\n<meta property=\"og:description\" content=\"Aducem Polonia mai aproape, dincolo de hotarele ei! Prezent\u0103m altor popoare cultura \u0219i arta noastr\u0103, istoria, \u0219tiin\u021ba, \u00eenv\u0103\u021b\u0103m\u00e2ntul sau realiz\u0103rile ONG-urilor noastre. Sus\u021binem colaborarea dintre Polonia \u0219i alte \u021b\u0103ri \u00een aceste domenii.\u00a0 La fel ca \u0219i celelalte\u00a024 de Institute Poloneze din lume, facem parte din Ministerul Afacerilor Externe al Republicii Polone. Ne ocup\u0103m \u00een mod [&hellip;]\" \/>\n<meta property=\"og:url\" content=\"https:\/\/instytutpolski.pl\/bucuresti\/despre-institutul-polonez-2\/\" \/>\n<meta property=\"og:site_name\" content=\"Instytut Polski w Bukareszcie\" \/>\n<meta property=\"article:modified_time\" content=\"2025-06-03T08:04:24+00:00\" \/>\n<meta property=\"og:image\" content=\"https:\/\/instytutpolski.pl\/bucuresti\/wp-content\/uploads\/sites\/11\/2020\/06\/3_pl.jpg\" \/>\n\t<meta property=\"og:image:width\" content=\"2000\" \/>\n\t<meta property=\"og:image:height\" content=\"1206\" \/>\n\t<meta property=\"og:image:type\" content=\"image\/jpeg\" \/>\n<meta name=\"twitter:card\" content=\"summary_large_image\" \/>\n<meta name=\"twitter:label1\" content=\"Szacowany czas czytania\" \/>\n\t<meta name=\"twitter:data1\" content=\"2 minuty\" \/>\n<script type=\"application\/ld+json\" class=\"yoast-schema-graph\">{\"@context\":\"https:\/\/schema.org\",\"@graph\":[{\"@type\":\"WebPage\",\"@id\":\"https:\/\/instytutpolski.pl\/bucuresti\/despre-institutul-polonez-2\/\",\"url\":\"https:\/\/instytutpolski.pl\/bucuresti\/despre-institutul-polonez-2\/\",\"name\":\"Despre Institutul Polonez - Instytut Polski w Bukareszcie\",\"isPartOf\":{\"@id\":\"https:\/\/instytutpolski.pl\/bucuresti\/#website\"},\"primaryImageOfPage\":{\"@id\":\"https:\/\/instytutpolski.pl\/bucuresti\/despre-institutul-polonez-2\/#primaryimage\"},\"image\":{\"@id\":\"https:\/\/instytutpolski.pl\/bucuresti\/despre-institutul-polonez-2\/#primaryimage\"},\"thumbnailUrl\":\"https:\/\/instytutpolski.pl\/bucuresti\/wp-content\/uploads\/sites\/11\/2020\/06\/3_pl.jpg\",\"datePublished\":\"2019-07-01T07:53:25+00:00\",\"dateModified\":\"2025-06-03T08:04:24+00:00\",\"breadcrumb\":{\"@id\":\"https:\/\/instytutpolski.pl\/bucuresti\/despre-institutul-polonez-2\/#breadcrumb\"},\"inLanguage\":\"pl-PL\",\"potentialAction\":[{\"@type\":\"ReadAction\",\"target\":[\"https:\/\/instytutpolski.pl\/bucuresti\/despre-institutul-polonez-2\/\"]}]},{\"@type\":\"ImageObject\",\"inLanguage\":\"pl-PL\",\"@id\":\"https:\/\/instytutpolski.pl\/bucuresti\/despre-institutul-polonez-2\/#primaryimage\",\"url\":\"https:\/\/instytutpolski.pl\/bucuresti\/wp-content\/uploads\/sites\/11\/2020\/06\/3_pl.jpg\",\"contentUrl\":\"https:\/\/instytutpolski.pl\/bucuresti\/wp-content\/uploads\/sites\/11\/2020\/06\/3_pl.jpg\",\"width\":2000,\"height\":1206,\"caption\":\"Wystawa \\\"Polski i Rumunki, kt\u00f3re zmieni\u0142y \u015bwiat\\\"\"},{\"@type\":\"BreadcrumbList\",\"@id\":\"https:\/\/instytutpolski.pl\/bucuresti\/despre-institutul-polonez-2\/#breadcrumb\",\"itemListElement\":[{\"@type\":\"ListItem\",\"position\":1,\"name\":\"Home\",\"item\":\"https:\/\/instytutpolski.pl\/bucuresti\/\"},{\"@type\":\"ListItem\",\"position\":2,\"name\":\"Despre Institutul Polonez\"}]},{\"@type\":\"WebSite\",\"@id\":\"https:\/\/instytutpolski.pl\/bucuresti\/#website\",\"url\":\"https:\/\/instytutpolski.pl\/bucuresti\/\",\"name\":\"Instytut Polski w Bukareszcie\",\"description\":\"Instytuty Polskie\",\"potentialAction\":[{\"@type\":\"SearchAction\",\"target\":{\"@type\":\"EntryPoint\",\"urlTemplate\":\"https:\/\/instytutpolski.pl\/bucuresti\/?s={search_term_string}\"},\"query-input\":{\"@type\":\"PropertyValueSpecification\",\"valueRequired\":true,\"valueName\":\"search_term_string\"}}],\"inLanguage\":\"pl-PL\"}]}<\/script>\n<!-- \/ Yoast SEO plugin. -->","yoast_head_json":{"title":"Despre Institutul Polonez - Instytut Polski w Bukareszcie","robots":{"index":"index","follow":"follow","max-snippet":"max-snippet:-1","max-image-preview":"max-image-preview:large","max-video-preview":"max-video-preview:-1"},"canonical":"https:\/\/instytutpolski.pl\/bucuresti\/despre-institutul-polonez-2\/","og_locale":"pl_PL","og_type":"article","og_title":"Despre Institutul Polonez - Instytut Polski w Bukareszcie","og_description":"Aducem Polonia mai aproape, dincolo de hotarele ei! Prezent\u0103m altor popoare cultura \u0219i arta noastr\u0103, istoria, \u0219tiin\u021ba, \u00eenv\u0103\u021b\u0103m\u00e2ntul sau realiz\u0103rile ONG-urilor noastre. Sus\u021binem colaborarea dintre Polonia \u0219i alte \u021b\u0103ri \u00een aceste domenii.\u00a0 La fel ca \u0219i celelalte\u00a024 de Institute Poloneze din lume, facem parte din Ministerul Afacerilor Externe al Republicii Polone. Ne ocup\u0103m \u00een mod [&hellip;]","og_url":"https:\/\/instytutpolski.pl\/bucuresti\/despre-institutul-polonez-2\/","og_site_name":"Instytut Polski w Bukareszcie","article_modified_time":"2025-06-03T08:04:24+00:00","og_image":[{"width":2000,"height":1206,"url":"https:\/\/instytutpolski.pl\/bucuresti\/wp-content\/uploads\/sites\/11\/2020\/06\/3_pl.jpg","type":"image\/jpeg"}],"twitter_card":"summary_large_image","twitter_misc":{"Szacowany czas czytania":"2 minuty"},"schema":{"@context":"https:\/\/schema.org","@graph":[{"@type":"WebPage","@id":"https:\/\/instytutpolski.pl\/bucuresti\/despre-institutul-polonez-2\/","url":"https:\/\/instytutpolski.pl\/bucuresti\/despre-institutul-polonez-2\/","name":"Despre Institutul Polonez - Instytut Polski w Bukareszcie","isPartOf":{"@id":"https:\/\/instytutpolski.pl\/bucuresti\/#website"},"primaryImageOfPage":{"@id":"https:\/\/instytutpolski.pl\/bucuresti\/despre-institutul-polonez-2\/#primaryimage"},"image":{"@id":"https:\/\/instytutpolski.pl\/bucuresti\/despre-institutul-polonez-2\/#primaryimage"},"thumbnailUrl":"https:\/\/instytutpolski.pl\/bucuresti\/wp-content\/uploads\/sites\/11\/2020\/06\/3_pl.jpg","datePublished":"2019-07-01T07:53:25+00:00","dateModified":"2025-06-03T08:04:24+00:00","breadcrumb":{"@id":"https:\/\/instytutpolski.pl\/bucuresti\/despre-institutul-polonez-2\/#breadcrumb"},"inLanguage":"pl-PL","potentialAction":[{"@type":"ReadAction","target":["https:\/\/instytutpolski.pl\/bucuresti\/despre-institutul-polonez-2\/"]}]},{"@type":"ImageObject","inLanguage":"pl-PL","@id":"https:\/\/instytutpolski.pl\/bucuresti\/despre-institutul-polonez-2\/#primaryimage","url":"https:\/\/instytutpolski.pl\/bucuresti\/wp-content\/uploads\/sites\/11\/2020\/06\/3_pl.jpg","contentUrl":"https:\/\/instytutpolski.pl\/bucuresti\/wp-content\/uploads\/sites\/11\/2020\/06\/3_pl.jpg","width":2000,"height":1206,"caption":"Wystawa \"Polski i Rumunki, kt\u00f3re zmieni\u0142y \u015bwiat\""},{"@type":"BreadcrumbList","@id":"https:\/\/instytutpolski.pl\/bucuresti\/despre-institutul-polonez-2\/#breadcrumb","itemListElement":[{"@type":"ListItem","position":1,"name":"Home","item":"https:\/\/instytutpolski.pl\/bucuresti\/"},{"@type":"ListItem","position":2,"name":"Despre Institutul Polonez"}]},{"@type":"WebSite","@id":"https:\/\/instytutpolski.pl\/bucuresti\/#website","url":"https:\/\/instytutpolski.pl\/bucuresti\/","name":"Instytut Polski w Bukareszcie","description":"Instytuty Polskie","potentialAction":[{"@type":"SearchAction","target":{"@type":"EntryPoint","urlTemplate":"https:\/\/instytutpolski.pl\/bucuresti\/?s={search_term_string}"},"query-input":{"@type":"PropertyValueSpecification","valueRequired":true,"valueName":"search_term_string"}}],"inLanguage":"pl-PL"}]}},"_links":{"self":[{"href":"https:\/\/instytutpolski.pl\/bucuresti\/wp-json\/wp\/v2\/pages\/360","targetHints":{"allow":["GET"]}}],"collection":[{"href":"https:\/\/instytutpolski.pl\/bucuresti\/wp-json\/wp\/v2\/pages"}],"about":[{"href":"https:\/\/instytutpolski.pl\/bucuresti\/wp-json\/wp\/v2\/types\/page"}],"author":[{"embeddable":true,"href":"https:\/\/instytutpolski.pl\/bucuresti\/wp-json\/wp\/v2\/users\/1"}],"replies":[{"embeddable":true,"href":"https:\/\/instytutpolski.pl\/bucuresti\/wp-json\/wp\/v2\/comments?post=360"}],"version-history":[{"count":10,"href":"https:\/\/instytutpolski.pl\/bucuresti\/wp-json\/wp\/v2\/pages\/360\/revisions"}],"predecessor-version":[{"id":14001,"href":"https:\/\/instytutpolski.pl\/bucuresti\/wp-json\/wp\/v2\/pages\/360\/revisions\/14001"}],"wp:featuredmedia":[{"embeddable":true,"href":"https:\/\/instytutpolski.pl\/bucuresti\/wp-json\/wp\/v2\/media\/2796"}],"wp:attachment":[{"href":"https:\/\/instytutpolski.pl\/bucuresti\/wp-json\/wp\/v2\/media?parent=360"}],"curies":[{"name":"wp","href":"https:\/\/api.w.org\/{rel}","templated":true}]}}